93.123.109.7 - - [28/Jul/2025:00:55:16 +0000] "GET /.git/objects/55/8b7b0a7554b8c29068872abcc89dbb84bb4014 HTTP/1.1" 200 462 "-" "Mozilla/5.0 (Windows NT 10.0; rv:78.0) Gecko/20100101 Firefox/78.0"
93.123.109.7 - - [28/Jul/2025:00:55:16 +0000] "GET /.git/objects/a6/f9d055fbb115f25da261d7de48091506001e97 HTTP/1.1" 200 2463 "-" "Mozilla/5.0 (Windows NT 10.0; rv:78.0) Gecko/20100101 Firefox/78.0"
93.123.109.7 - - [28/Jul/2025:00:55:16 +0000] "GET /.git/objects/45/e9ed7e624f828f5c738fc7c6ee51cd76bdf57c HTTP/1.1" 200 2462 "-" "Mozilla/5.0 (Windows NT 10.0; rv:78.0) Gecko/20100101 Firefox/78.0"
93.123.109.7 - - [28/Jul/2025:00:55:16 +0000] "GET /.git/objects/ef/a408d1477eaf035b37a0627a367765af10162a HTTP/1.1" 200 2462 "-" "Mozilla/5.0 (Windows NT 10.0; rv:78.0) Gecko/20100101 Firefox/78.0"
93.123.109.7 - - [28/Jul/2025:00:55:16 +0000] "GET /.git/objects/b6/b577beeab4524dba0e7fb9e11bc14d9155f1da HTTP/1.1" 200 2461 "-" "Mozilla/5.0 (Windows NT 10.0; rv:78.0) Gecko/20100101 Firefox/78.0"
93.123.109.7 - - [28/Jul/2025:00:55:16 +0000] "GET /.git/objects/f9/41b73717b95247ad3936e3d146b0dad661b6f7 HTTP/1.1" 200 2462 "-" "Mozilla/5.0 (Windows NT 10.0; rv:78.0) Gecko/20100101 Firefox/78.0"
93.123.109.7 - - [28/Jul/2025:00:55:16 +0000] "GET /.git/objects/50/5caebdbf1cda9ddaeca55485f4caa162fce265 HTTP/1.1" 200 2464 "-" "Mozilla/5.0 (Windows NT 10.0; rv:78.0) Gecko/20100101 Firefox/78.0"
93.123.109.7 - - [28/Jul/2025:00:55:16 +0000] "GET /.git/objects/8a/4951063cad9d382c87ac99e42db780684b86fd HTTP/1.1" 200 2462 "-" "Mozilla/5.0 (Windows NT 10.0; rv:78.0) Gecko/20100101 Firefox/78.0"
93.123.109.7 - - [28/Jul/2025:00:55:16 +0000] "GET /.git/objects/d6/27eb2f9c39b43817a303fb1d40958cc567ed94 HTTP/1.1" 200 2463 "-" "Mozilla/5.0 (Windows NT 10.0; rv:78.0) Gecko/20100101 Firefox/78.0"
93.123.109.7 - - [28/Jul/2025:00:55:16 +0000] "GET /.git/objects/33/9a9cb7d13c347d3e4818f22bdd50491b385dcc HTTP/1.1" 200 374 "-" "Mozilla/5.0 (Windows NT 10.0; rv:78.0) Gecko/20100101 Firefox/78.0"
93.123.109.7 - - [28/Jul/2025:00:55:16 +0000] "GET /.git/objects/74/18f4eda6b740c94055cfbb8aeb9ffc270c4eb5 HTTP/1.1" 200 2461 "-" "Mozilla/5.0 (Windows NT 10.0; rv:78.0) Gecko/20100101 Firefox/78.0"
93.123.109.7 - - [28/Jul/2025:00:55:16 +0000] "GET /.git/objects/e7/b189145eb397fdd795d55d7682f5a6ddd3056d HTTP/1.1" 200 330 "-" "Mozilla/5.0 (Windows NT 10.0; rv:78.0) Gecko/20100101 Firefox/78.0"
93.123.109.7 - - [28/Jul/2025:00:55:16 +0000] "GET /.git/objects/36/1f3166bc1becf0d5fa03f5eda9293f19d20e62 HTTP/1.1" 200 2460 "-" "Mozilla/5.0 (Windows NT 10.0; rv:78.0) Gecko/20100101 Firefox/78.0"
93.123.109.7 - - [28/Jul/2025:00:55:16 +0000] "GET /.git/objects/76/ee0b39ac3127f8d3489529b514f98e4ab09591 HTTP/1.1" 200 2462 "-" "Mozilla/5.0 (Windows NT 10.0; rv:78.0) Gecko/20100101 Firefox/78.0"
93.123.109.7 - - [28/Jul/2025:00:55:16 +0000] "GET /.git/objects/1e/04598b0365c12109e37a9091694a7fa98f5416 HTTP/1.1" 200 2463 "-" "Mozilla/5.0 (Windows NT 10.0; rv:78.0) Gecko/20100101 Firefox/78.0"
93.123.109.7 - - [28/Jul/2025:00:55:16 +0000] "GET /.git/objects/c1/7c5697fa0c16ac51923f038d156e05c84dcaf6 HTTP/1.1" 200 2463 "-" "Mozilla/5.0 (Windows NT 10.0; rv:78.0) Gecko/20100101 Firefox/78.0"
93.123.109.7 - - [28/Jul/2025:00:55:16 +0000] "GET /.git/objects/d6/7ba5a87bc7f28a5802115da29135675f89acfe HTTP/1.1" 200 2461 "-" "Mozilla/5.0 (Windows NT 10.0; rv:78.0) Gecko/20100101 Firefox/78.0"
93.123.109.7 - - [28/Jul/2025:00:55:16 +0000] "GET /.git/objects/de/85c178f8a613318882b33e6817db1da91e516a HTTP/1.1" 200 2462 "-" "Mozilla/5.0 (Windows NT 10.0; rv:78.0) Gecko/20100101 Firefox/78.0"
93.123.109.7 - - [28/Jul/2025:00:55:16 +0000] "GET /.git/objects/ef/1e0af7d5c44b58908b371a74239debbf3b2b47 HTTP/1.1" 200 2463 "-" "Mozilla/5.0 (Windows NT 10.0; rv:78.0) Gecko/20100101 Firefox/78.0"
93.123.109.7 - - [28/Jul/2025:00:55:16 +0000] "GET /.git/objects/ae/ffcc6d463cf2c03fa922fd4a9593b9c43087fa HTTP/1.1" 200 373 "-" "Mozilla/5.0 (Windows NT 10.0; rv:78.0) Gecko/20100101 Firefox/78.0"
93.123.109.7 - - [28/Jul/2025:00:55:16 +0000] "GET /.git/objects/9f/702a9267a306befa83a6932595d3c4b2325689 HTTP/1.1" 200 2463 "-" "Mozilla/5.0 (Windows NT 10.0; rv:78.0) Gecko/20100101 Firefox/78.0"
93.123.109.7 - - [28/Jul/2025:00:55:16 +0000] "GET /.git/objects/29/77d5c571f1cf7f3bc7c0ec38e285a63577e41e HTTP/1.1" 200 2463 "-" "Mozilla/5.0 (Windows NT 10.0; rv:78.0) Gecko/20100101 Firefox/78.0"
93.123.109.7 - - [28/Jul/2025:00:55:16 +0000] "GET /.git/objects/32/77c223482e946c0ca76415ff57fdb172479fa2 HTTP/1.1" 200 2461 "-" "Mozilla/5.0 (Windows NT 10.0; rv:78.0) Gecko/20100101 Firefox/78.0"
93.123.109.7 - - [28/Jul/2025:00:55:16 +0000] "GET /.git/objects/71/bf54e6c840c723134b2d4f10a99c7ca4c540d2 HTTP/1.1" 200 2461 "-" "Mozilla/5.0 (Windows NT 10.0; rv:78.0) Gecko/20100101 Firefox/78.0"
93.123.109.7 - - [28/Jul/2025:00:55:16 +0000] "GET /.git/objects/1d/80a4536fe860137b8799d10a905b4518b3b9cd HTTP/1.1" 200 2460 "-" "Mozilla/5.0 (Windows NT 10.0; rv:78.0) Gecko/20100101 Firefox/78.0"
93.123.109.7 - - [28/Jul/2025:00:55:16 +0000] "GET /.git/objects/e7/ef3dd896d1bb0ad30b1470757eeabe24a21de8 HTTP/1.1" 200 2462 "-" "Mozilla/5.0 (Windows NT 10.0; rv:78.0) Gecko/20100101 Firefox/78.0"
93.123.109.7 - - [28/Jul/2025:00:55:16 +0000] "GET /.git/objects/1b/5f6fc224fdecab1c5f07c8d1263ad6266380ee HTTP/1.1" 200 2462 "-" "Mozilla/5.0 (Windows NT 10.0; rv:78.0) Gecko/20100101 Firefox/78.0"
93.123.109.7 - - [28/Jul/2025:00:55:16 +0000] "GET /.git/objects/be/c801ad30eaa289c7b3fd6bd75adf1327022f73 HTTP/1.1" 200 2463 "-" "Mozilla/5.0 (Windows NT 10.0; rv:78.0) Gecko/20100101 Firefox/78.0"
93.123.109.7 - - [28/Jul/2025:00:55:16 +0000] "GET /.git/objects/a0/212e5b254e54dc448e9845de57fc79bd06fb3f HTTP/1.1" 200 2461 "-" "Mozilla/5.0 (Windows NT 10.0; rv:78.0) Gecko/20100101 Firefox/78.0"
93.123.109.7 - - [28/Jul/2025:00:55:16 +0000] "GET /.git/objects/93/ed69cf78bd1872b6d4ecea168214f9123e5b67 HTTP/1.1" 200 2462 "-" "Mozilla/5.0 (Windows NT 10.0; rv:78.0) Gecko/20100101 Firefox/78.0"
93.123.109.7 - - [28/Jul/2025:00:55:16 +0000] "GET /.git/objects/30/5cf61642901ae3d63a4def5398b06f4945c60e HTTP/1.1" 200 2462 "-" "Mozilla/5.0 (Windows NT 10.0; rv:78.0) Gecko/20100101 Firefox/78.0"
93.123.109.7 - - [28/Jul/2025:00:55:16 +0000] "GET /.git/objects/12/12f3dcdd640cc7ef68f4f344ae1b383bd14975 HTTP/1.1" 200 2462 "-" "Mozilla/5.0 (Windows NT 10.0; rv:78.0) Gecko/20100101 Firefox/78.0"
93.123.109.7 - - [28/Jul/2025:00:55:16 +0000] "GET /.git/objects/de/5efe99cd85b69c5420188756fa30f18f3da080 HTTP/1.1" 200 2460 "-" "Mozilla/5.0 (Windows NT 10.0; rv:78.0) Gecko/20100101 Firefox/78.0"
93.123.109.7 - - [28/Jul/2025:00:55:16 +0000] "GET /.git/objects/44/d99aa3213783734065a8992a523dcb816bb41e HTTP/1.1" 200 2463 "-" "Mozilla/5.0 (Windows NT 10.0; rv:78.0) Gecko/20100101 Firefox/78.0"
93.123.109.7 - - [28/Jul/2025:00:55:16 +0000] "GET /.git/objects/37/e50cf797fa8fac689fece376dc39ab9ac3a7ec HTTP/1.1" 200 2463 "-" "Mozilla/5.0 (Windows NT 10.0; rv:78.0) Gecko/20100101 Firefox/78.0"
93.123.109.7 - - [28/Jul/2025:00:55:16 +0000] "GET /.git/objects/0d/20d22969a08ddcde8e2164b8b5bf104639411c HTTP/1.1" 200 431 "-" "Mozilla/5.0 (Windows NT 10.0; rv:78.0) Gecko/20100101 Firefox/78.0"
93.123.109.7 - - [28/Jul/2025:00:55:16 +0000] "GET /.git/objects/0a/7c66e4aac4f78626d7ace0346e76b6c90cd497 HTTP/1.1" 200 3610 "-" "Mozilla/5.0 (Windows NT 10.0; rv:78.0) Gecko/20100101 Firefox/78.0"
93.123.109.7 - - [28/Jul/2025:00:55:16 +0000] "GET /.git/objects/b6/967f7d8c47e4fda6ed375f0beacaa871a5bbf8 HTTP/1.1" 200 1473 "-" "Mozilla/5.0 (Windows NT 10.0; rv:78.0) Gecko/20100101 Firefox/78.0"
93.123.109.7 - - [28/Jul/2025:00:55:16 +0000] "GET /.git/objects/92/06a52512d0a301b00293c548ff102795563ab3 HTTP/1.1" 200 2461 "-" "Mozilla/5.0 (Windows NT 10.0; rv:78.0) Gecko/20100101 Firefox/78.0"
93.123.109.7 - - [28/Jul/2025:00:55:16 +0000] "GET /.git/objects/1d/543408adada38a6551eeace781267b34a83954 HTTP/1.1" 200 2725 "-" "Mozilla/5.0 (Windows NT 10.0; rv:78.0) Gecko/20100101 Firefox/78.0"
93.123.109.7 - - [28/Jul/2025:00:55:16 +0000] "GET /.git/objects/ba/f27e27ac253fd4967cebc2f5e5347c1401e9d6 HTTP/1.1" 200 2668 "-" "Mozilla/5.0 (Windows NT 10.0; rv:78.0) Gecko/20100101 Firefox/78.0"
93.123.109.7 - - [28/Jul/2025:00:55:16 +0000] "GET /.git/objects/9d/96b219d1c667dd0f004a6812f94fe319abdeda HTTP/1.1" 200 3569 "-" "Mozilla/5.0 (Windows NT 10.0; rv:78.0) Gecko/20100101 Firefox/78.0"
93.123.109.7 - - [28/Jul/2025:00:55:16 +0000] "GET /.git/objects/15/51fdf21118a598e796c0993aa870c0ac243181 HTTP/1.1" 200 3062 "-" "Mozilla/5.0 (Windows NT 10.0; rv:78.0) Gecko/20100101 Firefox/78.0"
93.123.109.7 - - [28/Jul/2025:00:55:16 +0000] "GET /.git/objects/79/132780540d1a36a591a2a3f93e7508635c4e04 HTTP/1.1" 200 2815 "-" "Mozilla/5.0 (Windows NT 10.0; rv:78.0) Gecko/20100101 Firefox/78.0"
93.123.109.7 - - [28/Jul/2025:00:55:16 +0000] "GET /.git/objects/d0/662c30f5f4e70be55cfb9efaa5ed0f219bc903 HTTP/1.1" 200 2533 "-" "Mozilla/5.0 (Windows NT 10.0; rv:78.0) Gecko/20100101 Firefox/78.0"
93.123.109.7 - - [28/Jul/2025:00:55:16 +0000] "GET /.git/objects/ef/70bf87e108578d1bd1df227c096b9cb347129a HTTP/1.1" 200 2749 "-" "Mozilla/5.0 (Windows NT 10.0; rv:78.0) Gecko/20100101 Firefox/78.0"
93.123.109.7 - - [28/Jul/2025:00:55:16 +0000] "GET /.git/objects/6b/685c4a0a2a0e4b66a6d25b9e04784534f56b1c HTTP/1.1" 200 2855 "-" "Mozilla/5.0 (Windows NT 10.0; rv:78.0) Gecko/20100101 Firefox/78.0"
93.123.109.7 - - [28/Jul/2025:00:55:16 +0000] "GET /.git/objects/9d/f4ff6d1de47702ca9280b4029e918bf9318ebd HTTP/1.1" 200 28500 "-" "Mozilla/5.0 (Windows NT 10.0; rv:78.0) Gecko/20100101 Firefox/78.0"
93.123.109.7 - - [28/Jul/2025:00:55:16 +0000] "GET /.git/objects/f5/efbed3e3d6149e74860b6d71d439d96cae343a HTTP/1.1" 200 2460 "-" "Mozilla/5.0 (Windows NT 10.0; rv:78.0) Gecko/20100101 Firefox/78.0"
93.123.109.7 - - [28/Jul/2025:00:55:16 +0000] "GET /.git/objects/99/d8e09fdf991db4e969d51c9446c009283a376a HTTP/1.1" 200 2749 "-" "Mozilla/5.0 (Windows NT 10.0; rv:78.0) Gecko/20100101 Firefox/78.0"
93.123.109.7 - - [28/Jul/2025:00:55:16 +0000] "GET /.git/objects/86/b3a0727420d76ce51b177dd644a8fef24a322e HTTP/1.1" 200 3073 "-" "Mozilla/5.0 (Windows NT 10.0; rv:78.0) Gecko/20100101 Firefox/78.0"
93.123.109.7 - - [28/Jul/2025:00:55:16 +0000] "GET /.git/objects/12/9e090a89002c5f1c45f730811c4653ccad6675 HTTP/1.1" 200 2833 "-" "Mozilla/5.0 (Windows NT 10.0; rv:78.0) Gecko/20100101 Firefox/78.0"
93.123.109.7 - - [28/Jul/2025:00:55:16 +0000] "GET /.git/objects/96/c18ec246f5b7af58710ec42d8f2a928d027a56 HTTP/1.1" 200 3713 "-" "Mozilla/5.0 (Windows NT 10.0; rv:78.0) Gecko/20100101 Firefox/78.0"
93.123.109.7 - - [28/Jul/2025:00:55:16 +0000] "GET /.git/objects/3b/ccbef8339df4d8d5209e9fced807a34ad27f71 HTTP/1.1" 200 3268 "-" "Mozilla/5.0 (Windows NT 10.0; rv:78.0) Gecko/20100101 Firefox/78.0"
93.123.109.7 - - [28/Jul/2025:00:55:16 +0000] "GET /.git/objects/12/422fe3828c3bef6e9d4616d77cc4166c9fae81 HTTP/1.1" 200 3589 "-" "Mozilla/5.0 (Windows NT 10.0; rv:78.0) Gecko/20100101 Firefox/78.0"
93.123.109.7 - - [28/Jul/2025:00:55:16 +0000] "GET /.git/objects/ae/03d092c079d118da7947a902b3eb7fd0e218c5 HTTP/1.1" 200 2698 "-" "Mozilla/5.0 (Windows NT 10.0; rv:78.0) Gecko/20100101 Firefox/78.0"
93.123.109.7 - - [28/Jul/2025:00:55:16 +0000] "GET /.git/objects/f7/57808ee20638eb0cfb7d27fbf597707cca814a HTTP/1.1" 200 28496 "-" "Mozilla/5.0 (Windows NT 10.0; rv:78.0) Gecko/20100101 Firefox/78.0"
93.123.109.7 - - [28/Jul/2025:00:55:16 +0000] "GET /.git/objects/3a/6718f1c8e2f29172a85ea55683a5497f36a5b0 HTTP/1.1" 200 3718 "-" "Mozilla/5.0 (Windows NT 10.0; rv:78.0) Gecko/20100101 Firefox/78.0"
93.123.109.7 - - [28/Jul/2025:00:55:16 +0000] "GET /.git/objects/e5/9734dbf5be60799a375ae3f7d7dd807efe878c HTTP/1.1" 200 2829 "-" "Mozilla/5.0 (Windows NT 10.0; rv:78.0) Gecko/20100101 Firefox/78.0"
93.123.109.7 - - [28/Jul/2025:00:55:16 +0000] "GET /.git/objects/19/17e6da9029aef9787265ab7ed70c27f4fea695 HTTP/1.1" 200 3635 "-" "Mozilla/5.0 (Windows NT 10.0; rv:78.0) Gecko/20100101 Firefox/78.0"
93.123.109.7 - - [28/Jul/2025:00:55:16 +0000] "GET /.git/objects/44/b728a67c67a2b252a36fd22629c4f3598923e6 HTTP/1.1" 200 2731 "-" "Mozilla/5.0 (Windows NT 10.0; rv:78.0) Gecko/20100101 Firefox/78.0"
93.123.109.7 - - [28/Jul/2025:00:55:16 +0000] "GET /.git/objects/86/4474dbed39e5d939a4eda748405017e32e2712 HTTP/1.1" 200 2709 "-" "Mozilla/5.0 (Windows NT 10.0; rv:78.0) Gecko/20100101 Firefox/78.0"
93.123.109.7 - - [28/Jul/2025:00:55:16 +0000] "GET /.git/objects/9e/a2a0d6fae1c1cd06122a2e3b4dba56a396ec62 HTTP/1.1" 200 3330 "-" "Mozilla/5.0 (Windows NT 10.0; rv:78.0) Gecko/20100101 Firefox/78.0"
93.123.109.7 - - [28/Jul/2025:00:55:16 +0000] "GET /.git/objects/3b/b66a93349d330816b3684284e1e95b04fc9598 HTTP/1.1" 200 3210 "-" "Mozilla/5.0 (Windows NT 10.0; rv:78.0) Gecko/20100101 Firefox/78.0"
93.123.109.7 - - [28/Jul/2025:00:55:17 +0000] "GET /.git/objects/18/9c9b942c111f47091fa779b32316f79ad84259 HTTP/1.1" 200 3231 "-" "Mozilla/5.0 (Windows NT 10.0; rv:78.0) Gecko/20100101 Firefox/78.0"
93.123.109.7 - - [28/Jul/2025:00:55:17 +0000] "GET /.git/objects/a2/c64f824a6dd47d126179a6641fc5251f18382f HTTP/1.1" 200 2814 "-" "Mozilla/5.0 (Windows NT 10.0; rv:78.0) Gecko/20100101 Firefox/78.0"
93.123.109.7 - - [28/Jul/2025:00:55:17 +0000] "GET /.git/objects/36/52ad6a2ca0af88abe8f0159cb026f465b136a7 HTTP/1.1" 200 3537 "-" "Mozilla/5.0 (Windows NT 10.0; rv:78.0) Gecko/20100101 Firefox/78.0"
93.123.109.7 - - [28/Jul/2025:00:55:17 +0000] "GET /.git/objects/df/992d74abb023d7595f369286286a6e83bae690 HTTP/1.1" 200 2856 "-" "Mozilla/5.0 (Windows NT 10.0; rv:78.0) Gecko/20100101 Firefox/78.0"
93.123.109.7 - - [28/Jul/2025:00:55:17 +0000] "GET /.git/objects/7a/de41fed37af036e5ba5f6362baebbf02417e94 HTTP/1.1" 200 3569 "-" "Mozilla/5.0 (Windows NT 10.0; rv:78.0) Gecko/20100101 Firefox/78.0"
93.123.109.7 - - [28/Jul/2025:00:55:17 +0000] "GET /.git/objects/97/de9d3cc47b6159c3729966722d242a0c3f7419 HTTP/1.1" 200 3672 "-" "Mozilla/5.0 (Windows NT 10.0; rv:78.0) Gecko/20100101 Firefox/78.0"
93.123.109.7 - - [28/Jul/2025:00:55:17 +0000] "GET /.git/objects/3b/25b0f1d3c85ed9520df2ed90aa269dbfa90f67 HTTP/1.1" 200 2833 "-" "Mozilla/5.0 (Windows NT 10.0; rv:78.0) Gecko/20100101 Firefox/78.0"
93.123.109.7 - - [28/Jul/2025:00:55:17 +0000] "GET /.git/objects/8e/c017719e7527a7d0130aea2199315ec876f9ff HTTP/1.1" 200 386 "-" "Mozilla/5.0 (Windows NT 10.0; rv:78.0) Gecko/20100101 Firefox/78.0"
93.123.109.7 - - [28/Jul/2025:00:55:17 +0000] "GET /.git/objects/22/6f743872701f3cde770682cd20569f3284a669 HTTP/1.1" 200 3246 "-" "Mozilla/5.0 (Windows NT 10.0; rv:78.0) Gecko/20100101 Firefox/78.0"
93.123.109.7 - - [28/Jul/2025:00:55:17 +0000] "GET /.git/objects/7f/b2a7a5b00806aa1d8dd4b0d4c0b8a62a538c50 HTTP/1.1" 200 715 "-" "Mozilla/5.0 (Windows NT 10.0; rv:78.0) Gecko/20100101 Firefox/78.0"
207.46.13.6 - - [28/Jul/2025:00:55:17 +0000] "GET /shopdetail/10131846/ HTTP/2.0" 301 364 "-" "Mozilla/5.0 AppleWebKit/537.36 (KHTML, like Gecko; compatible; bingbot/2.0; +http://www.bing.com/bingbot.htm) Chrome/116.0.1938.76 Safari/537.36"
93.123.109.7 - - [28/Jul/2025:00:55:17 +0000] "GET /.git/objects/74/3ff373d21a29a776e51caba960b53eee25a2f1 HTTP/1.1" 200 2084 "-" "Mozilla/5.0 (Windows NT 10.0; rv:78.0) Gecko/20100101 Firefox/78.0"
93.123.109.7 - - [28/Jul/2025:00:55:17 +0000] "GET /.git/objects/4b/675d818a480af5227c89c31d4bb042728c098e HTTP/1.1" 200 1356 "-" "Mozilla/5.0 (Windows NT 10.0; rv:78.0) Gecko/20100101 Firefox/78.0"
93.123.109.7 - - [28/Jul/2025:00:55:17 +0000] "GET /.git/objects/5f/aa06e471d9fd7769426ede3092c435ec29c876 HTTP/1.1" 200 714 "-" "Mozilla/5.0 (Windows NT 10.0; rv:78.0) Gecko/20100101 Firefox/78.0"
207.46.13.6 - - [28/Jul/2025:00:55:18 +0000] "GET /shopdetail/10131846 HTTP/2.0" 200 17916 "-" "Mozilla/5.0 AppleWebKit/537.36 (KHTML, like Gecko; compatible; bingbot/2.0; +http://www.bing.com/bingbot.htm) Chrome/116.0.1938.76 Safari/537.36"
52.167.144.21 - - [28/Jul/2025:00:56:40 +0000] "GET /shopdetail/26228080/ HTTP/2.0" 301 364 "-" "Mozilla/5.0 AppleWebKit/537.36 (KHTML, like Gecko; compatible; bingbot/2.0; +http://www.bing.com/bingbot.htm) Chrome/116.0.1938.76 Safari/537.36"
52.167.144.21 - - [28/Jul/2025:00:56:41 +0000] "GET /shopdetail/26228080 HTTP/2.0" 200 17740 "-" "Mozilla/5.0 AppleWebKit/537.36 (KHTML, like Gecko; compatible; bingbot/2.0; +http://www.bing.com/bingbot.htm) Chrome/116.0.1938.76 Safari/537.36"
207.46.13.6 - - [28/Jul/2025:00:57:19 +0000] "GET /download/central-health-solution HTTP/2.0" 200 18529 "-" "Mozilla/5.0 AppleWebKit/537.36 (KHTML, like Gecko; compatible; bingbot/2.0; +http://www.bing.com/bingbot.htm) Chrome/116.0.1938.76 Safari/537.36"
207.46.13.6 - - [28/Jul/2025:00:57:38 +0000] "GET /shopdetail/15490535/ HTTP/2.0" 301 364 "-" "Mozilla/5.0 AppleWebKit/537.36 (KHTML, like Gecko; compatible; bingbot/2.0; +http://www.bing.com/bingbot.htm) Chrome/116.0.1938.76 Safari/537.36"
207.46.13.6 - - [28/Jul/2025:00:57:38 +0000] "GET /shopdetail/15490535 HTTP/2.0" 200 18695 "-" "Mozilla/5.0 AppleWebKit/537.36 (KHTML, like Gecko; compatible; bingbot/2.0; +http://www.bing.com/bingbot.htm) Chrome/116.0.1938.76 Safari/537.36"
207.46.13.6 - - [28/Jul/2025:00:57:40 +0000] "GET /product/edit/22422985 HTTP/2.0" 200 18417 "-" "Mozilla/5.0 AppleWebKit/537.36 (KHTML, like Gecko; compatible; bingbot/2.0; +http://www.bing.com/bingbot.htm) Chrome/116.0.1938.76 Safari/537.36"
52.167.144.209 - - [28/Jul/2025:00:57:55 +0000] "GET /shopdetail/7396368/ HTTP/2.0" 301 363 "-" "Mozilla/5.0 AppleWebKit/537.36 (KHTML, like Gecko; compatible; bingbot/2.0; +http://www.bing.com/bingbot.htm) Chrome/116.0.1938.76 Safari/537.36"
52.167.144.209 - - [28/Jul/2025:00:57:57 +0000] "GET /shopdetail/7396368 HTTP/2.0" 200 18069 "-" "Mozilla/5.0 AppleWebKit/537.36 (KHTML, like Gecko; compatible; bingbot/2.0; +http://www.bing.com/bingbot.htm) Chrome/116.0.1938.76 Safari/537.36"
207.46.13.6 - - [28/Jul/2025:00:58:38 +0000] "GET /product/edit/62376429 HTTP/2.0" 200 17732 "-" "Mozilla/5.0 AppleWebKit/537.36 (KHTML, like Gecko; compatible; bingbot/2.0; +http://www.bing.com/bingbot.htm) Chrome/116.0.1938.76 Safari/537.36"
52.167.144.21 - - [28/Jul/2025:00:58:41 +0000] "GET /product/edit/31138902 HTTP/2.0" 200 18814 "-" "Mozilla/5.0 AppleWebKit/537.36 (KHTML, like Gecko; compatible; bingbot/2.0; +http://www.bing.com/bingbot.htm) Chrome/116.0.1938.76 Safari/537.36"
52.167.144.21 - - [28/Jul/2025:00:58:42 +0000] "GET /shopdetail/11007768/ HTTP/2.0" 301 358 "-" "Mozilla/5.0 AppleWebKit/537.36 (KHTML, like Gecko; compatible; bingbot/2.0; +http://www.bing.com/bingbot.htm) Chrome/116.0.1938.76 Safari/537.36"
52.167.144.21 - - [28/Jul/2025:00:58:44 +0000] "GET /shopdetail/11007768 HTTP/2.0" 200 17888 "-" "Mozilla/5.0 AppleWebKit/537.36 (KHTML, like Gecko; compatible; bingbot/2.0; +http://www.bing.com/bingbot.htm) Chrome/116.0.1938.76 Safari/537.36"
27.96.85.63 - - [28/Jul/2025:01:00:35 +0000] "GET / HTTP/1.1" 200 141087 "-" "Mozilla/5.0 (Windows NT 6.1; WOW64) AppleWebKit/537.36 (KHTML, like Gecko) Chrome/52.0.2743.116 Safari/537.36"
207.46.13.6 - - [28/Jul/2025:01:00:38 +0000] "GET /product/edit/40471714 HTTP/2.0" 200 18001 "-" "Mozilla/5.0 AppleWebKit/537.36 (KHTML, like Gecko; compatible; bingbot/2.0; +http://www.bing.com/bingbot.htm) Chrome/116.0.1938.76 Safari/537.36"
40.77.167.36 - - [28/Jul/2025:01:01:06 +0000] "GET /product/edit/40998850 HTTP/2.0" 200 18092 "-" "Mozilla/5.0 AppleWebKit/537.36 (KHTML, like Gecko; compatible; bingbot/2.0; +http://www.bing.com/bingbot.htm) Chrome/116.0.1938.76 Safari/537.36"
207.46.13.6 - - [28/Jul/2025:01:01:10 +0000] "GET /shopdetail/10960091/ HTTP/2.0" 301 364 "-" "Mozilla/5.0 AppleWebKit/537.36 (KHTML, like Gecko; compatible; bingbot/2.0; +http://www.bing.com/bingbot.htm) Chrome/116.0.1938.76 Safari/537.36"
207.46.13.6 - - [28/Jul/2025:01:01:10 +0000] "GET /shopdetail/10960091 HTTP/2.0" 200 18251 "-" "Mozilla/5.0 AppleWebKit/537.36 (KHTML, like Gecko; compatible; bingbot/2.0; +http://www.bing.com/bingbot.htm) Chrome/116.0.1938.76 Safari/537.36"
52.167.144.21 - - [28/Jul/2025:01:01:14 +0000] "GET /product/edit/53402128 HTTP/2.0" 200 18139 "-" "Mozilla/5.0 AppleWebKit/537.36 (KHTML, like Gecko; compatible; bingbot/2.0; +http://www.bing.com/bingbot.htm) Chrome/116.0.1938.76 Safari/537.36"
40.77.167.36 - - [28/Jul/2025:01:03:05 +0000] "GET /product/edit/32687775 HTTP/2.0" 200 18160 "-" "Mozilla/5.0 AppleWebKit/537.36 (KHTML, like Gecko; compatible; bingbot/2.0; +http://www.bing.com/bingbot.htm) Chrome/116.0.1938.76 Safari/537.36"
52.167.144.21 - - [28/Jul/2025:01:03:52 +0000] "GET /shopdetail/9129702/ HTTP/2.0" 301 363 "-" "Mozilla/5.0 AppleWebKit/537.36 (KHTML, like Gecko; compatible; bingbot/2.0; +http://www.bing.com/bingbot.htm) Chrome/116.0.1938.76 Safari/537.36"
52.167.144.21 - - [28/Jul/2025:01:03:52 +0000] "GET /shopdetail/9129702 HTTP/2.0" 200 18817 "-" "Mozilla/5.0 AppleWebKit/537.36 (KHTML, like Gecko; compatible; bingbot/2.0; +http://www.bing.com/bingbot.htm) Chrome/116.0.1938.76 Safari/537.36"
3.101.68.9 - - [28/Jul/2025:01:07:46 +0000] "GET /shopdetail/6152991 HTTP/1.1" 200 21535 "-" "Mozilla/5.0 (Windows NT 10.0; Win64; x64) AppleWebKit/537.36 (KHTML, like Gecko) Chrome/116.0.5845.96 Safari/537.36 Googlebot/2.1"
40.77.167.36 - - [28/Jul/2025:01:08:16 +0000] "GET /shopdetail/7211313/ HTTP/2.0" 301 363 "-" "Mozilla/5.0 AppleWebKit/537.36 (KHTML, like Gecko; compatible; bingbot/2.0; +http://www.bing.com/bingbot.htm) Chrome/116.0.1938.76 Safari/537.36"
40.77.167.36 - - [28/Jul/2025:01:08:16 +0000] "GET /shopdetail/7211313 HTTP/2.0" 200 19048 "-" "Mozilla/5.0 AppleWebKit/537.36 (KHTML, like Gecko; compatible; bingbot/2.0; +http://www.bing.com/bingbot.htm) Chrome/116.0.1938.76 Safari/537.36"
40.77.167.36 - - [28/Jul/2025:01:08:18 +0000] "GET /shopdetail/21902824/ HTTP/2.0" 301 333 "-" "Mozilla/5.0 AppleWebKit/537.36 (KHTML, like Gecko; compatible; bingbot/2.0; +http://www.bing.com/bingbot.htm) Chrome/116.0.1938.76 Safari/537.36"
40.77.167.36 - - [28/Jul/2025:01:08:19 +0000] "GET /shopdetail/21902824 HTTP/2.0" 200 18245 "-" "Mozilla/5.0 AppleWebKit/537.36 (KHTML, like Gecko; compatible; bingbot/2.0; +http://www.bing.com/bingbot.htm) Chrome/116.0.1938.76 Safari/537.36"
52.167.144.168 - - [28/Jul/2025:01:08:23 +0000] "GET /shopdetail/8362802/ HTTP/2.0" 301 363 "-" "Mozilla/5.0 AppleWebKit/537.36 (KHTML, like Gecko; compatible; bingbot/2.0; +http://www.bing.com/bingbot.htm) Chrome/116.0.1938.76 Safari/537.36"
52.167.144.168 - - [28/Jul/2025:01:08:25 +0000] "GET /shopdetail/8362802 HTTP/2.0" 200 18030 "-" "Mozilla/5.0 AppleWebKit/537.36 (KHTML, like Gecko; compatible; bingbot/2.0; +http://www.bing.com/bingbot.htm) Chrome/116.0.1938.76 Safari/537.36"
207.46.13.124 - - [28/Jul/2025:01:08:29 +0000] "GET /shopdetail/7874702/ HTTP/2.0" 301 363 "-" "Mozilla/5.0 AppleWebKit/537.36 (KHTML, like Gecko; compatible; bingbot/2.0; +http://www.bing.com/bingbot.htm) Chrome/116.0.1938.76 Safari/537.36"
207.46.13.124 - - [28/Jul/2025:01:08:30 +0000] "GET /shopdetail/7874702 HTTP/2.0" 200 18220 "-" "Mozilla/5.0 AppleWebKit/537.36 (KHTML, like Gecko; compatible; bingbot/2.0; +http://www.bing.com/bingbot.htm) Chrome/116.0.1938.76 Safari/537.36"
52.167.144.168 - - [28/Jul/2025:01:08:42 +0000] "GET /product/edit/31910556 HTTP/2.0" 200 18533 "-" "Mozilla/5.0 AppleWebKit/537.36 (KHTML, like Gecko; compatible; bingbot/2.0; +http://www.bing.com/bingbot.htm) Chrome/116.0.1938.76 Safari/537.36"
52.167.144.168 - - [28/Jul/2025:01:08:43 +0000] "GET /shopdetail/7081168/ HTTP/2.0" 301 357 "-" "Mozilla/5.0 AppleWebKit/537.36 (KHTML, like Gecko; compatible; bingbot/2.0; +http://www.bing.com/bingbot.htm) Chrome/116.0.1938.76 Safari/537.36"
52.167.144.168 - - [28/Jul/2025:01:08:44 +0000] "GET /shopdetail/7081168 HTTP/2.0" 200 18106 "-" "Mozilla/5.0 AppleWebKit/537.36 (KHTML, like Gecko; compatible; bingbot/2.0; +http://www.bing.com/bingbot.htm) Chrome/116.0.1938.76 Safari/537.36"
207.46.13.124 - - [28/Jul/2025:01:11:08 +0000] "GET /shopdetail/7301668/ HTTP/2.0" 301 363 "-" "Mozilla/5.0 AppleWebKit/537.36 (KHTML, like Gecko; compatible; bingbot/2.0; +http://www.bing.com/bingbot.htm) Chrome/116.0.1938.76 Safari/537.36"
207.46.13.124 - - [28/Jul/2025:01:11:10 +0000] "GET /shopdetail/7301668 HTTP/2.0" 200 18353 "-" "Mozilla/5.0 AppleWebKit/537.36 (KHTML, like Gecko; compatible; bingbot/2.0; +http://www.bing.com/bingbot.htm) Chrome/116.0.1938.76 Safari/537.36"
157.55.39.51 - - [28/Jul/2025:01:13:19 +0000] "GET /shopdetail/23156046/ HTTP/2.0" 301 364 "-" "Mozilla/5.0 AppleWebKit/537.36 (KHTML, like Gecko; compatible; bingbot/2.0; +http://www.bing.com/bingbot.htm) Chrome/116.0.1938.76 Safari/537.36"
157.55.39.51 - - [28/Jul/2025:01:13:21 +0000] "GET /shopdetail/23156046 HTTP/2.0" 200 18401 "-" "Mozilla/5.0 AppleWebKit/537.36 (KHTML, like Gecko; compatible; bingbot/2.0; +http://www.bing.com/bingbot.htm) Chrome/116.0.1938.76 Safari/537.36"
66.249.64.228 - - [28/Jul/2025:01:19:21 +0000] "GET /robots.txt HTTP/1.1" 404 3711 "-" "Mozilla/5.0 (compatible; Googlebot/2.1; +http://www.google.com/bot.html)"
66.249.64.228 - - [28/Jul/2025:01:19:22 +0000] "GET /shopdetail/3242335 HTTP/1.1" 200 18494 "-" "Mozilla/5.0 (Linux; Android 6.0.1; Nexus 5X Build/MMB29P) AppleWebKit/537.36 (KHTML, like Gecko) Chrome/137.0.7151.103 Mobile Safari/537.36 (compatible; Googlebot/2.1; +http://www.google.com/bot.html)"
66.249.64.228 - - [28/Jul/2025:01:19:23 +0000] "GET /shopdetail/15255235 HTTP/1.1" 200 18988 "-" "Mozilla/5.0 (Linux; Android 6.0.1; Nexus 5X Build/MMB29P) AppleWebKit/537.36 (KHTML, like Gecko) Chrome/137.0.7151.103 Mobile Safari/537.36 (compatible; Googlebot/2.1; +http://www.google.com/bot.html)"
66.249.64.228 - - [28/Jul/2025:01:19:25 +0000] "GET /shopdetail/2087457 HTTP/1.1" 200 19007 "-" "Mozilla/5.0 (Linux; Android 6.0.1; Nexus 5X Build/MMB29P) AppleWebKit/537.36 (KHTML, like Gecko) Chrome/137.0.7151.103 Mobile Safari/537.36 (compatible; Googlebot/2.1; +http://www.google.com/bot.html)"
66.249.64.229 - - [28/Jul/2025:01:19:27 +0000] "GET /shopdetail/1791602 HTTP/1.1" 200 22161 "-" "Mozilla/5.0 (Linux; Android 6.0.1; Nexus 5X Build/MMB29P) AppleWebKit/537.36 (KHTML, like Gecko) Chrome/137.0.7151.103 Mobile Safari/537.36 (compatible; Googlebot/2.1; +http://www.google.com/bot.html)"
66.249.64.228 - - [28/Jul/2025:01:19:29 +0000] "GET /shopdetail/14591280 HTTP/1.1" 200 18144 "-" "Mozilla/5.0 (Linux; Android 6.0.1; Nexus 5X Build/MMB29P) AppleWebKit/537.36 (KHTML, like Gecko) Chrome/137.0.7151.103 Mobile Safari/537.36 (compatible; Googlebot/2.1; +http://www.google.com/bot.html)"
66.249.64.228 - - [28/Jul/2025:01:19:30 +0000] "GET /shopdetail/30606868 HTTP/1.1" 200 18673 "-" "Mozilla/5.0 (Linux; Android 6.0.1; Nexus 5X Build/MMB29P) AppleWebKit/537.36 (KHTML, like Gecko) Chrome/137.0.7151.103 Mobile Safari/537.36 (compatible; Googlebot/2.1; +http://www.google.com/bot.html)"
104.210.140.140 - - [28/Jul/2025:01:19:32 +0000] "GET /robots.txt HTTP/2.0" 404 278 "-" "Mozilla/5.0 (Macintosh; Intel Mac OS X 10_15_7) AppleWebKit/537.36 (KHTML, like Gecko) Chrome/131.0.0.0 Safari/537.36; compatible; OAI-SearchBot/1.0; +https://openai.com/searchbot"
66.249.64.228 - - [28/Jul/2025:01:19:32 +0000] "GET /product/edit/27530272 HTTP/1.1" 200 18968 "-" "Mozilla/5.0 (Linux; Android 6.0.1; Nexus 5X Build/MMB29P) AppleWebKit/537.36 (KHTML, like Gecko) Chrome/137.0.7151.103 Mobile Safari/537.36 (compatible; Googlebot/2.1; +http://www.google.com/bot.html)"
104.210.140.133 - - [28/Jul/2025:01:19:33 +0000] "GET /robots.txt HTTP/1.1" 404 341 "-" "Mozilla/5.0 (Macintosh; Intel Mac OS X 10_15_7) AppleWebKit/537.36 (KHTML, like Gecko) Chrome/131.0.0.0 Safari/537.36; compatible; OAI-SearchBot/1.0; +https://openai.com/searchbot"
66.249.64.228 - - [28/Jul/2025:01:19:34 +0000] "GET /shopdetail/26763135 HTTP/1.1" 200 18596 "-" "Mozilla/5.0 (Linux; Android 6.0.1; Nexus 5X Build/MMB29P) AppleWebKit/537.36 (KHTML, like Gecko) Chrome/137.0.7151.103 Mobile Safari/537.36 (compatible; Googlebot/2.1; +http://www.google.com/bot.html)"
66.249.64.228 - - [28/Jul/2025:01:19:35 +0000] "GET /shopdetail/794657 HTTP/1.1" 200 18088 "-" "Mozilla/5.0 (Linux; Android 6.0.1; Nexus 5X Build/MMB29P) AppleWebKit/537.36 (KHTML, like Gecko) Chrome/137.0.7151.103 Mobile Safari/537.36 (compatible; Googlebot/2.1; +http://www.google.com/bot.html)"
157.55.39.51 - - [28/Jul/2025:01:19:49 +0000] "GET /product/edit/45705349 HTTP/2.0" 200 18458 "-" "Mozilla/5.0 AppleWebKit/537.36 (KHTML, like Gecko; compatible; bingbot/2.0; +http://www.bing.com/bingbot.htm) Chrome/116.0.1938.76 Safari/537.36"
52.167.144.179 - - [28/Jul/2025:01:19:56 +0000] "GET /product/edit/58132976 HTTP/2.0" 200 18384 "-" "Mozilla/5.0 AppleWebKit/537.36 (KHTML, like Gecko; compatible; bingbot/2.0; +http://www.bing.com/bingbot.htm) Chrome/116.0.1938.76 Safari/537.36"
66.249.64.229 - - [28/Jul/2025:01:20:52 +0000] "POST /get-message-notify HTTP/1.1" 200 21779 "https://www.bizcards.co.in/shopdetail/1791602" "Mozilla/5.0 (Linux; Android 6.0.1; Nexus 5X Build/MMB29P) AppleWebKit/537.36 (KHTML, like Gecko) Chrome/137.0.7151.119 Mobile Safari/537.36 (compatible; Googlebot/2.1; +http://www.google.com/bot.html)"
66.249.64.228 - - [28/Jul/2025:01:21:27 +0000] "GET /zhHant/product/surugaya/88849344?campaign_uid=f64d716db5e979ed2f947dbaf4296895b951ae7f HTTP/1.1" 200 21864 "-" "Mozilla/5.0 (Linux; Android 6.0.1; Nexus 5X Build/MMB29P) AppleWebKit/537.36 (KHTML, like Gecko) Chrome/137.0.7151.103 Mobile Safari/537.36 (compatible; Googlebot/2.1; +http://www.google.com/bot.html)"
66.249.64.229 - - [28/Jul/2025:01:21:31 +0000] "POST /get-message-notify HTTP/1.1" 200 21779 "https://www.bizcards.co.in/zhHant/product/surugaya/88849344?campaign_uid=f64d716db5e979ed2f947dbaf4296895b951ae7f" "Mozilla/5.0 (Linux; Android 6.0.1; Nexus 5X Build/MMB29P) AppleWebKit/537.36 (KHTML, like Gecko) Chrome/137.0.7151.119 Mobile Safari/537.36 (compatible; Googlebot/2.1; +http://www.google.com/bot.html)"
52.167.144.179 - - [28/Jul/2025:01:22:07 +0000] "GET /shopdetail/5748535/ HTTP/2.0" 301 363 "-" "Mozilla/5.0 AppleWebKit/537.36 (KHTML, like Gecko; compatible; bingbot/2.0; +http://www.bing.com/bingbot.htm) Chrome/116.0.1938.76 Safari/537.36"
52.167.144.179 - - [28/Jul/2025:01:22:08 +0000] "GET /shopdetail/5748535 HTTP/2.0" 200 17846 "-" "Mozilla/5.0 AppleWebKit/537.36 (KHTML, like Gecko; compatible; bingbot/2.0; +http://www.bing.com/bingbot.htm) Chrome/116.0.1938.76 Safari/537.36"
40.77.167.74 - - [28/Jul/2025:01:24:57 +0000] "GET /shopdetail/19082491/ HTTP/2.0" 301 364 "-" "Mozilla/5.0 AppleWebKit/537.36 (KHTML, like Gecko; compatible; bingbot/2.0; +http://www.bing.com/bingbot.htm) Chrome/116.0.1938.76 Safari/537.36"
40.77.167.74 - - [28/Jul/2025:01:24:58 +0000] "GET /shopdetail/19082491 HTTP/2.0" 200 17897 "-" "Mozilla/5.0 AppleWebKit/537.36 (KHTML, like Gecko; compatible; bingbot/2.0; +http://www.bing.com/bingbot.htm) Chrome/116.0.1938.76 Safari/537.36"
52.167.144.225 - - [28/Jul/2025:01:25:17 +0000] "GET /shopdetail/13448802/ HTTP/2.0" 301 364 "-" "Mozilla/5.0 AppleWebKit/537.36 (KHTML, like Gecko; compatible; bingbot/2.0; +http://www.bing.com/bingbot.htm) Chrome/116.0.1938.76 Safari/537.36"
52.167.144.225 - - [28/Jul/2025:01:25:18 +0000] "GET /shopdetail/13448802 HTTP/2.0" 200 17844 "-" "Mozilla/5.0 AppleWebKit/537.36 (KHTML, like Gecko; compatible; bingbot/2.0; +http://www.bing.com/bingbot.htm) Chrome/116.0.1938.76 Safari/537.36"
52.167.144.225 - - [28/Jul/2025:01:25:20 +0000] "GET /shopdetail/26462113/ HTTP/2.0" 301 333 "-" "Mozilla/5.0 AppleWebKit/537.36 (KHTML, like Gecko; compatible; bingbot/2.0; +http://www.bing.com/bingbot.htm) Chrome/116.0.1938.76 Safari/537.36"
52.167.144.225 - - [28/Jul/2025:01:25:21 +0000] "GET /shopdetail/26462113 HTTP/2.0" 200 17988 "-" "Mozilla/5.0 AppleWebKit/537.36 (KHTML, like Gecko; compatible; bingbot/2.0; +http://www.bing.com/bingbot.htm) Chrome/116.0.1938.76 Safari/537.36"
52.167.144.235 - - [28/Jul/2025:01:27:37 +0000] "GET /product/edit/62318823 HTTP/2.0" 200 17825 "-" "Mozilla/5.0 AppleWebKit/537.36 (KHTML, like Gecko; compatible; bingbot/2.0; +http://www.bing.com/bingbot.htm) Chrome/116.0.1938.76 Safari/537.36"
207.46.13.141 - - [28/Jul/2025:01:27:41 +0000] "GET /shopdetail/14593624/ HTTP/2.0" 301 364 "-" "Mozilla/5.0 AppleWebKit/537.36 (KHTML, like Gecko; compatible; bingbot/2.0; +http://www.bing.com/bingbot.htm) Chrome/116.0.1938.76 Safari/537.36"
207.46.13.141 - - [28/Jul/2025:01:27:42 +0000] "GET /shopdetail/14593624 HTTP/2.0" 200 19282 "-" "Mozilla/5.0 AppleWebKit/537.36 (KHTML, like Gecko; compatible; bingbot/2.0; +http://www.bing.com/bingbot.htm) Chrome/116.0.1938.76 Safari/537.36"
207.46.13.141 - - [28/Jul/2025:01:27:46 +0000] "GET /product/edit/61435134 HTTP/2.0" 200 18501 "-" "Mozilla/5.0 AppleWebKit/537.36 (KHTML, like Gecko; compatible; bingbot/2.0; +http://www.bing.com/bingbot.htm) Chrome/116.0.1938.76 Safari/537.36"
66.249.64.230 - - [28/Jul/2025:01:28:31 +0000] "GET /shopdetail/13454846/ HTTP/1.1" 301 3835 "-" "Mozilla/5.0 (Linux; Android 6.0.1; Nexus 5X Build/MMB29P) AppleWebKit/537.36 (KHTML, like Gecko) Chrome/137.0.7151.103 Mobile Safari/537.36 (compatible; Googlebot/2.1; +http://www.google.com/bot.html)"
66.249.64.229 - - [28/Jul/2025:01:28:32 +0000] "GET /shopdetail/13454846 HTTP/1.1" 200 21858 "-" "Mozilla/5.0 (Linux; Android 6.0.1; Nexus 5X Build/MMB29P) AppleWebKit/537.36 (KHTML, like Gecko) Chrome/137.0.7151.103 Mobile Safari/537.36 (compatible; Googlebot/2.1; +http://www.google.com/bot.html)"
66.249.64.228 - - [28/Jul/2025:01:28:51 +0000] "POST /get-message-notify HTTP/1.1" 200 21779 "https://www.bizcards.co.in/shopdetail/13454846" "Mozilla/5.0 (Linux; Android 6.0.1; Nexus 5X Build/MMB29P) AppleWebKit/537.36 (KHTML, like Gecko) Chrome/137.0.7151.119 Mobile Safari/537.36 (compatible; Googlebot/2.1; +http://www.google.com/bot.html)"
52.167.144.235 - - [28/Jul/2025:01:29:07 +0000] "GET /product/edit/51976773 HTTP/2.0" 200 18471 "-" "Mozilla/5.0 AppleWebKit/537.36 (KHTML, like Gecko; compatible; bingbot/2.0; +http://www.bing.com/bingbot.htm) Chrome/116.0.1938.76 Safari/537.36"
66.249.64.230 - - [28/Jul/2025:01:29:13 +0000] "GET /zhHant/product/surugaya/19639478?campaign_uid=f64d716db5e979ed2f947dbaf4296895b951ae7f HTTP/1.1" 200 23136 "-" "Mozilla/5.0 (Linux; Android 6.0.1; Nexus 5X Build/MMB29P) AppleWebKit/537.36 (KHTML, like Gecko) Chrome/137.0.7151.103 Mobile Safari/537.36 (compatible; Googlebot/2.1; +http://www.google.com/bot.html)"
52.167.144.225 - - [28/Jul/2025:01:30:47 +0000] "GET /product/edit/81038514 HTTP/2.0" 200 18956 "-" "Mozilla/5.0 AppleWebKit/537.36 (KHTML, like Gecko; compatible; bingbot/2.0; +http://www.bing.com/bingbot.htm) Chrome/116.0.1938.76 Safari/537.36"
52.167.144.225 - - [28/Jul/2025:01:30:49 +0000] "GET /shopdetail/11632913/ HTTP/2.0" 301 358 "-" "Mozilla/5.0 AppleWebKit/537.36 (KHTML, like Gecko; compatible; bingbot/2.0; +http://www.bing.com/bingbot.htm) Chrome/116.0.1938.76 Safari/537.36"
52.167.144.225 - - [28/Jul/2025:01:30:50 +0000] "GET /shopdetail/11632913 HTTP/2.0" 200 17834 "-" "Mozilla/5.0 AppleWebKit/537.36 (KHTML, like Gecko; compatible; bingbot/2.0; +http://www.bing.com/bingbot.htm) Chrome/116.0.1938.76 Safari/537.36"
52.167.144.235 - - [28/Jul/2025:01:30:57 +0000] "GET /shopdetail/8028435/ HTTP/2.0" 301 363 "-" "Mozilla/5.0 AppleWebKit/537.36 (KHTML, like Gecko; compatible; bingbot/2.0; +http://www.bing.com/bingbot.htm) Chrome/116.0.1938.76 Safari/537.36"
52.167.144.235 - - [28/Jul/2025:01:30:57 +0000] "GET /shopdetail/8028435 HTTP/2.0" 200 18147 "-" "Mozilla/5.0 AppleWebKit/537.36 (KHTML, like Gecko; compatible; bingbot/2.0; +http://www.bing.com/bingbot.htm) Chrome/116.0.1938.76 Safari/537.36"
207.46.13.141 - - [28/Jul/2025:01:31:21 +0000] "GET /shopdetail/2689524/ HTTP/2.0" 301 363 "-" "Mozilla/5.0 AppleWebKit/537.36 (KHTML, like Gecko; compatible; bingbot/2.0; +http://www.bing.com/bingbot.htm) Chrome/116.0.1938.76 Safari/537.36"
207.46.13.141 - - [28/Jul/2025:01:31:22 +0000] "GET /shopdetail/2689524 HTTP/2.0" 200 18263 "-" "Mozilla/5.0 AppleWebKit/537.36 (KHTML, like Gecko; compatible; bingbot/2.0; +http://www.bing.com/bingbot.htm) Chrome/116.0.1938.76 Safari/537.36"
52.167.144.225 - - [28/Jul/2025:01:33:38 +0000] "GET /product/edit/26922678 HTTP/2.0" 200 17777 "-" "Mozilla/5.0 AppleWebKit/537.36 (KHTML, like Gecko; compatible; bingbot/2.0; +http://www.bing.com/bingbot.htm) Chrome/116.0.1938.76 Safari/537.36"
52.167.144.235 - - [28/Jul/2025:01:34:08 +0000] "GET /pcmypage?callback=product/review/33589439 HTTP/2.0" 200 18466 "-" "Mozilla/5.0 AppleWebKit/537.36 (KHTML, like Gecko; compatible; bingbot/2.0; +http://www.bing.com/bingbot.htm) Chrome/116.0.1938.76 Safari/537.36"
52.167.144.235 - - [28/Jul/2025:01:34:28 +0000] "GET /pcmypage?callback=product/review/34697004 HTTP/2.0" 200 17887 "-" "Mozilla/5.0 AppleWebKit/537.36 (KHTML, like Gecko; compatible; bingbot/2.0; +http://www.bing.com/bingbot.htm) Chrome/116.0.1938.76 Safari/537.36"
207.46.13.141 - - [28/Jul/2025:01:34:51 +0000] "GET /pcmypage?callback=product/review/90212952 HTTP/2.0" 200 17975 "-" "Mozilla/5.0 AppleWebKit/537.36 (KHTML, like Gecko; compatible; bingbot/2.0; +http://www.bing.com/bingbot.htm) Chrome/116.0.1938.76 Safari/537.36"
52.167.144.159 - - [28/Jul/2025:01:35:08 +0000] "GET /pcmypage?callback=product/review/86635781 HTTP/2.0" 200 18735 "-" "Mozilla/5.0 AppleWebKit/537.36 (KHTML, like Gecko; compatible; bingbot/2.0; +http://www.bing.com/bingbot.htm) Chrome/116.0.1938.76 Safari/537.36"
66.249.64.228 - - [28/Jul/2025:01:37:31 +0000] "GET /product/edit/74566408 HTTP/1.1" 200 21823 "-" "Mozilla/5.0 (Linux; Android 6.0.1; Nexus 5X Build/MMB29P) AppleWebKit/537.36 (KHTML, like Gecko) Chrome/137.0.7151.103 Mobile Safari/537.36 (compatible; Googlebot/2.1; +http://www.google.com/bot.html)"
66.249.64.230 - - [28/Jul/2025:01:37:33 +0000] "GET /shopdetail/4819424/ HTTP/1.1" 301 3833 "-" "Mozilla/5.0 (Linux; Android 6.0.1; Nexus 5X Build/MMB29P) AppleWebKit/537.36 (KHTML, like Gecko) Chrome/137.0.7151.103 Mobile Safari/537.36 (compatible; Googlebot/2.1; +http://www.google.com/bot.html)"
66.249.64.228 - - [28/Jul/2025:01:37:35 +0000] "GET /shopdetail/4819424 HTTP/1.1" 200 19314 "-" "Mozilla/5.0 (Linux; Android 6.0.1; Nexus 5X Build/MMB29P) AppleWebKit/537.36 (KHTML, like Gecko) Chrome/137.0.7151.103 Mobile Safari/537.36 (compatible; Googlebot/2.1; +http://www.google.com/bot.html)"
207.46.13.130 - - [28/Jul/2025:01:38:32 +0000] "GET /product/edit/28203976 HTTP/2.0" 200 17993 "-" "Mozilla/5.0 AppleWebKit/537.36 (KHTML, like Gecko; compatible; bingbot/2.0; +http://www.bing.com/bingbot.htm) Chrome/116.0.1938.76 Safari/537.36"
207.46.13.127 - - [28/Jul/2025:01:42:02 +0000] "GET /product/edit/22695957 HTTP/2.0" 200 18355 "-" "Mozilla/5.0 AppleWebKit/537.36 (KHTML, like Gecko; compatible; bingbot/2.0; +http://www.bing.com/bingbot.htm) Chrome/116.0.1938.76 Safari/537.36"
207.46.13.127 - - [28/Jul/2025:01:43:02 +0000] "GET /shopdetail/6130980/ HTTP/2.0" 301 363 "-" "Mozilla/5.0 AppleWebKit/537.36 (KHTML, like Gecko; compatible; bingbot/2.0; +http://www.bing.com/bingbot.htm) Chrome/116.0.1938.76 Safari/537.36"
207.46.13.127 - - [28/Jul/2025:01:43:03 +0000] "GET /shopdetail/6130980 HTTP/2.0" 200 17948 "-" "Mozilla/5.0 AppleWebKit/537.36 (KHTML, like Gecko; compatible; bingbot/2.0; +http://www.bing.com/bingbot.htm) Chrome/116.0.1938.76 Safari/537.36"
207.46.13.130 - - [28/Jul/2025:01:43:41 +0000] "GET /product/edit/53220240 HTTP/2.0" 200 18500 "-" "Mozilla/5.0 AppleWebKit/537.36 (KHTML, like Gecko; compatible; bingbot/2.0; +http://www.bing.com/bingbot.htm) Chrome/116.0.1938.76 Safari/537.36"
207.46.13.130 - - [28/Jul/2025:01:43:42 +0000] "GET /shopdetail/11794724/ HTTP/2.0" 301 358 "-" "Mozilla/5.0 AppleWebKit/537.36 (KHTML, like Gecko; compatible; bingbot/2.0; +http://www.bing.com/bingbot.htm) Chrome/116.0.1938.76 Safari/537.36"
207.46.13.130 - - [28/Jul/2025:01:43:44 +0000] "GET /shopdetail/11794724 HTTP/2.0" 200 18151 "-" "Mozilla/5.0 AppleWebKit/537.36 (KHTML, like Gecko; compatible; bingbot/2.0; +http://www.bing.com/bingbot.htm) Chrome/116.0.1938.76 Safari/537.36"
66.249.64.230 - - [28/Jul/2025:01:44:13 +0000] "GET /shopdetail/9684746/ HTTP/1.1" 301 3833 "-" "Mozilla/5.0 (Linux; Android 6.0.1; Nexus 5X Build/MMB29P) AppleWebKit/537.36 (KHTML, like Gecko) Chrome/137.0.7151.103 Mobile Safari/537.36 (compatible; Googlebot/2.1; +http://www.google.com/bot.html)"
66.249.64.228 - - [28/Jul/2025:01:44:14 +0000] "GET /shopdetail/9684746 HTTP/1.1" 200 21695 "-" "Mozilla/5.0 (Linux; Android 6.0.1; Nexus 5X Build/MMB29P) AppleWebKit/537.36 (KHTML, like Gecko) Chrome/137.0.7151.103 Mobile Safari/537.36 (compatible; Googlebot/2.1; +http://www.google.com/bot.html)"
3.101.68.9 - - [28/Jul/2025:01:44:57 +0000] "GET /shopdetail/27842846 HTTP/1.1" 200 21802 "-" "Mozilla/5.0 (Windows NT 10.0; Win64; x64) AppleWebKit/537.36 (KHTML, like Gecko) Chrome/116.0.5845.96 Safari/537.36 Bingbot/2.0"
40.77.167.37 - - [28/Jul/2025:01:45:20 +0000] "GET /shopdetail/7879091/ HTTP/2.0" 301 363 "-" "Mozilla/5.0 AppleWebKit/537.36 (KHTML, like Gecko; compatible; bingbot/2.0; +http://www.bing.com/bingbot.htm) Chrome/116.0.1938.76 Safari/537.36"
40.77.167.37 - - [28/Jul/2025:01:45:22 +0000] "GET /shopdetail/7879091 HTTP/2.0" 200 18201 "-" "Mozilla/5.0 AppleWebKit/537.36 (KHTML, like Gecko; compatible; bingbot/2.0; +http://www.bing.com/bingbot.htm) Chrome/116.0.1938.76 Safari/537.36"
66.249.64.230 - - [28/Jul/2025:01:49:32 +0000] "GET /shopdetail/22677013/ HTTP/1.1" 301 3835 "-" "Mozilla/5.0 (Linux; Android 6.0.1; Nexus 5X Build/MMB29P) AppleWebKit/537.36 (KHTML, like Gecko) Chrome/137.0.7151.103 Mobile Safari/537.36 (compatible; Googlebot/2.1; +http://www.google.com/bot.html)"
66.249.64.229 - - [28/Jul/2025:01:49:33 +0000] "GET /shopdetail/24778046 HTTP/1.1" 200 22269 "-" "Mozilla/5.0 (Linux; Android 6.0.1; Nexus 5X Build/MMB29P) AppleWebKit/537.36 (KHTML, like Gecko) Chrome/137.0.7151.103 Mobile Safari/537.36 (compatible; Googlebot/2.1; +http://www.google.com/bot.html)"
66.249.64.229 - - [28/Jul/2025:01:49:35 +0000] "GET /shopdetail/22677013 HTTP/1.1" 200 18394 "-" "Mozilla/5.0 (Linux; Android 6.0.1; Nexus 5X Build/MMB29P) AppleWebKit/537.36 (KHTML, like Gecko) Chrome/137.0.7151.103 Mobile Safari/537.36 (compatible; Googlebot/2.1; +http://www.google.com/bot.html)"
40.77.167.123 - - [28/Jul/2025:01:49:50 +0000] "GET /shopdetail/10661057/ HTTP/2.0" 301 364 "-" "Mozilla/5.0 AppleWebKit/537.36 (KHTML, like Gecko; compatible; bingbot/2.0; +http://www.bing.com/bingbot.htm) Chrome/116.0.1938.76 Safari/537.36"
40.77.167.123 - - [28/Jul/2025:01:49:51 +0000] "GET /shopdetail/10661057 HTTP/2.0" 200 18507 "-" "Mozilla/5.0 AppleWebKit/537.36 (KHTML, like Gecko; compatible; bingbot/2.0; +http://www.bing.com/bingbot.htm) Chrome/116.0.1938.76 Safari/537.36"
66.249.64.228 - - [28/Jul/2025:01:49:59 +0000] "POST /get-message-notify HTTP/1.1" 200 21779 "https://www.bizcards.co.in/shopdetail/24778046" "Mozilla/5.0 (Linux; Android 6.0.1; Nexus 5X Build/MMB29P) AppleWebKit/537.36 (KHTML, like Gecko) Chrome/137.0.7151.119 Mobile Safari/537.36 (compatible; Googlebot/2.1; +http://www.google.com/bot.html)"
3.101.68.9 - - [28/Jul/2025:01:50:17 +0000] "GET /shopdetail/30070524 HTTP/1.1" 200 21255 "-" "Mozilla/5.0 (compatible; Yahoo! Slurp/3.0; http://help.yahoo.com/help/us/ysearch/slurp)"
66.249.64.230 - - [28/Jul/2025:01:52:31 +0000] "POST /get-message-notify HTTP/1.1" 200 21779 "https://www.bizcards.co.in/shopdetail/24778046" "Mozilla/5.0 (Linux; Android 6.0.1; Nexus 5X Build/MMB29P) AppleWebKit/537.36 (KHTML, like Gecko) Chrome/137.0.7151.119 Mobile Safari/537.36 (compatible; Googlebot/2.1; +http://www.google.com/bot.html)"
66.249.64.228 - - [28/Jul/2025:01:54:34 +0000] "GET /shopdetail/18622257/ HTTP/1.1" 301 3835 "-" "Mozilla/5.0 (Linux; Android 6.0.1; Nexus 5X Build/MMB29P) AppleWebKit/537.36 (KHTML, like Gecko) Chrome/137.0.7151.103 Mobile Safari/537.36 (compatible; Googlebot/2.1; +http://www.google.com/bot.html)"
3.101.68.9 - - [28/Jul/2025:01:56:24 +0000] "GET /shopdetail/11254613 HTTP/1.1" 404 9978 "-" "facebookexternalhit/1.1 (+http://www.facebook.com/externalhit_uatext.php)"
52.167.144.225 - - [28/Jul/2025:01:56:51 +0000] "GET /product/edit/65021868 HTTP/2.0" 200 18421 "-" "Mozilla/5.0 AppleWebKit/537.36 (KHTML, like Gecko; compatible; bingbot/2.0; +http://www.bing.com/bingbot.htm) Chrome/116.0.1938.76 Safari/537.36"
40.77.167.123 - - [28/Jul/2025:01:58:02 +0000] "GET /product/edit/13410005 HTTP/2.0" 200 18982 "-" "Mozilla/5.0 AppleWebKit/537.36 (KHTML, like Gecko; compatible; bingbot/2.0; +http://www.bing.com/bingbot.htm) Chrome/116.0.1938.76 Safari/537.36"
52.167.144.225 - - [28/Jul/2025:01:58:11 +0000] "GET /shopdetail/6499668/ HTTP/2.0" 301 363 "-" "Mozilla/5.0 AppleWebKit/537.36 (KHTML, like Gecko; compatible; bingbot/2.0; +http://www.bing.com/bingbot.htm) Chrome/116.0.1938.76 Safari/537.36"
52.167.144.225 - - [28/Jul/2025:01:58:11 +0000] "GET /shopdetail/6499668 HTTP/2.0" 200 18148 "-" "Mozilla/5.0 AppleWebKit/537.36 (KHTML, like Gecko; compatible; bingbot/2.0; +http://www.bing.com/bingbot.htm) Chrome/116.0.1938.76 Safari/537.36"
207.46.13.64 - - [28/Jul/2025:01:59:33 +0000] "GET /pcmypage?callback=product/review/31443359 HTTP/2.0" 200 19441 "-" "Mozilla/5.0 AppleWebKit/537.36 (KHTML, like Gecko; compatible; bingbot/2.0; +http://www.bing.com/bingbot.htm) Chrome/116.0.1938.76 Safari/537.36"
40.77.167.123 - - [28/Jul/2025:02:00:03 +0000] "GET /pcmypage?callback=product/review/54664320 HTTP/2.0" 200 18825 "-" "Mozilla/5.0 AppleWebKit/537.36 (KHTML, like Gecko; compatible; bingbot/2.0; +http://www.bing.com/bingbot.htm) Chrome/116.0.1938.76 Safari/537.36"
207.46.13.64 - - [28/Jul/2025:02:01:03 +0000] "GET /product/edit/32060534 HTTP/2.0" 200 18212 "-" "Mozilla/5.0 AppleWebKit/537.36 (KHTML, like Gecko; compatible; bingbot/2.0; +http://www.bing.com/bingbot.htm) Chrome/116.0.1938.76 Safari/537.36"
40.77.167.77 - - [28/Jul/2025:02:01:13 +0000] "GET /pcmypage?callback=product/review/83704385 HTTP/2.0" 200 18675 "-" "Mozilla/5.0 AppleWebKit/537.36 (KHTML, like Gecko; compatible; bingbot/2.0; +http://www.bing.com/bingbot.htm) Chrome/116.0.1938.76 Safari/537.36"
66.249.64.230 - - [28/Jul/2025:02:03:34 +0000] "GET /shopdetail/21679468/ HTTP/1.1" 301 3835 "-" "Mozilla/5.0 (Linux; Android 6.0.1; Nexus 5X Build/MMB29P) AppleWebKit/537.36 (KHTML, like Gecko) Chrome/137.0.7151.103 Mobile Safari/537.36 (compatible; Googlebot/2.1; +http://www.google.com/bot.html)"
66.249.64.228 - - [28/Jul/2025:02:03:35 +0000] "GET /shopdetail/21679468 HTTP/1.1" 200 22587 "-" "Mozilla/5.0 (Linux; Android 6.0.1; Nexus 5X Build/MMB29P) AppleWebKit/537.36 (KHTML, like Gecko) Chrome/137.0.7151.103 Mobile Safari/537.36 (compatible; Googlebot/2.1; +http://www.google.com/bot.html)"
207.46.13.64 - - [28/Jul/2025:02:03:44 +0000] "GET /shopdetail/11592924/ HTTP/2.0" 301 364 "-" "Mozilla/5.0 AppleWebKit/537.36 (KHTML, like Gecko; compatible; bingbot/2.0; +http://www.bing.com/bingbot.htm) Chrome/116.0.1938.76 Safari/537.36"
207.46.13.64 - - [28/Jul/2025:02:03:45 +0000] "GET /shopdetail/11592924 HTTP/2.0" 200 18786 "-" "Mozilla/5.0 AppleWebKit/537.36 (KHTML, like Gecko; compatible; bingbot/2.0; +http://www.bing.com/bingbot.htm) Chrome/116.0.1938.76 Safari/537.36"
52.167.144.225 - - [28/Jul/2025:02:03:51 +0000] "GET /product/edit/66185048 HTTP/2.0" 200 18883 "-" "Mozilla/5.0 AppleWebKit/537.36 (KHTML, like Gecko; compatible; bingbot/2.0; +http://www.bing.com/bingbot.htm) Chrome/116.0.1938.76 Safari/537.36"
40.77.167.77 - - [28/Jul/2025:02:03:55 +0000] "GET /shopdetail/8684768/ HTTP/2.0" 301 363 "-" "Mozilla/5.0 AppleWebKit/537.36 (KHTML, like Gecko; compatible; bingbot/2.0; +http://www.bing.com/bingbot.htm) Chrome/116.0.1938.76 Safari/537.36"
40.77.167.77 - - [28/Jul/2025:02:03:56 +0000] "GET /shopdetail/8684768 HTTP/2.0" 200 18482 "-" "Mozilla/5.0 AppleWebKit/537.36 (KHTML, like Gecko; compatible; bingbot/2.0; +http://www.bing.com/bingbot.htm) Chrome/116.0.1938.76 Safari/537.36"
66.249.64.228 - - [28/Jul/2025:02:04:29 +0000] "GET /zhHant/product/surugaya/95896347?campaign_uid=f64d716db5e979ed2f947dbaf4296895b951ae7f HTTP/1.1" 200 21895 "-" "Mozilla/5.0 (Linux; Android 6.0.1; Nexus 5X Build/MMB29P) AppleWebKit/537.36 (KHTML, like Gecko) Chrome/137.0.7151.103 Mobile Safari/537.36 (compatible; Googlebot/2.1; +http://www.google.com/bot.html)"
207.46.13.64 - - [28/Jul/2025:02:04:55 +0000] "GET /shopdetail/10044291/ HTTP/2.0" 301 364 "-" "Mozilla/5.0 AppleWebKit/537.36 (KHTML, like Gecko; compatible; bingbot/2.0; +http://www.bing.com/bingbot.htm) Chrome/116.0.1938.76 Safari/537.36"
207.46.13.64 - - [28/Jul/2025:02:04:58 +0000] "GET /shopdetail/10044291 HTTP/2.0" 200 18618 "-" "Mozilla/5.0 AppleWebKit/537.36 (KHTML, like Gecko; compatible; bingbot/2.0; +http://www.bing.com/bingbot.htm) Chrome/116.0.1938.76 Safari/537.36"
207.46.13.64 - - [28/Jul/2025:02:05:09 +0000] "GET /shopdetail/8389646/ HTTP/2.0" 301 363 "-" "Mozilla/5.0 AppleWebKit/537.36 (KHTML, like Gecko; compatible; bingbot/2.0; +http://www.bing.com/bingbot.htm) Chrome/116.0.1938.76 Safari/537.36"
40.77.167.77 - - [28/Jul/2025:02:05:14 +0000] "GET /shopdetail/27600924/ HTTP/2.0" 301 364 "-" "Mozilla/5.0 AppleWebKit/537.36 (KHTML, like Gecko; compatible; bingbot/2.0; +http://www.bing.com/bingbot.htm) Chrome/116.0.1938.76 Safari/537.36"
40.77.167.77 - - [28/Jul/2025:02:05:15 +0000] "GET /shopdetail/27600924 HTTP/2.0" 200 18938 "-" "Mozilla/5.0 AppleWebKit/537.36 (KHTML, like Gecko; compatible; bingbot/2.0; +http://www.bing.com/bingbot.htm) Chrome/116.0.1938.76 Safari/537.36"
207.46.13.64 - - [28/Jul/2025:02:05:23 +0000] "GET /shopdetail/8389646 HTTP/2.0" 200 19268 "-" "Mozilla/5.0 AppleWebKit/537.36 (KHTML, like Gecko; compatible; bingbot/2.0; +http://www.bing.com/bingbot.htm) Chrome/116.0.1938.76 Safari/537.36"
66.249.64.230 - - [28/Jul/2025:02:06:02 +0000] "GET /shopdetail/12769246/ HTTP/1.1" 301 3835 "-" "Mozilla/5.0 (Linux; Android 6.0.1; Nexus 5X Build/MMB29P) AppleWebKit/537.36 (KHTML, like Gecko) Chrome/137.0.7151.103 Mobile Safari/537.36 (compatible; Googlebot/2.1; +http://www.google.com/bot.html)"
