66.249.70.101 - - [28/Jul/2025:19:00:35 +0000] "GET /zhHant/product/surugaya/71217687?campaign_uid=f64d716db5e979ed2f947dbaf4296895b951ae7f HTTP/1.1" 200 21913 "-" "Mozilla/5.0 (Linux; Android 6.0.1; Nexus 5X Build/MMB29P) AppleWebKit/537.36 (KHTML, like Gecko) Chrome/137.0.7151.103 Mobile Safari/537.36 (compatible; Googlebot/2.1; +http://www.google.com/bot.html)"
66.249.70.100 - - [28/Jul/2025:19:00:36 +0000] "GET /shopdetail/17173591 HTTP/1.1" 200 18351 "-" "Mozilla/5.0 (Linux; Android 6.0.1; Nexus 5X Build/MMB29P) AppleWebKit/537.36 (KHTML, like Gecko) Chrome/137.0.7151.103 Mobile Safari/537.36 (compatible; Googlebot/2.1; +http://www.google.com/bot.html)"
66.249.70.100 - - [28/Jul/2025:19:00:40 +0000] "POST /get-message-notify HTTP/1.1" 200 18460 "https://www.bizcards.co.in/shopdetail/17173591" "Mozilla/5.0 (Linux; Android 6.0.1; Nexus 5X Build/MMB29P) AppleWebKit/537.36 (KHTML, like Gecko) Chrome/137.0.7151.119 Mobile Safari/537.36 (compatible; Googlebot/2.1; +http://www.google.com/bot.html)"
170.106.72.178 - - [28/Jul/2025:19:02:21 +0000] "GET / HTTP/1.0" 400 528 "-" "-"
66.249.70.101 - - [28/Jul/2025:19:02:38 +0000] "GET /shopdetail/21881135 HTTP/1.1" 200 22712 "-" "Mozilla/5.0 (Linux; Android 6.0.1; Nexus 5X Build/MMB29P) AppleWebKit/537.36 (KHTML, like Gecko) Chrome/137.0.7151.103 Mobile Safari/537.36 (compatible; Googlebot/2.1; +http://www.google.com/bot.html)"
66.249.70.101 - - [28/Jul/2025:19:04:40 +0000] "GET /shopdetail/10907291 HTTP/1.1" 200 21745 "-" "Mozilla/5.0 (Linux; Android 6.0.1; Nexus 5X Build/MMB29P) AppleWebKit/537.36 (KHTML, like Gecko) Chrome/137.0.7151.103 Mobile Safari/537.36 (compatible; Googlebot/2.1; +http://www.google.com/bot.html)"
66.249.70.100 - - [28/Jul/2025:19:04:42 +0000] "GET /zhHant/product/surugaya/96182782?campaign_uid=f64d716db5e979ed2f947dbaf4296895b951ae7f HTTP/1.1" 200 21855 "-" "Mozilla/5.0 (Linux; Android 6.0.1; Nexus 5X Build/MMB29P) AppleWebKit/537.36 (KHTML, like Gecko) Chrome/137.0.7151.103 Mobile Safari/537.36 (compatible; Googlebot/2.1; +http://www.google.com/bot.html)"
66.249.70.101 - - [28/Jul/2025:19:04:44 +0000] "POST /get-message-notify HTTP/1.1" 200 18460 "https://www.bizcards.co.in/shopdetail/10907291" "Mozilla/5.0 (Linux; Android 6.0.1; Nexus 5X Build/MMB29P) AppleWebKit/537.36 (KHTML, like Gecko) Chrome/137.0.7151.119 Mobile Safari/537.36 (compatible; Googlebot/2.1; +http://www.google.com/bot.html)"
66.249.70.101 - - [28/Jul/2025:19:04:46 +0000] "GET /zhHant/product/surugaya/33923559?campaign_uid=f64d716db5e979ed2f947dbaf4296895b951ae7f HTTP/1.1" 200 19029 "-" "Mozilla/5.0 (Linux; Android 6.0.1; Nexus 5X Build/MMB29P) AppleWebKit/537.36 (KHTML, like Gecko) Chrome/137.0.7151.103 Mobile Safari/537.36 (compatible; Googlebot/2.1; +http://www.google.com/bot.html)"
66.249.70.100 - - [28/Jul/2025:19:04:49 +0000] "GET /zhHant/product/surugaya/29503990?campaign_uid=f64d716db5e979ed2f947dbaf4296895b951ae7f HTTP/1.1" 200 21568 "-" "Mozilla/5.0 (Linux; Android 6.0.1; Nexus 5X Build/MMB29P) AppleWebKit/537.36 (KHTML, like Gecko) Chrome/137.0.7151.103 Mobile Safari/537.36 (compatible; Googlebot/2.1; +http://www.google.com/bot.html)"
66.249.70.100 - - [28/Jul/2025:19:04:51 +0000] "GET /shopdetail/21816657 HTTP/1.1" 200 18344 "-" "Mozilla/5.0 (Linux; Android 6.0.1; Nexus 5X Build/MMB29P) AppleWebKit/537.36 (KHTML, like Gecko) Chrome/137.0.7151.103 Mobile Safari/537.36 (compatible; Googlebot/2.1; +http://www.google.com/bot.html)"
66.249.70.100 - - [28/Jul/2025:19:04:53 +0000] "POST /get-message-notify HTTP/1.1" 200 18460 "https://www.bizcards.co.in/zhHant/product/surugaya/33923559?campaign_uid=f64d716db5e979ed2f947dbaf4296895b951ae7f" "Mozilla/5.0 (Linux; Android 6.0.1; Nexus 5X Build/MMB29P) AppleWebKit/537.36 (KHTML, like Gecko) Chrome/137.0.7151.119 Mobile Safari/537.36 (compatible; Googlebot/2.1; +http://www.google.com/bot.html)"
66.249.70.100 - - [28/Jul/2025:19:04:56 +0000] "POST /get-message-notify HTTP/1.1" 200 18460 "https://www.bizcards.co.in/zhHant/product/surugaya/29503990?campaign_uid=f64d716db5e979ed2f947dbaf4296895b951ae7f" "Mozilla/5.0 (Linux; Android 6.0.1; Nexus 5X Build/MMB29P) AppleWebKit/537.36 (KHTML, like Gecko) Chrome/137.0.7151.119 Mobile Safari/537.36 (compatible; Googlebot/2.1; +http://www.google.com/bot.html)"
207.46.13.168 - - [28/Jul/2025:19:05:42 +0000] "GET /shopdetail/12034157/ HTTP/2.0" 301 364 "-" "Mozilla/5.0 AppleWebKit/537.36 (KHTML, like Gecko; compatible; bingbot/2.0; +http://www.bing.com/bingbot.htm) Chrome/116.0.1938.76 Safari/537.36"
207.46.13.168 - - [28/Jul/2025:19:05:43 +0000] "GET /shopdetail/12034157 HTTP/2.0" 200 17821 "-" "Mozilla/5.0 AppleWebKit/537.36 (KHTML, like Gecko; compatible; bingbot/2.0; +http://www.bing.com/bingbot.htm) Chrome/116.0.1938.76 Safari/537.36"
52.167.144.146 - - [28/Jul/2025:19:05:48 +0000] "GET /product/edit/89350041 HTTP/2.0" 200 17924 "-" "Mozilla/5.0 AppleWebKit/537.36 (KHTML, like Gecko; compatible; bingbot/2.0; +http://www.bing.com/bingbot.htm) Chrome/116.0.1938.76 Safari/537.36"
157.55.39.201 - - [28/Jul/2025:19:07:43 +0000] "GET /shopdetail/11952624/ HTTP/2.0" 301 364 "-" "Mozilla/5.0 AppleWebKit/537.36 (KHTML, like Gecko; compatible; bingbot/2.0; +http://www.bing.com/bingbot.htm) Chrome/116.0.1938.76 Safari/537.36"
157.55.39.201 - - [28/Jul/2025:19:07:45 +0000] "GET /shopdetail/11952624 HTTP/2.0" 200 18944 "-" "Mozilla/5.0 AppleWebKit/537.36 (KHTML, like Gecko; compatible; bingbot/2.0; +http://www.bing.com/bingbot.htm) Chrome/116.0.1938.76 Safari/537.36"
52.167.144.146 - - [28/Jul/2025:19:08:28 +0000] "GET /shopdetail/11985724/ HTTP/2.0" 301 364 "-" "Mozilla/5.0 AppleWebKit/537.36 (KHTML, like Gecko; compatible; bingbot/2.0; +http://www.bing.com/bingbot.htm) Chrome/116.0.1938.76 Safari/537.36"
52.167.144.146 - - [28/Jul/2025:19:08:29 +0000] "GET /shopdetail/11985724 HTTP/2.0" 200 18111 "-" "Mozilla/5.0 AppleWebKit/537.36 (KHTML, like Gecko; compatible; bingbot/2.0; +http://www.bing.com/bingbot.htm) Chrome/116.0.1938.76 Safari/537.36"
40.77.167.78 - - [28/Jul/2025:19:08:47 +0000] "GET /shopdetail/11803380/ HTTP/2.0" 301 364 "-" "Mozilla/5.0 AppleWebKit/537.36 (KHTML, like Gecko; compatible; bingbot/2.0; +http://www.bing.com/bingbot.htm) Chrome/116.0.1938.76 Safari/537.36"
40.77.167.78 - - [28/Jul/2025:19:08:48 +0000] "GET /shopdetail/11803380 HTTP/2.0" 200 18256 "-" "Mozilla/5.0 AppleWebKit/537.36 (KHTML, like Gecko; compatible; bingbot/2.0; +http://www.bing.com/bingbot.htm) Chrome/116.0.1938.76 Safari/537.36"
40.77.167.78 - - [28/Jul/2025:19:08:50 +0000] "GET /shopdetail/11864879/ HTTP/2.0" 301 333 "-" "Mozilla/5.0 AppleWebKit/537.36 (KHTML, like Gecko; compatible; bingbot/2.0; +http://www.bing.com/bingbot.htm) Chrome/116.0.1938.76 Safari/537.36"
40.77.167.78 - - [28/Jul/2025:19:08:51 +0000] "GET /shopdetail/11864879 HTTP/2.0" 200 19116 "-" "Mozilla/5.0 AppleWebKit/537.36 (KHTML, like Gecko; compatible; bingbot/2.0; +http://www.bing.com/bingbot.htm) Chrome/116.0.1938.76 Safari/537.36"
66.249.70.101 - - [28/Jul/2025:19:08:53 +0000] "GET /shopdetail/8583002 HTTP/1.1" 200 21437 "-" "Mozilla/5.0 (Linux; Android 6.0.1; Nexus 5X Build/MMB29P) AppleWebKit/537.36 (KHTML, like Gecko) Chrome/137.0.7151.103 Mobile Safari/537.36 (compatible; Googlebot/2.1; +http://www.google.com/bot.html)"
66.249.70.102 - - [28/Jul/2025:19:09:55 +0000] "GET /shopdetail/11319846 HTTP/1.1" 200 23015 "-" "Mozilla/5.0 (Linux; Android 6.0.1; Nexus 5X Build/MMB29P) AppleWebKit/537.36 (KHTML, like Gecko) Chrome/137.0.7151.103 Mobile Safari/537.36 (compatible; Googlebot/2.1; +http://www.google.com/bot.html)"
66.249.70.102 - - [28/Jul/2025:19:11:57 +0000] "GET /shopdetail/25379757 HTTP/1.1" 200 21590 "-" "Mozilla/5.0 (Linux; Android 6.0.1; Nexus 5X Build/MMB29P) AppleWebKit/537.36 (KHTML, like Gecko) Chrome/137.0.7151.103 Mobile Safari/537.36 (compatible; Googlebot/2.1; +http://www.google.com/bot.html)"
66.249.70.100 - - [28/Jul/2025:19:12:04 +0000] "POST /get-message-notify HTTP/1.1" 200 21779 "https://www.bizcards.co.in/shopdetail/25379757" "Mozilla/5.0 (Linux; Android 6.0.1; Nexus 5X Build/MMB29P) AppleWebKit/537.36 (KHTML, like Gecko) Chrome/137.0.7151.119 Mobile Safari/537.36 (compatible; Googlebot/2.1; +http://www.google.com/bot.html)"
207.46.13.83 - - [28/Jul/2025:19:12:23 +0000] "GET /shopdetail/7916291/ HTTP/2.0" 301 363 "-" "Mozilla/5.0 AppleWebKit/537.36 (KHTML, like Gecko; compatible; bingbot/2.0; +http://www.bing.com/bingbot.htm) Chrome/116.0.1938.76 Safari/537.36"
207.46.13.83 - - [28/Jul/2025:19:12:23 +0000] "GET /shopdetail/7916291 HTTP/2.0" 200 18325 "-" "Mozilla/5.0 AppleWebKit/537.36 (KHTML, like Gecko; compatible; bingbot/2.0; +http://www.bing.com/bingbot.htm) Chrome/116.0.1938.76 Safari/537.36"
207.46.13.83 - - [28/Jul/2025:19:12:25 +0000] "GET /shopdetail/11633691/ HTTP/2.0" 301 333 "-" "Mozilla/5.0 AppleWebKit/537.36 (KHTML, like Gecko; compatible; bingbot/2.0; +http://www.bing.com/bingbot.htm) Chrome/116.0.1938.76 Safari/537.36"
207.46.13.83 - - [28/Jul/2025:19:12:26 +0000] "GET /shopdetail/11633691 HTTP/2.0" 200 18218 "-" "Mozilla/5.0 AppleWebKit/537.36 (KHTML, like Gecko; compatible; bingbot/2.0; +http://www.bing.com/bingbot.htm) Chrome/116.0.1938.76 Safari/537.36"
52.167.144.146 - - [28/Jul/2025:19:12:59 +0000] "GET /product/edit/65371042 HTTP/2.0" 200 17951 "-" "Mozilla/5.0 AppleWebKit/537.36 (KHTML, like Gecko; compatible; bingbot/2.0; +http://www.bing.com/bingbot.htm) Chrome/116.0.1938.76 Safari/537.36"
52.167.144.146 - - [28/Jul/2025:19:13:20 +0000] "GET /shopdetail/12012046/ HTTP/2.0" 301 363 "-" "Mozilla/5.0 AppleWebKit/537.36 (KHTML, like Gecko; compatible; bingbot/2.0; +http://www.bing.com/bingbot.htm) Chrome/116.0.1938.76 Safari/537.36"
52.167.144.146 - - [28/Jul/2025:19:13:21 +0000] "GET /shopdetail/12012046 HTTP/2.0" 200 18045 "-" "Mozilla/5.0 AppleWebKit/537.36 (KHTML, like Gecko; compatible; bingbot/2.0; +http://www.bing.com/bingbot.htm) Chrome/116.0.1938.76 Safari/537.36"
52.167.144.146 - - [28/Jul/2025:19:14:00 +0000] "GET /shopdetail/8231468/ HTTP/2.0" 301 363 "-" "Mozilla/5.0 AppleWebKit/537.36 (KHTML, like Gecko; compatible; bingbot/2.0; +http://www.bing.com/bingbot.htm) Chrome/116.0.1938.76 Safari/537.36"
52.167.144.146 - - [28/Jul/2025:19:14:01 +0000] "GET /shopdetail/8231468 HTTP/2.0" 200 18098 "-" "Mozilla/5.0 AppleWebKit/537.36 (KHTML, like Gecko; compatible; bingbot/2.0; +http://www.bing.com/bingbot.htm) Chrome/116.0.1938.76 Safari/537.36"
66.249.70.100 - - [28/Jul/2025:19:14:58 +0000] "GET /shopdetail/13743124 HTTP/1.1" 200 21402 "-" "Mozilla/5.0 (Linux; Android 6.0.1; Nexus 5X Build/MMB29P) AppleWebKit/537.36 (KHTML, like Gecko) Chrome/137.0.7151.103 Mobile Safari/537.36 (compatible; Googlebot/2.1; +http://www.google.com/bot.html)"
66.249.70.101 - - [28/Jul/2025:19:15:12 +0000] "POST /get-message-notify HTTP/1.1" 200 21779 "https://www.bizcards.co.in/shopdetail/13743124" "Mozilla/5.0 (Linux; Android 6.0.1; Nexus 5X Build/MMB29P) AppleWebKit/537.36 (KHTML, like Gecko) Chrome/137.0.7151.119 Mobile Safari/537.36 (compatible; Googlebot/2.1; +http://www.google.com/bot.html)"
207.46.13.83 - - [28/Jul/2025:19:15:14 +0000] "GET /shopdetail/12022446/ HTTP/2.0" 301 364 "-" "Mozilla/5.0 AppleWebKit/537.36 (KHTML, like Gecko; compatible; bingbot/2.0; +http://www.bing.com/bingbot.htm) Chrome/116.0.1938.76 Safari/537.36"
207.46.13.83 - - [28/Jul/2025:19:15:15 +0000] "GET /shopdetail/12022446 HTTP/2.0" 200 18938 "-" "Mozilla/5.0 AppleWebKit/537.36 (KHTML, like Gecko; compatible; bingbot/2.0; +http://www.bing.com/bingbot.htm) Chrome/116.0.1938.76 Safari/537.36"
207.46.13.83 - - [28/Jul/2025:19:15:17 +0000] "GET /shopdetail/8031135/ HTTP/2.0" 301 332 "-" "Mozilla/5.0 AppleWebKit/537.36 (KHTML, like Gecko; compatible; bingbot/2.0; +http://www.bing.com/bingbot.htm) Chrome/116.0.1938.76 Safari/537.36"
207.46.13.83 - - [28/Jul/2025:19:15:18 +0000] "GET /shopdetail/8031135 HTTP/2.0" 200 18093 "-" "Mozilla/5.0 AppleWebKit/537.36 (KHTML, like Gecko; compatible; bingbot/2.0; +http://www.bing.com/bingbot.htm) Chrome/116.0.1938.76 Safari/537.36"
66.249.70.100 - - [28/Jul/2025:19:15:30 +0000] "GET /product/edit/36682915 HTTP/1.1" 200 21781 "-" "Mozilla/5.0 (Linux; Android 6.0.1; Nexus 5X Build/MMB29P) AppleWebKit/537.36 (KHTML, like Gecko) Chrome/137.0.7151.103 Mobile Safari/537.36 (compatible; Googlebot/2.1; +http://www.google.com/bot.html)"
66.249.70.100 - - [28/Jul/2025:19:15:32 +0000] "GET /shopdetail/3061579/ HTTP/1.1" 301 540 "-" "Mozilla/5.0 (Linux; Android 6.0.1; Nexus 5X Build/MMB29P) AppleWebKit/537.36 (KHTML, like Gecko) Chrome/137.0.7151.103 Mobile Safari/537.36 (compatible; Googlebot/2.1; +http://www.google.com/bot.html)"
66.249.70.100 - - [28/Jul/2025:19:15:34 +0000] "GET /shopdetail/3061579 HTTP/1.1" 200 19172 "-" "Mozilla/5.0 (Linux; Android 6.0.1; Nexus 5X Build/MMB29P) AppleWebKit/537.36 (KHTML, like Gecko) Chrome/137.0.7151.103 Mobile Safari/537.36 (compatible; Googlebot/2.1; +http://www.google.com/bot.html)"
66.249.70.100 - - [28/Jul/2025:19:15:36 +0000] "GET /shopdetail/9897802/ HTTP/1.1" 301 540 "-" "Mozilla/5.0 (Linux; Android 6.0.1; Nexus 5X Build/MMB29P) AppleWebKit/537.36 (KHTML, like Gecko) Chrome/137.0.7151.103 Mobile Safari/537.36 (compatible; Googlebot/2.1; +http://www.google.com/bot.html)"
66.249.70.100 - - [28/Jul/2025:19:15:38 +0000] "GET /shopdetail/9897802 HTTP/1.1" 200 19361 "-" "Mozilla/5.0 (Linux; Android 6.0.1; Nexus 5X Build/MMB29P) AppleWebKit/537.36 (KHTML, like Gecko) Chrome/137.0.7151.103 Mobile Safari/537.36 (compatible; Googlebot/2.1; +http://www.google.com/bot.html)"
66.249.70.100 - - [28/Jul/2025:19:15:39 +0000] "POST /get-message-notify HTTP/1.1" 200 18460 "https://www.bizcards.co.in/product/edit/36682915" "Mozilla/5.0 (Linux; Android 6.0.1; Nexus 5X Build/MMB29P) AppleWebKit/537.36 (KHTML, like Gecko) Chrome/137.0.7151.119 Mobile Safari/537.36 (compatible; Googlebot/2.1; +http://www.google.com/bot.html)"
66.249.70.101 - - [28/Jul/2025:19:16:40 +0000] "GET /shopdetail/6244913 HTTP/1.1" 200 21822 "-" "Mozilla/5.0 (Linux; Android 6.0.1; Nexus 5X Build/MMB29P) AppleWebKit/537.36 (KHTML, like Gecko) Chrome/137.0.7151.103 Mobile Safari/537.36 (compatible; Googlebot/2.1; +http://www.google.com/bot.html)"
66.249.70.100 - - [28/Jul/2025:19:16:42 +0000] "GET /shopdetail/24684124 HTTP/1.1" 200 21672 "-" "Mozilla/5.0 (Linux; Android 6.0.1; Nexus 5X Build/MMB29P) AppleWebKit/537.36 (KHTML, like Gecko) Chrome/137.0.7151.103 Mobile Safari/537.36 (compatible; Googlebot/2.1; +http://www.google.com/bot.html)"
40.77.167.78 - - [28/Jul/2025:19:16:48 +0000] "GET /shopdetail/1189302/ HTTP/2.0" 301 363 "-" "Mozilla/5.0 AppleWebKit/537.36 (KHTML, like Gecko; compatible; bingbot/2.0; +http://www.bing.com/bingbot.htm) Chrome/116.0.1938.76 Safari/537.36"
40.77.167.78 - - [28/Jul/2025:19:16:48 +0000] "GET /shopdetail/1189302 HTTP/2.0" 200 18203 "-" "Mozilla/5.0 AppleWebKit/537.36 (KHTML, like Gecko; compatible; bingbot/2.0; +http://www.bing.com/bingbot.htm) Chrome/116.0.1938.76 Safari/537.36"
207.46.13.83 - - [28/Jul/2025:19:16:56 +0000] "GET /shopdetail/8175257/ HTTP/2.0" 301 363 "-" "Mozilla/5.0 AppleWebKit/537.36 (KHTML, like Gecko; compatible; bingbot/2.0; +http://www.bing.com/bingbot.htm) Chrome/116.0.1938.76 Safari/537.36"
207.46.13.83 - - [28/Jul/2025:19:16:57 +0000] "GET /shopdetail/8175257 HTTP/2.0" 200 19212 "-" "Mozilla/5.0 AppleWebKit/537.36 (KHTML, like Gecko; compatible; bingbot/2.0; +http://www.bing.com/bingbot.htm) Chrome/116.0.1938.76 Safari/537.36"
66.249.70.100 - - [28/Jul/2025:19:21:43 +0000] "GET /shopdetail/4891868 HTTP/1.1" 200 22111 "-" "Mozilla/5.0 (Linux; Android 6.0.1; Nexus 5X Build/MMB29P) AppleWebKit/537.36 (KHTML, like Gecko) Chrome/137.0.7151.103 Mobile Safari/537.36 (compatible; Googlebot/2.1; +http://www.google.com/bot.html)"
66.249.70.102 - - [28/Jul/2025:19:22:03 +0000] "POST /get-message-notify HTTP/1.1" 200 21779 "https://www.bizcards.co.in/shopdetail/4891868" "Mozilla/5.0 (Linux; Android 6.0.1; Nexus 5X Build/MMB29P) AppleWebKit/537.36 (KHTML, like Gecko) Chrome/137.0.7151.119 Mobile Safari/537.36 (compatible; Googlebot/2.1; +http://www.google.com/bot.html)"
207.46.13.157 - - [28/Jul/2025:19:22:28 +0000] "GET /product/edit/10968048 HTTP/2.0" 200 18512 "-" "Mozilla/5.0 AppleWebKit/537.36 (KHTML, like Gecko; compatible; bingbot/2.0; +http://www.bing.com/bingbot.htm) Chrome/116.0.1938.76 Safari/537.36"
13.61.17.178 - - [28/Jul/2025:19:22:59 +0000] "GET /shopdetail/955768 HTTP/1.1" 200 22103 "-" "Mozilla/5.0 (compatible; Yahoo! Slurp/3.0; http://help.yahoo.com/help/us/ysearch/slurp)"
66.249.70.101 - - [28/Jul/2025:19:23:45 +0000] "GET /shopdetail/22608035 HTTP/1.1" 200 22503 "-" "Mozilla/5.0 (Linux; Android 6.0.1; Nexus 5X Build/MMB29P) AppleWebKit/537.36 (KHTML, like Gecko) Chrome/137.0.7151.103 Mobile Safari/537.36 (compatible; Googlebot/2.1; +http://www.google.com/bot.html)"
66.249.70.100 - - [28/Jul/2025:19:23:48 +0000] "GET /shopdetail/6960424 HTTP/1.1" 200 22256 "-" "Mozilla/5.0 (Linux; Android 6.0.1; Nexus 5X Build/MMB29P) AppleWebKit/537.36 (KHTML, like Gecko) Chrome/137.0.7151.103 Mobile Safari/537.36 (compatible; Googlebot/2.1; +http://www.google.com/bot.html)"
66.249.70.101 - - [28/Jul/2025:19:24:49 +0000] "GET /shopdetail/6860746 HTTP/1.1" 200 21628 "-" "Mozilla/5.0 (Linux; Android 6.0.1; Nexus 5X Build/MMB29P) AppleWebKit/537.36 (KHTML, like Gecko) Chrome/137.0.7151.103 Mobile Safari/537.36 (compatible; Googlebot/2.1; +http://www.google.com/bot.html)"
66.249.70.102 - - [28/Jul/2025:19:24:52 +0000] "GET /shopdetail/7546213/ HTTP/1.1" 301 3833 "-" "Mozilla/5.0 (Linux; Android 6.0.1; Nexus 5X Build/MMB29P) AppleWebKit/537.36 (KHTML, like Gecko) Chrome/137.0.7151.103 Mobile Safari/537.36 (compatible; Googlebot/2.1; +http://www.google.com/bot.html)"
66.249.70.101 - - [28/Jul/2025:19:24:53 +0000] "GET /shopdetail/23835691/ HTTP/1.1" 301 542 "-" "Mozilla/5.0 (Linux; Android 6.0.1; Nexus 5X Build/MMB29P) AppleWebKit/537.36 (KHTML, like Gecko) Chrome/137.0.7151.103 Mobile Safari/537.36 (compatible; Googlebot/2.1; +http://www.google.com/bot.html)"
66.249.70.101 - - [28/Jul/2025:19:24:55 +0000] "GET /shopdetail/7546213 HTTP/1.1" 200 19741 "-" "Mozilla/5.0 (Linux; Android 6.0.1; Nexus 5X Build/MMB29P) AppleWebKit/537.36 (KHTML, like Gecko) Chrome/137.0.7151.103 Mobile Safari/537.36 (compatible; Googlebot/2.1; +http://www.google.com/bot.html)"
66.249.70.101 - - [28/Jul/2025:19:24:57 +0000] "GET /shopdetail/23835691 HTTP/1.1" 200 18589 "-" "Mozilla/5.0 (Linux; Android 6.0.1; Nexus 5X Build/MMB29P) AppleWebKit/537.36 (KHTML, like Gecko) Chrome/137.0.7151.103 Mobile Safari/537.36 (compatible; Googlebot/2.1; +http://www.google.com/bot.html)"
66.249.70.100 - - [28/Jul/2025:19:24:59 +0000] "GET /shopdetail/15357135 HTTP/1.1" 200 21890 "-" "Mozilla/5.0 (Linux; Android 6.0.1; Nexus 5X Build/MMB29P) AppleWebKit/537.36 (KHTML, like Gecko) Chrome/137.0.7151.103 Mobile Safari/537.36 (compatible; Googlebot/2.1; +http://www.google.com/bot.html)"
66.249.70.100 - - [28/Jul/2025:19:25:03 +0000] "POST /get-message-notify HTTP/1.1" 200 18460 "https://www.bizcards.co.in/shopdetail/7546213" "Mozilla/5.0 (Linux; Android 6.0.1; Nexus 5X Build/MMB29P) AppleWebKit/537.36 (KHTML, like Gecko) Chrome/137.0.7151.119 Mobile Safari/537.36 (compatible; Googlebot/2.1; +http://www.google.com/bot.html)"
40.77.167.27 - - [28/Jul/2025:19:25:33 +0000] "GET /shopdetail/11926102/ HTTP/2.0" 301 363 "-" "Mozilla/5.0 AppleWebKit/537.36 (KHTML, like Gecko; compatible; bingbot/2.0; +http://www.bing.com/bingbot.htm) Chrome/116.0.1938.76 Safari/537.36"
40.77.167.27 - - [28/Jul/2025:19:25:33 +0000] "GET /shopdetail/11926102 HTTP/2.0" 200 17542 "-" "Mozilla/5.0 AppleWebKit/537.36 (KHTML, like Gecko; compatible; bingbot/2.0; +http://www.bing.com/bingbot.htm) Chrome/116.0.1938.76 Safari/537.36"
40.77.167.27 - - [28/Jul/2025:19:25:35 +0000] "GET /shopdetail/11888491/ HTTP/2.0" 301 333 "-" "Mozilla/5.0 AppleWebKit/537.36 (KHTML, like Gecko; compatible; bingbot/2.0; +http://www.bing.com/bingbot.htm) Chrome/116.0.1938.76 Safari/537.36"
40.77.167.27 - - [28/Jul/2025:19:25:36 +0000] "GET /shopdetail/11888491 HTTP/2.0" 200 18646 "-" "Mozilla/5.0 AppleWebKit/537.36 (KHTML, like Gecko; compatible; bingbot/2.0; +http://www.bing.com/bingbot.htm) Chrome/116.0.1938.76 Safari/537.36"
66.249.70.101 - - [28/Jul/2025:19:26:01 +0000] "GET /shopdetail/25812479/ HTTP/1.1" 301 3835 "-" "Mozilla/5.0 (Linux; Android 6.0.1; Nexus 5X Build/MMB29P) AppleWebKit/537.36 (KHTML, like Gecko) Chrome/137.0.7151.103 Mobile Safari/537.36 (compatible; Googlebot/2.1; +http://www.google.com/bot.html)"
66.249.70.102 - - [28/Jul/2025:19:26:03 +0000] "GET /shopdetail/25812479 HTTP/1.1" 200 21590 "-" "Mozilla/5.0 (Linux; Android 6.0.1; Nexus 5X Build/MMB29P) AppleWebKit/537.36 (KHTML, like Gecko) Chrome/137.0.7151.103 Mobile Safari/537.36 (compatible; Googlebot/2.1; +http://www.google.com/bot.html)"
207.46.13.157 - - [28/Jul/2025:19:26:49 +0000] "GET /shopdetail/11829613/ HTTP/2.0" 301 364 "-" "Mozilla/5.0 AppleWebKit/537.36 (KHTML, like Gecko; compatible; bingbot/2.0; +http://www.bing.com/bingbot.htm) Chrome/116.0.1938.76 Safari/537.36"
207.46.13.157 - - [28/Jul/2025:19:26:50 +0000] "GET /shopdetail/11829613 HTTP/2.0" 200 17879 "-" "Mozilla/5.0 AppleWebKit/537.36 (KHTML, like Gecko; compatible; bingbot/2.0; +http://www.bing.com/bingbot.htm) Chrome/116.0.1938.76 Safari/537.36"
207.46.13.157 - - [28/Jul/2025:19:27:50 +0000] "GET /shopdetail/11726535/ HTTP/2.0" 301 364 "-" "Mozilla/5.0 AppleWebKit/537.36 (KHTML, like Gecko; compatible; bingbot/2.0; +http://www.bing.com/bingbot.htm) Chrome/116.0.1938.76 Safari/537.36"
207.46.13.157 - - [28/Jul/2025:19:27:51 +0000] "GET /shopdetail/11726535 HTTP/2.0" 200 19437 "-" "Mozilla/5.0 AppleWebKit/537.36 (KHTML, like Gecko; compatible; bingbot/2.0; +http://www.bing.com/bingbot.htm) Chrome/116.0.1938.76 Safari/537.36"
66.249.70.101 - - [28/Jul/2025:19:28:05 +0000] "GET /shopdetail/5703068 HTTP/1.1" 200 22505 "-" "Mozilla/5.0 (Linux; Android 6.0.1; Nexus 5X Build/MMB29P) AppleWebKit/537.36 (KHTML, like Gecko) Chrome/137.0.7151.103 Mobile Safari/537.36 (compatible; Googlebot/2.1; +http://www.google.com/bot.html)"
40.77.167.27 - - [28/Jul/2025:19:28:23 +0000] "GET /shopdetail/8173546/ HTTP/2.0" 301 363 "-" "Mozilla/5.0 AppleWebKit/537.36 (KHTML, like Gecko; compatible; bingbot/2.0; +http://www.bing.com/bingbot.htm) Chrome/116.0.1938.76 Safari/537.36"
40.77.167.27 - - [28/Jul/2025:19:28:24 +0000] "GET /shopdetail/8173546 HTTP/2.0" 200 18411 "-" "Mozilla/5.0 AppleWebKit/537.36 (KHTML, like Gecko; compatible; bingbot/2.0; +http://www.bing.com/bingbot.htm) Chrome/116.0.1938.76 Safari/537.36"
40.77.167.27 - - [28/Jul/2025:19:28:25 +0000] "GET /shopdetail/11894746/ HTTP/2.0" 301 333 "-" "Mozilla/5.0 AppleWebKit/537.36 (KHTML, like Gecko; compatible; bingbot/2.0; +http://www.bing.com/bingbot.htm) Chrome/116.0.1938.76 Safari/537.36"
40.77.167.27 - - [28/Jul/2025:19:28:26 +0000] "GET /shopdetail/11894746 HTTP/2.0" 200 17793 "-" "Mozilla/5.0 AppleWebKit/537.36 (KHTML, like Gecko; compatible; bingbot/2.0; +http://www.bing.com/bingbot.htm) Chrome/116.0.1938.76 Safari/537.36"
52.167.144.234 - - [28/Jul/2025:19:28:30 +0000] "GET /shopdetail/11998391/ HTTP/2.0" 301 364 "-" "Mozilla/5.0 AppleWebKit/537.36 (KHTML, like Gecko; compatible; bingbot/2.0; +http://www.bing.com/bingbot.htm) Chrome/116.0.1938.76 Safari/537.36"
52.167.144.234 - - [28/Jul/2025:19:28:31 +0000] "GET /shopdetail/11998391 HTTP/2.0" 200 19043 "-" "Mozilla/5.0 AppleWebKit/537.36 (KHTML, like Gecko; compatible; bingbot/2.0; +http://www.bing.com/bingbot.htm) Chrome/116.0.1938.76 Safari/537.36"
66.249.70.102 - - [28/Jul/2025:19:29:44 +0000] "GET /product/edit/91843025 HTTP/1.1" 200 22685 "-" "Mozilla/5.0 (Linux; Android 6.0.1; Nexus 5X Build/MMB29P) AppleWebKit/537.36 (KHTML, like Gecko) Chrome/137.0.7151.103 Mobile Safari/537.36 (compatible; Googlebot/2.1; +http://www.google.com/bot.html)"
40.77.167.27 - - [28/Jul/2025:19:29:54 +0000] "GET /shopdetail/11661980/ HTTP/2.0" 301 364 "-" "Mozilla/5.0 AppleWebKit/537.36 (KHTML, like Gecko; compatible; bingbot/2.0; +http://www.bing.com/bingbot.htm) Chrome/116.0.1938.76 Safari/537.36"
40.77.167.27 - - [28/Jul/2025:19:29:55 +0000] "GET /shopdetail/11661980 HTTP/2.0" 200 18595 "-" "Mozilla/5.0 AppleWebKit/537.36 (KHTML, like Gecko; compatible; bingbot/2.0; +http://www.bing.com/bingbot.htm) Chrome/116.0.1938.76 Safari/537.36"
40.77.167.27 - - [28/Jul/2025:19:30:33 +0000] "GET /shopdetail/12009802/ HTTP/2.0" 301 363 "-" "Mozilla/5.0 AppleWebKit/537.36 (KHTML, like Gecko; compatible; bingbot/2.0; +http://www.bing.com/bingbot.htm) Chrome/116.0.1938.76 Safari/537.36"
40.77.167.27 - - [28/Jul/2025:19:30:34 +0000] "GET /shopdetail/12009802 HTTP/2.0" 200 17905 "-" "Mozilla/5.0 AppleWebKit/537.36 (KHTML, like Gecko; compatible; bingbot/2.0; +http://www.bing.com/bingbot.htm) Chrome/116.0.1938.76 Safari/537.36"
40.77.167.27 - - [28/Jul/2025:19:30:35 +0000] "GET /product/edit/13693098 HTTP/2.0" 200 18508 "-" "Mozilla/5.0 AppleWebKit/537.36 (KHTML, like Gecko; compatible; bingbot/2.0; +http://www.bing.com/bingbot.htm) Chrome/116.0.1938.76 Safari/537.36"
207.46.13.157 - - [28/Jul/2025:19:30:51 +0000] "GET /shopdetail/11820435/ HTTP/2.0" 301 364 "-" "Mozilla/5.0 AppleWebKit/537.36 (KHTML, like Gecko; compatible; bingbot/2.0; +http://www.bing.com/bingbot.htm) Chrome/116.0.1938.76 Safari/537.36"
207.46.13.157 - - [28/Jul/2025:19:30:52 +0000] "GET /shopdetail/11820435 HTTP/2.0" 200 18068 "-" "Mozilla/5.0 AppleWebKit/537.36 (KHTML, like Gecko; compatible; bingbot/2.0; +http://www.bing.com/bingbot.htm) Chrome/116.0.1938.76 Safari/537.36"
66.249.70.102 - - [28/Jul/2025:19:31:22 +0000] "GET /zhHant/product/surugaya/29638582?campaign_uid=f64d716db5e979ed2f947dbaf4296895b951ae7f HTTP/1.1" 200 21693 "-" "Mozilla/5.0 (Linux; Android 6.0.1; Nexus 5X Build/MMB29P) AppleWebKit/537.36 (KHTML, like Gecko) Chrome/137.0.7151.103 Mobile Safari/537.36 (compatible; Googlebot/2.1; +http://www.google.com/bot.html)"
207.46.13.157 - - [28/Jul/2025:19:31:52 +0000] "GET /shopdetail/11987524/ HTTP/2.0" 301 364 "-" "Mozilla/5.0 AppleWebKit/537.36 (KHTML, like Gecko; compatible; bingbot/2.0; +http://www.bing.com/bingbot.htm) Chrome/116.0.1938.76 Safari/537.36"
207.46.13.157 - - [28/Jul/2025:19:31:53 +0000] "GET /shopdetail/11987524 HTTP/2.0" 200 18138 "-" "Mozilla/5.0 AppleWebKit/537.36 (KHTML, like Gecko; compatible; bingbot/2.0; +http://www.bing.com/bingbot.htm) Chrome/116.0.1938.76 Safari/537.36"
40.77.167.27 - - [28/Jul/2025:19:32:44 +0000] "GET /product/edit/80906672 HTTP/2.0" 200 18479 "-" "Mozilla/5.0 AppleWebKit/537.36 (KHTML, like Gecko; compatible; bingbot/2.0; +http://www.bing.com/bingbot.htm) Chrome/116.0.1938.76 Safari/537.36"
157.55.39.13 - - [28/Jul/2025:19:32:52 +0000] "GET /product/edit/36158889 HTTP/2.0" 200 18004 "-" "Mozilla/5.0 AppleWebKit/537.36 (KHTML, like Gecko; compatible; bingbot/2.0; +http://www.bing.com/bingbot.htm) Chrome/116.0.1938.76 Safari/537.36"
52.167.144.225 - - [28/Jul/2025:19:33:00 +0000] "GET /shopdetail/11641457/ HTTP/2.0" 301 364 "-" "Mozilla/5.0 AppleWebKit/537.36 (KHTML, like Gecko; compatible; bingbot/2.0; +http://www.bing.com/bingbot.htm) Chrome/116.0.1938.76 Safari/537.36"
66.249.70.101 - - [28/Jul/2025:19:33:01 +0000] "GET /product/edit/17928219 HTTP/1.1" 200 21350 "-" "Mozilla/5.0 (Linux; Android 6.0.1; Nexus 5X Build/MMB29P) AppleWebKit/537.36 (KHTML, like Gecko) Chrome/137.0.7151.103 Mobile Safari/537.36 (compatible; Googlebot/2.1; +http://www.google.com/bot.html)"
52.167.144.225 - - [28/Jul/2025:19:33:01 +0000] "GET /shopdetail/11641457 HTTP/2.0" 200 18587 "-" "Mozilla/5.0 AppleWebKit/537.36 (KHTML, like Gecko; compatible; bingbot/2.0; +http://www.bing.com/bingbot.htm) Chrome/116.0.1938.76 Safari/537.36"
66.249.70.100 - - [28/Jul/2025:19:33:52 +0000] "GET /shopdetail/10503979 HTTP/1.1" 200 21539 "-" "Mozilla/5.0 (Linux; Android 6.0.1; Nexus 5X Build/MMB29P) AppleWebKit/537.36 (KHTML, like Gecko) Chrome/137.0.7151.103 Mobile Safari/537.36 (compatible; Googlebot/2.1; +http://www.google.com/bot.html)"
66.249.70.101 - - [28/Jul/2025:19:33:55 +0000] "GET /shopdetail/18802368/ HTTP/1.1" 301 3835 "-" "Mozilla/5.0 (Linux; Android 6.0.1; Nexus 5X Build/MMB29P) AppleWebKit/537.36 (KHTML, like Gecko) Chrome/137.0.7151.103 Mobile Safari/537.36 (compatible; Googlebot/2.1; +http://www.google.com/bot.html)"
66.249.70.100 - - [28/Jul/2025:19:33:56 +0000] "GET /shopdetail/18802368 HTTP/1.1" 200 18463 "-" "Mozilla/5.0 (Linux; Android 6.0.1; Nexus 5X Build/MMB29P) AppleWebKit/537.36 (KHTML, like Gecko) Chrome/137.0.7151.103 Mobile Safari/537.36 (compatible; Googlebot/2.1; +http://www.google.com/bot.html)"
40.77.167.27 - - [28/Jul/2025:19:34:05 +0000] "GET /shopdetail/11961580/ HTTP/2.0" 301 364 "-" "Mozilla/5.0 AppleWebKit/537.36 (KHTML, like Gecko; compatible; bingbot/2.0; +http://www.bing.com/bingbot.htm) Chrome/116.0.1938.76 Safari/537.36"
40.77.167.27 - - [28/Jul/2025:19:34:05 +0000] "GET /shopdetail/11961580 HTTP/2.0" 200 18905 "-" "Mozilla/5.0 AppleWebKit/537.36 (KHTML, like Gecko; compatible; bingbot/2.0; +http://www.bing.com/bingbot.htm) Chrome/116.0.1938.76 Safari/537.36"
52.167.144.225 - - [28/Jul/2025:19:34:40 +0000] "GET /shopdetail/11979446/ HTTP/2.0" 301 364 "-" "Mozilla/5.0 AppleWebKit/537.36 (KHTML, like Gecko; compatible; bingbot/2.0; +http://www.bing.com/bingbot.htm) Chrome/116.0.1938.76 Safari/537.36"
52.167.144.225 - - [28/Jul/2025:19:34:41 +0000] "GET /shopdetail/11979446 HTTP/2.0" 200 17808 "-" "Mozilla/5.0 AppleWebKit/537.36 (KHTML, like Gecko; compatible; bingbot/2.0; +http://www.bing.com/bingbot.htm) Chrome/116.0.1938.76 Safari/537.36"
66.249.70.101 - - [28/Jul/2025:19:34:47 +0000] "GET /shopdetail/12238213/ HTTP/1.1" 301 3835 "-" "Mozilla/5.0 (Linux; Android 6.0.1; Nexus 5X Build/MMB29P) AppleWebKit/537.36 (KHTML, like Gecko) Chrome/137.0.7151.103 Mobile Safari/537.36 (compatible; Googlebot/2.1; +http://www.google.com/bot.html)"
66.249.70.101 - - [28/Jul/2025:19:34:48 +0000] "GET /shopdetail/1233946 HTTP/1.1" 200 18587 "-" "Mozilla/5.0 (Linux; Android 6.0.1; Nexus 5X Build/MMB29P) AppleWebKit/537.36 (KHTML, like Gecko) Chrome/137.0.7151.103 Mobile Safari/537.36 (compatible; Googlebot/2.1; +http://www.google.com/bot.html)"
66.249.70.100 - - [28/Jul/2025:19:34:51 +0000] "GET /shopdetail/23165480 HTTP/1.1" 200 21721 "-" "Mozilla/5.0 (Linux; Android 6.0.1; Nexus 5X Build/MMB29P) AppleWebKit/537.36 (KHTML, like Gecko) Chrome/137.0.7151.103 Mobile Safari/537.36 (compatible; Googlebot/2.1; +http://www.google.com/bot.html)"
66.249.70.100 - - [28/Jul/2025:19:34:52 +0000] "GET /shopdetail/12238213 HTTP/1.1" 200 18212 "-" "Mozilla/5.0 (Linux; Android 6.0.1; Nexus 5X Build/MMB29P) AppleWebKit/537.36 (KHTML, like Gecko) Chrome/137.0.7151.103 Mobile Safari/537.36 (compatible; Googlebot/2.1; +http://www.google.com/bot.html)"
66.249.70.101 - - [28/Jul/2025:19:34:54 +0000] "GET /shopdetail/1154024 HTTP/1.1" 200 21878 "-" "Mozilla/5.0 (Linux; Android 6.0.1; Nexus 5X Build/MMB29P) AppleWebKit/537.36 (KHTML, like Gecko) Chrome/137.0.7151.103 Mobile Safari/537.36 (compatible; Googlebot/2.1; +http://www.google.com/bot.html)"
40.77.167.27 - - [28/Jul/2025:19:35:05 +0000] "GET /shopdetail/12000324/ HTTP/2.0" 301 363 "-" "Mozilla/5.0 AppleWebKit/537.36 (KHTML, like Gecko; compatible; bingbot/2.0; +http://www.bing.com/bingbot.htm) Chrome/116.0.1938.76 Safari/537.36"
40.77.167.27 - - [28/Jul/2025:19:35:06 +0000] "GET /shopdetail/12000324 HTTP/2.0" 200 17924 "-" "Mozilla/5.0 AppleWebKit/537.36 (KHTML, like Gecko; compatible; bingbot/2.0; +http://www.bing.com/bingbot.htm) Chrome/116.0.1938.76 Safari/537.36"
66.249.70.100 - - [28/Jul/2025:19:35:45 +0000] "GET /zhHant/product/surugaya/66414681?campaign_uid=f64d716db5e979ed2f947dbaf4296895b951ae7f HTTP/1.1" 200 22665 "-" "Mozilla/5.0 (Linux; Android 6.0.1; Nexus 5X Build/MMB29P) AppleWebKit/537.36 (KHTML, like Gecko) Chrome/137.0.7151.103 Mobile Safari/537.36 (compatible; Googlebot/2.1; +http://www.google.com/bot.html)"
66.249.70.101 - - [28/Jul/2025:19:35:47 +0000] "GET /shopdetail/22683213 HTTP/1.1" 200 21243 "-" "Mozilla/5.0 (Linux; Android 6.0.1; Nexus 5X Build/MMB29P) AppleWebKit/537.36 (KHTML, like Gecko) Chrome/137.0.7151.103 Mobile Safari/537.36 (compatible; Googlebot/2.1; +http://www.google.com/bot.html)"
66.249.70.100 - - [28/Jul/2025:19:35:52 +0000] "POST /get-message-notify HTTP/1.1" 200 21779 "https://www.bizcards.co.in/shopdetail/22683213" "Mozilla/5.0 (Linux; Android 6.0.1; Nexus 5X Build/MMB29P) AppleWebKit/537.36 (KHTML, like Gecko) Chrome/137.0.7151.119 Mobile Safari/537.36 (compatible; Googlebot/2.1; +http://www.google.com/bot.html)"
49.51.233.46 - - [28/Jul/2025:19:37:59 +0000] "GET / HTTP/1.1" 200 21730 "-" "Mozilla/5.0 (iPhone; CPU iPhone OS 13_2_3 like Mac OS X) AppleWebKit/605.1.15 (KHTML, like Gecko) Version/13.0.3 Mobile/15E148 Safari/604.1"
66.249.70.101 - - [28/Jul/2025:19:38:13 +0000] "GET /shopdetail/9580513/ HTTP/1.1" 301 3833 "-" "Mozilla/5.0 (Linux; Android 6.0.1; Nexus 5X Build/MMB29P) AppleWebKit/537.36 (KHTML, like Gecko) Chrome/137.0.7151.103 Mobile Safari/537.36 (compatible; Googlebot/2.1; +http://www.google.com/bot.html)"
66.249.70.102 - - [28/Jul/2025:19:38:14 +0000] "GET /shopdetail/23365680/ HTTP/1.1" 301 3835 "-" "Mozilla/5.0 (Linux; Android 6.0.1; Nexus 5X Build/MMB29P) AppleWebKit/537.36 (KHTML, like Gecko) Chrome/137.0.7151.103 Mobile Safari/537.36 (compatible; Googlebot/2.1; +http://www.google.com/bot.html)"
66.249.70.102 - - [28/Jul/2025:19:38:15 +0000] "GET /shopdetail/9580513 HTTP/1.1" 200 18828 "-" "Mozilla/5.0 (Linux; Android 6.0.1; Nexus 5X Build/MMB29P) AppleWebKit/537.36 (KHTML, like Gecko) Chrome/137.0.7151.103 Mobile Safari/537.36 (compatible; Googlebot/2.1; +http://www.google.com/bot.html)"
66.249.70.102 - - [28/Jul/2025:19:38:16 +0000] "GET /shopdetail/23365680 HTTP/1.1" 200 18475 "-" "Mozilla/5.0 (Linux; Android 6.0.1; Nexus 5X Build/MMB29P) AppleWebKit/537.36 (KHTML, like Gecko) Chrome/137.0.7151.103 Mobile Safari/537.36 (compatible; Googlebot/2.1; +http://www.google.com/bot.html)"
52.167.144.225 - - [28/Jul/2025:19:39:03 +0000] "GET /toreka/figure_menu.html HTTP/2.0" 200 18608 "-" "Mozilla/5.0 AppleWebKit/537.36 (KHTML, like Gecko; compatible; bingbot/2.0; +http://www.bing.com/bingbot.htm) Chrome/116.0.1938.76 Safari/537.36"
66.249.70.100 - - [28/Jul/2025:19:39:54 +0000] "GET /product/edit/42642953 HTTP/1.1" 200 21833 "-" "Mozilla/5.0 (Linux; Android 6.0.1; Nexus 5X Build/MMB29P) AppleWebKit/537.36 (KHTML, like Gecko) Chrome/137.0.7151.103 Mobile Safari/537.36 (compatible; Googlebot/2.1; +http://www.google.com/bot.html)"
66.249.70.101 - - [28/Jul/2025:19:41:33 +0000] "GET /zhHant/product/surugaya/10982806?campaign_uid=f64d716db5e979ed2f947dbaf4296895b951ae7f HTTP/1.1" 200 21596 "-" "Mozilla/5.0 (Linux; Android 6.0.1; Nexus 5X Build/MMB29P) AppleWebKit/537.36 (KHTML, like Gecko) Chrome/137.0.7151.103 Mobile Safari/537.36 (compatible; Googlebot/2.1; +http://www.google.com/bot.html)"
66.249.70.102 - - [28/Jul/2025:19:41:34 +0000] "GET /shopdetail/6860746 HTTP/1.1" 200 21628 "-" "Mozilla/5.0 (Linux; Android 6.0.1; Nexus 5X Build/MMB29P) AppleWebKit/537.36 (KHTML, like Gecko) Chrome/137.0.7151.103 Mobile Safari/537.36 (compatible; Googlebot/2.1; +http://www.google.com/bot.html)"
66.249.70.101 - - [28/Jul/2025:19:41:36 +0000] "GET /shopdetail/10321968 HTTP/1.1" 200 18576 "-" "Mozilla/5.0 (Linux; Android 6.0.1; Nexus 5X Build/MMB29P) AppleWebKit/537.36 (KHTML, like Gecko) Chrome/137.0.7151.103 Mobile Safari/537.36 (compatible; Googlebot/2.1; +http://www.google.com/bot.html)"
66.249.70.100 - - [28/Jul/2025:19:41:38 +0000] "GET /shopdetail/30292013 HTTP/1.1" 200 21628 "-" "Mozilla/5.0 (Linux; Android 6.0.1; Nexus 5X Build/MMB29P) AppleWebKit/537.36 (KHTML, like Gecko) Chrome/137.0.7151.103 Mobile Safari/537.36 (compatible; Googlebot/2.1; +http://www.google.com/bot.html)"
66.249.70.100 - - [28/Jul/2025:19:41:41 +0000] "POST /get-message-notify HTTP/1.1" 200 18460 "https://www.bizcards.co.in/shopdetail/10321968" "Mozilla/5.0 (Linux; Android 6.0.1; Nexus 5X Build/MMB29P) AppleWebKit/537.36 (KHTML, like Gecko) Chrome/137.0.7151.119 Mobile Safari/537.36 (compatible; Googlebot/2.1; +http://www.google.com/bot.html)"
66.249.70.102 - - [28/Jul/2025:19:43:16 +0000] "GET /shopdetail/18606691 HTTP/1.1" 200 23174 "-" "Mozilla/5.0 (Linux; Android 6.0.1; Nexus 5X Build/MMB29P) AppleWebKit/537.36 (KHTML, like Gecko) Chrome/137.0.7151.103 Mobile Safari/537.36 (compatible; Googlebot/2.1; +http://www.google.com/bot.html)"
66.249.70.102 - - [28/Jul/2025:19:43:18 +0000] "GET /shopdetail/25352857 HTTP/1.1" 200 19429 "-" "Mozilla/5.0 (Linux; Android 6.0.1; Nexus 5X Build/MMB29P) AppleWebKit/537.36 (KHTML, like Gecko) Chrome/137.0.7151.103 Mobile Safari/537.36 (compatible; Googlebot/2.1; +http://www.google.com/bot.html)"
20.15.133.163 - - [28/Jul/2025:19:43:59 +0000] "GET /shopdetail/2647813/ HTTP/2.0" 301 364 "-" "Mozilla/5.0 AppleWebKit/537.36 (KHTML, like Gecko; compatible; bingbot/2.0; +http://www.bing.com/bingbot.htm) Chrome/116.0.1938.76 Safari/537.36"
93.123.109.222 - - [28/Jul/2025:19:44:12 +0000] "GET / HTTP/1.0" 400 528 "-" "-"
93.123.109.222 - - [28/Jul/2025:19:44:12 +0000] "GET /favicon.ico HTTP/1.1" 404 341 "-" "Mozilla/5.0 (Windows NT 10.0; Win64; x64) AppleWebKit/537.36 (KHTML, like Gecko) Chrome/137.0.0.0 Safari/537.36"
93.123.109.222 - - [28/Jul/2025:19:44:12 +0000] "GET /sclogin.html HTTP/1.1" 404 8766 "-" "Mozilla/5.0 (Windows NT 10.0; Win64; x64) AppleWebKit/537.36 (KHTML, like Gecko) Chrome/137.0.0.0 Safari/537.36"
93.123.109.222 - - [28/Jul/2025:19:44:13 +0000] "GET /logout HTTP/1.1" 404 12158 "-" "Mozilla/5.0 (Windows NT 10.0; Win64; x64) AppleWebKit/537.36 (KHTML, like Gecko) Chrome/137.0.0.0 Safari/537.36"
66.249.70.100 - - [28/Jul/2025:19:45:30 +0000] "GET /shopdetail/2250757 HTTP/1.1" 200 22466 "-" "Mozilla/5.0 (Linux; Android 6.0.1; Nexus 5X Build/MMB29P) AppleWebKit/537.36 (KHTML, like Gecko) Chrome/137.0.7151.103 Mobile Safari/537.36 (compatible; Googlebot/2.1; +http://www.google.com/bot.html)"
66.249.70.102 - - [28/Jul/2025:19:45:33 +0000] "GET /shopdetail/11555880 HTTP/1.1" 200 22269 "-" "Mozilla/5.0 (Linux; Android 6.0.1; Nexus 5X Build/MMB29P) AppleWebKit/537.36 (KHTML, like Gecko) Chrome/137.0.7151.103 Mobile Safari/537.36 (compatible; Googlebot/2.1; +http://www.google.com/bot.html)"
66.249.70.101 - - [28/Jul/2025:19:45:35 +0000] "GET /shopdetail/3533591 HTTP/1.1" 200 22435 "-" "Mozilla/5.0 (Linux; Android 6.0.1; Nexus 5X Build/MMB29P) AppleWebKit/537.36 (KHTML, like Gecko) Chrome/137.0.7151.103 Mobile Safari/537.36 (compatible; Googlebot/2.1; +http://www.google.com/bot.html)"
66.249.70.100 - - [28/Jul/2025:19:45:48 +0000] "POST /get-message-notify HTTP/1.1" 200 21779 "https://www.bizcards.co.in/shopdetail/2250757" "Mozilla/5.0 (Linux; Android 6.0.1; Nexus 5X Build/MMB29P) AppleWebKit/537.36 (KHTML, like Gecko) Chrome/137.0.7151.119 Mobile Safari/537.36 (compatible; Googlebot/2.1; +http://www.google.com/bot.html)"
40.77.167.17 - - [28/Jul/2025:19:46:11 +0000] "GET /shopdetail/11711102/ HTTP/2.0" 301 363 "-" "Mozilla/5.0 AppleWebKit/537.36 (KHTML, like Gecko; compatible; bingbot/2.0; +http://www.bing.com/bingbot.htm) Chrome/116.0.1938.76 Safari/537.36"
40.77.167.17 - - [28/Jul/2025:19:46:12 +0000] "GET /shopdetail/11711102 HTTP/2.0" 200 18101 "-" "Mozilla/5.0 AppleWebKit/537.36 (KHTML, like Gecko; compatible; bingbot/2.0; +http://www.bing.com/bingbot.htm) Chrome/116.0.1938.76 Safari/537.36"
66.249.70.101 - - [28/Jul/2025:19:47:14 +0000] "GET /shopdetail/28633691 HTTP/1.1" 200 21813 "-" "Mozilla/5.0 (Linux; Android 6.0.1; Nexus 5X Build/MMB29P) AppleWebKit/537.36 (KHTML, like Gecko) Chrome/137.0.7151.103 Mobile Safari/537.36 (compatible; Googlebot/2.1; +http://www.google.com/bot.html)"
66.249.70.100 - - [28/Jul/2025:19:47:18 +0000] "POST /get-message-notify HTTP/1.1" 200 21779 "https://www.bizcards.co.in/shopdetail/28633691" "Mozilla/5.0 (Linux; Android 6.0.1; Nexus 5X Build/MMB29P) AppleWebKit/537.36 (KHTML, like Gecko) Chrome/137.0.7151.119 Mobile Safari/537.36 (compatible; Googlebot/2.1; +http://www.google.com/bot.html)"
40.77.167.17 - - [28/Jul/2025:19:48:11 +0000] "GET /shopdetail/11612657/ HTTP/2.0" 301 364 "-" "Mozilla/5.0 AppleWebKit/537.36 (KHTML, like Gecko; compatible; bingbot/2.0; +http://www.bing.com/bingbot.htm) Chrome/116.0.1938.76 Safari/537.36"
40.77.167.17 - - [28/Jul/2025:19:48:11 +0000] "GET /shopdetail/11612657 HTTP/2.0" 200 18396 "-" "Mozilla/5.0 AppleWebKit/537.36 (KHTML, like Gecko; compatible; bingbot/2.0; +http://www.bing.com/bingbot.htm) Chrome/116.0.1938.76 Safari/537.36"
40.77.167.155 - - [28/Jul/2025:19:48:18 +0000] "GET /shopdetail/11651380/ HTTP/2.0" 301 364 "-" "Mozilla/5.0 AppleWebKit/537.36 (KHTML, like Gecko; compatible; bingbot/2.0; +http://www.bing.com/bingbot.htm) Chrome/116.0.1938.76 Safari/537.36"
40.77.167.155 - - [28/Jul/2025:19:48:20 +0000] "GET /shopdetail/11651380 HTTP/2.0" 200 18380 "-" "Mozilla/5.0 AppleWebKit/537.36 (KHTML, like Gecko; compatible; bingbot/2.0; +http://www.bing.com/bingbot.htm) Chrome/116.0.1938.76 Safari/537.36"
207.46.13.14 - - [28/Jul/2025:19:49:18 +0000] "GET /shopdetail/11770479/ HTTP/2.0" 301 364 "-" "Mozilla/5.0 AppleWebKit/537.36 (KHTML, like Gecko; compatible; bingbot/2.0; +http://www.bing.com/bingbot.htm) Chrome/116.0.1938.76 Safari/537.36"
207.46.13.14 - - [28/Jul/2025:19:49:19 +0000] "GET /shopdetail/11770479 HTTP/2.0" 200 18058 "-" "Mozilla/5.0 AppleWebKit/537.36 (KHTML, like Gecko; compatible; bingbot/2.0; +http://www.bing.com/bingbot.htm) Chrome/116.0.1938.76 Safari/537.36"
66.249.70.101 - - [28/Jul/2025:19:49:44 +0000] "GET /shopdetail/28836380 HTTP/1.1" 200 21233 "-" "Mozilla/5.0 (Linux; Android 6.0.1; Nexus 5X Build/MMB29P) AppleWebKit/537.36 (KHTML, like Gecko) Chrome/137.0.7151.103 Mobile Safari/537.36 (compatible; Googlebot/2.1; +http://www.google.com/bot.html)"
207.46.13.14 - - [28/Jul/2025:19:50:59 +0000] "GET /shopdetail/12013546/ HTTP/2.0" 301 364 "-" "Mozilla/5.0 AppleWebKit/537.36 (KHTML, like Gecko; compatible; bingbot/2.0; +http://www.bing.com/bingbot.htm) Chrome/116.0.1938.76 Safari/537.36"
207.46.13.14 - - [28/Jul/2025:19:51:01 +0000] "GET /shopdetail/12013546 HTTP/2.0" 200 18948 "-" "Mozilla/5.0 AppleWebKit/537.36 (KHTML, like Gecko; compatible; bingbot/2.0; +http://www.bing.com/bingbot.htm) Chrome/116.0.1938.76 Safari/537.36"
66.249.70.101 - - [28/Jul/2025:19:51:22 +0000] "GET /shopdetail/5456024 HTTP/1.1" 200 21418 "-" "Mozilla/5.0 (Linux; Android 6.0.1; Nexus 5X Build/MMB29P) AppleWebKit/537.36 (KHTML, like Gecko) Chrome/137.0.7151.103 Mobile Safari/537.36 (compatible; Googlebot/2.1; +http://www.google.com/bot.html)"
66.249.70.100 - - [28/Jul/2025:19:51:24 +0000] "GET /shopdetail/28444257 HTTP/1.1" 200 21530 "-" "Mozilla/5.0 (Linux; Android 6.0.1; Nexus 5X Build/MMB29P) AppleWebKit/537.36 (KHTML, like Gecko) Chrome/137.0.7151.103 Mobile Safari/537.36 (compatible; Googlebot/2.1; +http://www.google.com/bot.html)"
66.249.70.100 - - [28/Jul/2025:19:51:26 +0000] "GET /shopdetail/4362568/ HTTP/1.1" 301 540 "-" "Mozilla/5.0 (Linux; Android 6.0.1; Nexus 5X Build/MMB29P) AppleWebKit/537.36 (KHTML, like Gecko) Chrome/137.0.7151.103 Mobile Safari/537.36 (compatible; Googlebot/2.1; +http://www.google.com/bot.html)"
66.249.70.100 - - [28/Jul/2025:19:51:28 +0000] "GET /shopdetail/4362568 HTTP/1.1" 200 18970 "-" "Mozilla/5.0 (Linux; Android 6.0.1; Nexus 5X Build/MMB29P) AppleWebKit/537.36 (KHTML, like Gecko) Chrome/137.0.7151.103 Mobile Safari/537.36 (compatible; Googlebot/2.1; +http://www.google.com/bot.html)"
66.249.70.100 - - [28/Jul/2025:19:51:30 +0000] "POST /get-message-notify HTTP/1.1" 200 18460 "https://www.bizcards.co.in/shopdetail/28444257" "Mozilla/5.0 (Linux; Android 6.0.1; Nexus 5X Build/MMB29P) AppleWebKit/537.36 (KHTML, like Gecko) Chrome/137.0.7151.119 Mobile Safari/537.36 (compatible; Googlebot/2.1; +http://www.google.com/bot.html)"
40.77.167.17 - - [28/Jul/2025:19:52:51 +0000] "GET /shopdetail/11826979/ HTTP/2.0" 301 364 "-" "Mozilla/5.0 AppleWebKit/537.36 (KHTML, like Gecko; compatible; bingbot/2.0; +http://www.bing.com/bingbot.htm) Chrome/116.0.1938.76 Safari/537.36"
40.77.167.17 - - [28/Jul/2025:19:52:53 +0000] "GET /shopdetail/11826979 HTTP/2.0" 200 18206 "-" "Mozilla/5.0 AppleWebKit/537.36 (KHTML, like Gecko; compatible; bingbot/2.0; +http://www.bing.com/bingbot.htm) Chrome/116.0.1938.76 Safari/537.36"
66.249.70.102 - - [28/Jul/2025:19:53:08 +0000] "GET /shopdetail/28585268 HTTP/1.1" 200 22190 "-" "Mozilla/5.0 (Linux; Android 6.0.1; Nexus 5X Build/MMB29P) AppleWebKit/537.36 (KHTML, like Gecko) Chrome/137.0.7151.103 Mobile Safari/537.36 (compatible; Googlebot/2.1; +http://www.google.com/bot.html)"
66.249.70.100 - - [28/Jul/2025:19:53:58 +0000] "GET /zhHant/product/surugaya/68704470?campaign_uid=f64d716db5e979ed2f947dbaf4296895b951ae7f HTTP/1.1" 200 22344 "-" "Mozilla/5.0 (Linux; Android 6.0.1; Nexus 5X Build/MMB29P) AppleWebKit/537.36 (KHTML, like Gecko) Chrome/137.0.7151.103 Mobile Safari/537.36 (compatible; Googlebot/2.1; +http://www.google.com/bot.html)"
66.249.70.102 - - [28/Jul/2025:19:54:14 +0000] "POST /get-message-notify HTTP/1.1" 200 21779 "https://www.bizcards.co.in/shopdetail/28585268" "Mozilla/5.0 (Linux; Android 6.0.1; Nexus 5X Build/MMB29P) AppleWebKit/537.36 (KHTML, like Gecko) Chrome/137.0.7151.119 Mobile Safari/537.36 (compatible; Googlebot/2.1; +http://www.google.com/bot.html)"
66.249.70.100 - - [28/Jul/2025:19:54:48 +0000] "GET /shopdetail/28366146 HTTP/1.1" 200 21562 "-" "Mozilla/5.0 (Linux; Android 6.0.1; Nexus 5X Build/MMB29P) AppleWebKit/537.36 (KHTML, like Gecko) Chrome/137.0.7151.103 Mobile Safari/537.36 (compatible; Googlebot/2.1; +http://www.google.com/bot.html)"
66.249.70.100 - - [28/Jul/2025:19:54:50 +0000] "GET /product/edit/28176472 HTTP/1.1" 200 18385 "-" "Mozilla/5.0 (Linux; Android 6.0.1; Nexus 5X Build/MMB29P) AppleWebKit/537.36 (KHTML, like Gecko) Chrome/137.0.7151.103 Mobile Safari/537.36 (compatible; Googlebot/2.1; +http://www.google.com/bot.html)"
66.249.70.100 - - [28/Jul/2025:19:54:52 +0000] "POST /get-message-notify HTTP/1.1" 200 18460 "https://www.bizcards.co.in/shopdetail/28366146" "Mozilla/5.0 (Linux; Android 6.0.1; Nexus 5X Build/MMB29P) AppleWebKit/537.36 (KHTML, like Gecko) Chrome/137.0.7151.119 Mobile Safari/537.36 (compatible; Googlebot/2.1; +http://www.google.com/bot.html)"
66.249.70.100 - - [28/Jul/2025:19:54:55 +0000] "GET /shopdetail/24675380 HTTP/1.1" 200 19057 "-" "Mozilla/5.0 (Linux; Android 6.0.1; Nexus 5X Build/MMB29P) AppleWebKit/537.36 (KHTML, like Gecko) Chrome/137.0.7151.103 Mobile Safari/537.36 (compatible; Googlebot/2.1; +http://www.google.com/bot.html)"
66.249.70.100 - - [28/Jul/2025:19:54:57 +0000] "GET /shopdetail/24273479/ HTTP/1.1" 301 542 "-" "Mozilla/5.0 (Linux; Android 6.0.1; Nexus 5X Build/MMB29P) AppleWebKit/537.36 (KHTML, like Gecko) Chrome/137.0.7151.103 Mobile Safari/537.36 (compatible; Googlebot/2.1; +http://www.google.com/bot.html)"
66.249.70.100 - - [28/Jul/2025:19:54:59 +0000] "GET /shopdetail/14936724 HTTP/1.1" 200 19253 "-" "Mozilla/5.0 (Linux; Android 6.0.1; Nexus 5X Build/MMB29P) AppleWebKit/537.36 (KHTML, like Gecko) Chrome/137.0.7151.103 Mobile Safari/537.36 (compatible; Googlebot/2.1; +http://www.google.com/bot.html)"
66.249.70.100 - - [28/Jul/2025:19:55:01 +0000] "GET /shopdetail/24273479 HTTP/1.1" 200 18716 "-" "Mozilla/5.0 (Linux; Android 6.0.1; Nexus 5X Build/MMB29P) AppleWebKit/537.36 (KHTML, like Gecko) Chrome/137.0.7151.103 Mobile Safari/537.36 (compatible; Googlebot/2.1; +http://www.google.com/bot.html)"
66.249.70.100 - - [28/Jul/2025:19:55:13 +0000] "POST /get-message-notify HTTP/1.1" 200 21779 "https://www.bizcards.co.in/shopdetail/24273479" "Mozilla/5.0 (Linux; Android 6.0.1; Nexus 5X Build/MMB29P) AppleWebKit/537.36 (KHTML, like Gecko) Chrome/137.0.7151.119 Mobile Safari/537.36 (compatible; Googlebot/2.1; +http://www.google.com/bot.html)"
66.249.70.100 - - [28/Jul/2025:19:56:39 +0000] "GET /shopdetail/22676191 HTTP/1.1" 200 23206 "-" "Mozilla/5.0 (Linux; Android 6.0.1; Nexus 5X Build/MMB29P) AppleWebKit/537.36 (KHTML, like Gecko) Chrome/137.0.7151.103 Mobile Safari/537.36 (compatible; Googlebot/2.1; +http://www.google.com/bot.html)"
66.249.70.101 - - [28/Jul/2025:19:58:18 +0000] "GET /shopdetail/18901380 HTTP/1.1" 200 22093 "-" "Mozilla/5.0 (Linux; Android 6.0.1; Nexus 5X Build/MMB29P) AppleWebKit/537.36 (KHTML, like Gecko) Chrome/137.0.7151.103 Mobile Safari/537.36 (compatible; Googlebot/2.1; +http://www.google.com/bot.html)"
66.249.70.101 - - [28/Jul/2025:19:59:08 +0000] "GET /shopdetail/23039224/ HTTP/1.1" 301 3835 "-" "Mozilla/5.0 (Linux; Android 6.0.1; Nexus 5X Build/MMB29P) AppleWebKit/537.36 (KHTML, like Gecko) Chrome/137.0.7151.103 Mobile Safari/537.36 (compatible; Googlebot/2.1; +http://www.google.com/bot.html)"
66.249.70.102 - - [28/Jul/2025:19:59:10 +0000] "GET /shopdetail/23039224 HTTP/1.1" 200 21416 "-" "Mozilla/5.0 (Linux; Android 6.0.1; Nexus 5X Build/MMB29P) AppleWebKit/537.36 (KHTML, like Gecko) Chrome/137.0.7151.103 Mobile Safari/537.36 (compatible; Googlebot/2.1; +http://www.google.com/bot.html)"
66.249.70.102 - - [28/Jul/2025:19:59:11 +0000] "GET /shopdetail/13194579 HTTP/1.1" 200 18406 "-" "Mozilla/5.0 (Linux; Android 6.0.1; Nexus 5X Build/MMB29P) AppleWebKit/537.36 (KHTML, like Gecko) Chrome/137.0.7151.103 Mobile Safari/537.36 (compatible; Googlebot/2.1; +http://www.google.com/bot.html)"
66.249.70.101 - - [28/Jul/2025:20:00:01 +0000] "GET /shopdetail/25210835 HTTP/1.1" 200 22223 "-" "Mozilla/5.0 (Linux; Android 6.0.1; Nexus 5X Build/MMB29P) AppleWebKit/537.36 (KHTML, like Gecko) Chrome/137.0.7151.103 Mobile Safari/537.36 (compatible; Googlebot/2.1; +http://www.google.com/bot.html)"
66.249.70.100 - - [28/Jul/2025:20:00:16 +0000] "POST /get-message-notify HTTP/1.1" 200 21779 "https://www.bizcards.co.in/shopdetail/25210835" "Mozilla/5.0 (Linux; Android 6.0.1; Nexus 5X Build/MMB29P) AppleWebKit/537.36 (KHTML, like Gecko) Chrome/137.0.7151.119 Mobile Safari/537.36 (compatible; Googlebot/2.1; +http://www.google.com/bot.html)"
