207.46.13.107 - - [28/Jul/2025:05:36:58 +0000] "GET /shopdetail/7934991 HTTP/2.0" 200 17969 "-" "Mozilla/5.0 AppleWebKit/537.36 (KHTML, like Gecko; compatible; bingbot/2.0; +http://www.bing.com/bingbot.htm) Chrome/116.0.1938.76 Safari/537.36"
52.167.144.208 - - [28/Jul/2025:05:38:56 +0000] "GET /product/edit/28115681 HTTP/2.0" 200 17946 "-" "Mozilla/5.0 AppleWebKit/537.36 (KHTML, like Gecko; compatible; bingbot/2.0; +http://www.bing.com/bingbot.htm) Chrome/116.0.1938.76 Safari/537.36"
40.77.167.152 - - [28/Jul/2025:05:39:01 +0000] "GET /shopdetail/7986891/ HTTP/2.0" 301 363 "-" "Mozilla/5.0 AppleWebKit/537.36 (KHTML, like Gecko; compatible; bingbot/2.0; +http://www.bing.com/bingbot.htm) Chrome/116.0.1938.76 Safari/537.36"
40.77.167.152 - - [28/Jul/2025:05:39:01 +0000] "GET /shopdetail/7986891 HTTP/2.0" 200 18331 "-" "Mozilla/5.0 AppleWebKit/537.36 (KHTML, like Gecko; compatible; bingbot/2.0; +http://www.bing.com/bingbot.htm) Chrome/116.0.1938.76 Safari/537.36"
66.249.64.230 - - [28/Jul/2025:05:39:02 +0000] "GET /shopdetail/29806213 HTTP/1.1" 200 21484 "-" "Mozilla/5.0 (Linux; Android 6.0.1; Nexus 5X Build/MMB29P) AppleWebKit/537.36 (KHTML, like Gecko) Chrome/137.0.7151.103 Mobile Safari/537.36 (compatible; Googlebot/2.1; +http://www.google.com/bot.html)"
52.167.144.22 - - [28/Jul/2025:05:40:46 +0000] "GET /product/edit/53287486 HTTP/2.0" 200 18023 "-" "Mozilla/5.0 AppleWebKit/537.36 (KHTML, like Gecko; compatible; bingbot/2.0; +http://www.bing.com/bingbot.htm) Chrome/116.0.1938.76 Safari/537.36"
66.249.64.229 - - [28/Jul/2025:05:41:05 +0000] "POST /get-message-notify HTTP/1.1" 200 21779 "https://www.bizcards.co.in/shopdetail/29806213" "Mozilla/5.0 (Linux; Android 6.0.1; Nexus 5X Build/MMB29P) AppleWebKit/537.36 (KHTML, like Gecko) Chrome/137.0.7151.119 Mobile Safari/537.36 (compatible; Googlebot/2.1; +http://www.google.com/bot.html)"
66.249.64.228 - - [28/Jul/2025:05:41:12 +0000] "GET /shopdetail/25288557/ HTTP/1.1" 301 3835 "-" "Mozilla/5.0 (Linux; Android 6.0.1; Nexus 5X Build/MMB29P) AppleWebKit/537.36 (KHTML, like Gecko) Chrome/137.0.7151.103 Mobile Safari/537.36 (compatible; Googlebot/2.1; +http://www.google.com/bot.html)"
66.249.64.229 - - [28/Jul/2025:05:41:14 +0000] "GET /shopdetail/25288557 HTTP/1.1" 200 22608 "-" "Mozilla/5.0 (Linux; Android 6.0.1; Nexus 5X Build/MMB29P) AppleWebKit/537.36 (KHTML, like Gecko) Chrome/137.0.7151.103 Mobile Safari/537.36 (compatible; Googlebot/2.1; +http://www.google.com/bot.html)"
207.46.13.107 - - [28/Jul/2025:05:42:57 +0000] "GET /shopdetail/23660780/ HTTP/2.0" 301 364 "-" "Mozilla/5.0 AppleWebKit/537.36 (KHTML, like Gecko; compatible; bingbot/2.0; +http://www.bing.com/bingbot.htm) Chrome/116.0.1938.76 Safari/537.36"
207.46.13.107 - - [28/Jul/2025:05:42:58 +0000] "GET /shopdetail/23660780 HTTP/2.0" 200 17924 "-" "Mozilla/5.0 AppleWebKit/537.36 (KHTML, like Gecko; compatible; bingbot/2.0; +http://www.bing.com/bingbot.htm) Chrome/116.0.1938.76 Safari/537.36"
40.77.167.152 - - [28/Jul/2025:05:44:01 +0000] "GET /product/edit/51193536 HTTP/2.0" 200 19385 "-" "Mozilla/5.0 AppleWebKit/537.36 (KHTML, like Gecko; compatible; bingbot/2.0; +http://www.bing.com/bingbot.htm) Chrome/116.0.1938.76 Safari/537.36"
66.249.64.228 - - [28/Jul/2025:05:44:20 +0000] "GET /shopdetail/22090391/ HTTP/1.1" 301 3835 "-" "Mozilla/5.0 (Linux; Android 6.0.1; Nexus 5X Build/MMB29P) AppleWebKit/537.36 (KHTML, like Gecko) Chrome/137.0.7151.103 Mobile Safari/537.36 (compatible; Googlebot/2.1; +http://www.google.com/bot.html)"
66.249.64.230 - - [28/Jul/2025:05:44:21 +0000] "GET /shopdetail/22090391 HTTP/1.1" 200 21812 "-" "Mozilla/5.0 (Linux; Android 6.0.1; Nexus 5X Build/MMB29P) AppleWebKit/537.36 (KHTML, like Gecko) Chrome/137.0.7151.103 Mobile Safari/537.36 (compatible; Googlebot/2.1; +http://www.google.com/bot.html)"
66.249.64.228 - - [28/Jul/2025:05:44:38 +0000] "GET /shopdetail/24468002 HTTP/1.1" 200 21756 "-" "Mozilla/5.0 (Linux; Android 6.0.1; Nexus 5X Build/MMB29P) AppleWebKit/537.36 (KHTML, like Gecko) Chrome/137.0.7151.103 Mobile Safari/537.36 (compatible; Googlebot/2.1; +http://www.google.com/bot.html)"
207.46.13.107 - - [28/Jul/2025:05:44:48 +0000] "GET /product/edit/22933441 HTTP/2.0" 200 18042 "-" "Mozilla/5.0 AppleWebKit/537.36 (KHTML, like Gecko; compatible; bingbot/2.0; +http://www.bing.com/bingbot.htm) Chrome/116.0.1938.76 Safari/537.36"
40.77.167.152 - - [28/Jul/2025:05:46:12 +0000] "GET /product/edit/90128578 HTTP/2.0" 200 17770 "-" "Mozilla/5.0 AppleWebKit/537.36 (KHTML, like Gecko; compatible; bingbot/2.0; +http://www.bing.com/bingbot.htm) Chrome/116.0.1938.76 Safari/537.36"
52.167.144.22 - - [28/Jul/2025:05:46:27 +0000] "GET /shopdetail/15267068/ HTTP/2.0" 301 364 "-" "Mozilla/5.0 AppleWebKit/537.36 (KHTML, like Gecko; compatible; bingbot/2.0; +http://www.bing.com/bingbot.htm) Chrome/116.0.1938.76 Safari/537.36"
52.167.144.22 - - [28/Jul/2025:05:46:28 +0000] "GET /shopdetail/15267068 HTTP/2.0" 200 18484 "-" "Mozilla/5.0 AppleWebKit/537.36 (KHTML, like Gecko; compatible; bingbot/2.0; +http://www.bing.com/bingbot.htm) Chrome/116.0.1938.76 Safari/537.36"
52.167.144.22 - - [28/Jul/2025:05:46:31 +0000] "GET /shopdetail/12989568/ HTTP/2.0" 301 333 "-" "Mozilla/5.0 AppleWebKit/537.36 (KHTML, like Gecko; compatible; bingbot/2.0; +http://www.bing.com/bingbot.htm) Chrome/116.0.1938.76 Safari/537.36"
207.46.13.107 - - [28/Jul/2025:05:46:32 +0000] "GET /shopdetail/24419535/ HTTP/2.0" 301 364 "-" "Mozilla/5.0 AppleWebKit/537.36 (KHTML, like Gecko; compatible; bingbot/2.0; +http://www.bing.com/bingbot.htm) Chrome/116.0.1938.76 Safari/537.36"
207.46.13.107 - - [28/Jul/2025:05:46:33 +0000] "GET /shopdetail/24419535 HTTP/2.0" 200 18220 "-" "Mozilla/5.0 AppleWebKit/537.36 (KHTML, like Gecko; compatible; bingbot/2.0; +http://www.bing.com/bingbot.htm) Chrome/116.0.1938.76 Safari/537.36"
52.167.144.22 - - [28/Jul/2025:05:46:37 +0000] "GET /shopdetail/12989568 HTTP/2.0" 200 18901 "-" "Mozilla/5.0 AppleWebKit/537.36 (KHTML, like Gecko; compatible; bingbot/2.0; +http://www.bing.com/bingbot.htm) Chrome/116.0.1938.76 Safari/537.36"
157.55.39.48 - - [28/Jul/2025:05:48:18 +0000] "GET /product/edit/51099729 HTTP/2.0" 200 19097 "-" "Mozilla/5.0 AppleWebKit/537.36 (KHTML, like Gecko; compatible; bingbot/2.0; +http://www.bing.com/bingbot.htm) Chrome/116.0.1938.76 Safari/537.36"
157.55.39.48 - - [28/Jul/2025:05:48:20 +0000] "GET /product/edit/20866298 HTTP/2.0" 200 18773 "-" "Mozilla/5.0 AppleWebKit/537.36 (KHTML, like Gecko; compatible; bingbot/2.0; +http://www.bing.com/bingbot.htm) Chrome/116.0.1938.76 Safari/537.36"
157.55.39.48 - - [28/Jul/2025:05:48:22 +0000] "GET /shopdetail/11887579/ HTTP/2.0" 301 358 "-" "Mozilla/5.0 AppleWebKit/537.36 (KHTML, like Gecko; compatible; bingbot/2.0; +http://www.bing.com/bingbot.htm) Chrome/116.0.1938.76 Safari/537.36"
157.55.39.48 - - [28/Jul/2025:05:48:22 +0000] "GET /shopdetail/11887579 HTTP/2.0" 200 18018 "-" "Mozilla/5.0 AppleWebKit/537.36 (KHTML, like Gecko; compatible; bingbot/2.0; +http://www.bing.com/bingbot.htm) Chrome/116.0.1938.76 Safari/537.36"
157.55.39.48 - - [28/Jul/2025:05:48:24 +0000] "GET /shopdetail/8928935/ HTTP/2.0" 301 332 "-" "Mozilla/5.0 AppleWebKit/537.36 (KHTML, like Gecko; compatible; bingbot/2.0; +http://www.bing.com/bingbot.htm) Chrome/116.0.1938.76 Safari/537.36"
157.55.39.48 - - [28/Jul/2025:05:48:28 +0000] "GET /shopdetail/8928935 HTTP/2.0" 200 18274 "-" "Mozilla/5.0 AppleWebKit/537.36 (KHTML, like Gecko; compatible; bingbot/2.0; +http://www.bing.com/bingbot.htm) Chrome/116.0.1938.76 Safari/537.36"
157.55.39.48 - - [28/Jul/2025:05:48:29 +0000] "GET /shopdetail/19744068/ HTTP/2.0" 301 333 "-" "Mozilla/5.0 AppleWebKit/537.36 (KHTML, like Gecko; compatible; bingbot/2.0; +http://www.bing.com/bingbot.htm) Chrome/116.0.1938.76 Safari/537.36"
157.55.39.48 - - [28/Jul/2025:05:48:29 +0000] "GET /shopdetail/19744068 HTTP/2.0" 200 18849 "-" "Mozilla/5.0 AppleWebKit/537.36 (KHTML, like Gecko; compatible; bingbot/2.0; +http://www.bing.com/bingbot.htm) Chrome/116.0.1938.76 Safari/537.36"
157.55.39.48 - - [28/Jul/2025:05:48:48 +0000] "GET /shopdetail/14912224/ HTTP/2.0" 301 365 "-" "Mozilla/5.0 AppleWebKit/537.36 (KHTML, like Gecko; compatible; bingbot/2.0; +http://www.bing.com/bingbot.htm) Chrome/116.0.1938.76 Safari/537.36"
157.55.39.48 - - [28/Jul/2025:05:48:49 +0000] "GET /shopdetail/14912224 HTTP/2.0" 200 18863 "-" "Mozilla/5.0 AppleWebKit/537.36 (KHTML, like Gecko; compatible; bingbot/2.0; +http://www.bing.com/bingbot.htm) Chrome/116.0.1938.76 Safari/537.36"
157.55.39.48 - - [28/Jul/2025:05:50:18 +0000] "GET /shopdetail/8643680/ HTTP/2.0" 301 363 "-" "Mozilla/5.0 AppleWebKit/537.36 (KHTML, like Gecko; compatible; bingbot/2.0; +http://www.bing.com/bingbot.htm) Chrome/116.0.1938.76 Safari/537.36"
157.55.39.48 - - [28/Jul/2025:05:50:18 +0000] "GET /shopdetail/8643680 HTTP/2.0" 200 17908 "-" "Mozilla/5.0 AppleWebKit/537.36 (KHTML, like Gecko; compatible; bingbot/2.0; +http://www.bing.com/bingbot.htm) Chrome/116.0.1938.76 Safari/537.36"
157.55.39.48 - - [28/Jul/2025:05:50:21 +0000] "GET /shopdetail/10884235/ HTTP/2.0" 301 333 "-" "Mozilla/5.0 AppleWebKit/537.36 (KHTML, like Gecko; compatible; bingbot/2.0; +http://www.bing.com/bingbot.htm) Chrome/116.0.1938.76 Safari/537.36"
157.55.39.48 - - [28/Jul/2025:05:50:22 +0000] "GET /shopdetail/10884235 HTTP/2.0" 200 19223 "-" "Mozilla/5.0 AppleWebKit/537.36 (KHTML, like Gecko; compatible; bingbot/2.0; +http://www.bing.com/bingbot.htm) Chrome/116.0.1938.76 Safari/537.36"
157.55.39.48 - - [28/Jul/2025:05:51:07 +0000] "GET /product/edit/86369857 HTTP/2.0" 200 18442 "-" "Mozilla/5.0 AppleWebKit/537.36 (KHTML, like Gecko; compatible; bingbot/2.0; +http://www.bing.com/bingbot.htm) Chrome/116.0.1938.76 Safari/537.36"
157.55.39.48 - - [28/Jul/2025:05:51:09 +0000] "GET /product/edit/72112567 HTTP/2.0" 200 18439 "-" "Mozilla/5.0 AppleWebKit/537.36 (KHTML, like Gecko; compatible; bingbot/2.0; +http://www.bing.com/bingbot.htm) Chrome/116.0.1938.76 Safari/537.36"
52.167.144.179 - - [28/Jul/2025:05:51:12 +0000] "GET /product/edit/44182368 HTTP/2.0" 200 19245 "-" "Mozilla/5.0 AppleWebKit/537.36 (KHTML, like Gecko; compatible; bingbot/2.0; +http://www.bing.com/bingbot.htm) Chrome/116.0.1938.76 Safari/537.36"
40.77.167.22 - - [28/Jul/2025:05:55:09 +0000] "GET /shopdetail/10288779/ HTTP/2.0" 301 364 "-" "Mozilla/5.0 AppleWebKit/537.36 (KHTML, like Gecko; compatible; bingbot/2.0; +http://www.bing.com/bingbot.htm) Chrome/116.0.1938.76 Safari/537.36"
40.77.167.22 - - [28/Jul/2025:05:55:10 +0000] "GET /shopdetail/10288779 HTTP/2.0" 200 19159 "-" "Mozilla/5.0 AppleWebKit/537.36 (KHTML, like Gecko; compatible; bingbot/2.0; +http://www.bing.com/bingbot.htm) Chrome/116.0.1938.76 Safari/537.36"
40.77.167.6 - - [28/Jul/2025:05:58:23 +0000] "GET /shopdetail/4894224/ HTTP/2.0" 301 363 "-" "Mozilla/5.0 AppleWebKit/537.36 (KHTML, like Gecko; compatible; bingbot/2.0; +http://www.bing.com/bingbot.htm) Chrome/116.0.1938.76 Safari/537.36"
40.77.167.6 - - [28/Jul/2025:05:58:24 +0000] "GET /shopdetail/4894224 HTTP/2.0" 200 18480 "-" "Mozilla/5.0 AppleWebKit/537.36 (KHTML, like Gecko; compatible; bingbot/2.0; +http://www.bing.com/bingbot.htm) Chrome/116.0.1938.76 Safari/537.36"
66.249.64.228 - - [28/Jul/2025:05:58:32 +0000] "GET /shopdetail/9002880/ HTTP/1.1" 301 3833 "-" "Mozilla/5.0 (Linux; Android 6.0.1; Nexus 5X Build/MMB29P) AppleWebKit/537.36 (KHTML, like Gecko) Chrome/137.0.7151.103 Mobile Safari/537.36 (compatible; Googlebot/2.1; +http://www.google.com/bot.html)"
40.77.167.22 - - [28/Jul/2025:05:58:49 +0000] "GET /shopdetail/3259379/ HTTP/2.0" 301 364 "-" "Mozilla/5.0 AppleWebKit/537.36 (KHTML, like Gecko; compatible; bingbot/2.0; +http://www.bing.com/bingbot.htm) Chrome/116.0.1938.76 Safari/537.36"
40.77.167.22 - - [28/Jul/2025:05:58:51 +0000] "GET /shopdetail/3259379 HTTP/2.0" 200 17846 "-" "Mozilla/5.0 AppleWebKit/537.36 (KHTML, like Gecko; compatible; bingbot/2.0; +http://www.bing.com/bingbot.htm) Chrome/116.0.1938.76 Safari/537.36"
40.77.167.22 - - [28/Jul/2025:05:58:52 +0000] "GET /product/edit/88848196 HTTP/2.0" 200 18724 "-" "Mozilla/5.0 AppleWebKit/537.36 (KHTML, like Gecko; compatible; bingbot/2.0; +http://www.bing.com/bingbot.htm) Chrome/116.0.1938.76 Safari/537.36"
207.46.13.168 - - [28/Jul/2025:05:58:59 +0000] "GET /shopdetail/24447402/ HTTP/2.0" 301 365 "-" "Mozilla/5.0 AppleWebKit/537.36 (KHTML, like Gecko; compatible; bingbot/2.0; +http://www.bing.com/bingbot.htm) Chrome/116.0.1938.76 Safari/537.36"
207.46.13.168 - - [28/Jul/2025:05:59:00 +0000] "GET /shopdetail/24447402 HTTP/2.0" 200 18181 "-" "Mozilla/5.0 AppleWebKit/537.36 (KHTML, like Gecko; compatible; bingbot/2.0; +http://www.bing.com/bingbot.htm) Chrome/116.0.1938.76 Safari/537.36"
66.249.64.228 - - [28/Jul/2025:05:59:14 +0000] "GET /shopdetail/4446824/ HTTP/1.1" 301 3833 "-" "Mozilla/5.0 (Linux; Android 6.0.1; Nexus 5X Build/MMB29P) AppleWebKit/537.36 (KHTML, like Gecko) Chrome/137.0.7151.103 Mobile Safari/537.36 (compatible; Googlebot/2.1; +http://www.google.com/bot.html)"
66.249.64.230 - - [28/Jul/2025:05:59:16 +0000] "GET /shopdetail/4446824 HTTP/1.1" 200 21783 "-" "Mozilla/5.0 (Linux; Android 6.0.1; Nexus 5X Build/MMB29P) AppleWebKit/537.36 (KHTML, like Gecko) Chrome/137.0.7151.103 Mobile Safari/537.36 (compatible; Googlebot/2.1; +http://www.google.com/bot.html)"
66.249.64.229 - - [28/Jul/2025:06:00:13 +0000] "GET /shopdetail/2465046/ HTTP/1.1" 301 3833 "-" "Mozilla/5.0 (Linux; Android 6.0.1; Nexus 5X Build/MMB29P) AppleWebKit/537.36 (KHTML, like Gecko) Chrome/137.0.7151.103 Mobile Safari/537.36 (compatible; Googlebot/2.1; +http://www.google.com/bot.html)"
66.249.64.229 - - [28/Jul/2025:06:00:14 +0000] "GET /shopdetail/2465046 HTTP/1.1" 200 18448 "-" "Mozilla/5.0 (Linux; Android 6.0.1; Nexus 5X Build/MMB29P) AppleWebKit/537.36 (KHTML, like Gecko) Chrome/137.0.7151.103 Mobile Safari/537.36 (compatible; Googlebot/2.1; +http://www.google.com/bot.html)"
66.249.64.228 - - [28/Jul/2025:06:00:25 +0000] "POST /get-message-notify HTTP/1.1" 200 21779 "https://www.bizcards.co.in/shopdetail/2465046" "Mozilla/5.0 (Linux; Android 6.0.1; Nexus 5X Build/MMB29P) AppleWebKit/537.36 (KHTML, like Gecko) Chrome/137.0.7151.119 Mobile Safari/537.36 (compatible; Googlebot/2.1; +http://www.google.com/bot.html)"
66.249.79.131 - - [28/Jul/2025:06:01:38 +0000] "GET /shopdetail/997235 HTTP/1.1" 200 22159 "-" "Mozilla/5.0 (Linux; Android 6.0.1; Nexus 5X Build/MMB29P) AppleWebKit/537.36 (KHTML, like Gecko) Chrome/137.0.7151.103 Mobile Safari/537.36 (compatible; Googlebot/2.1; +http://www.google.com/bot.html)"
40.77.167.6 - - [28/Jul/2025:06:02:33 +0000] "GET /shopdetail/13708702/ HTTP/2.0" 301 364 "-" "Mozilla/5.0 AppleWebKit/537.36 (KHTML, like Gecko; compatible; bingbot/2.0; +http://www.bing.com/bingbot.htm) Chrome/116.0.1938.76 Safari/537.36"
40.77.167.6 - - [28/Jul/2025:06:02:34 +0000] "GET /shopdetail/13708702 HTTP/2.0" 200 17935 "-" "Mozilla/5.0 AppleWebKit/537.36 (KHTML, like Gecko; compatible; bingbot/2.0; +http://www.bing.com/bingbot.htm) Chrome/116.0.1938.76 Safari/537.36"
207.46.13.168 - - [28/Jul/2025:06:02:49 +0000] "GET /shopdetail/1382457/ HTTP/2.0" 301 363 "-" "Mozilla/5.0 AppleWebKit/537.36 (KHTML, like Gecko; compatible; bingbot/2.0; +http://www.bing.com/bingbot.htm) Chrome/116.0.1938.76 Safari/537.36"
207.46.13.168 - - [28/Jul/2025:06:02:51 +0000] "GET /shopdetail/1382457 HTTP/2.0" 200 18884 "-" "Mozilla/5.0 AppleWebKit/537.36 (KHTML, like Gecko; compatible; bingbot/2.0; +http://www.bing.com/bingbot.htm) Chrome/116.0.1938.76 Safari/537.36"
66.249.64.228 - - [28/Jul/2025:06:03:42 +0000] "GET /shopdetail/21829168 HTTP/1.1" 200 21688 "-" "Mozilla/5.0 (Linux; Android 6.0.1; Nexus 5X Build/MMB29P) AppleWebKit/537.36 (KHTML, like Gecko) Chrome/137.0.7151.103 Mobile Safari/537.36 (compatible; Googlebot/2.1; +http://www.google.com/bot.html)"
66.249.64.228 - - [28/Jul/2025:06:06:27 +0000] "GET /shopdetail/6194379 HTTP/1.1" 200 22386 "-" "Mozilla/5.0 (Linux; Android 6.0.1; Nexus 5X Build/MMB29P) AppleWebKit/537.36 (KHTML, like Gecko) Chrome/137.0.7151.103 Mobile Safari/537.36 (compatible; Googlebot/2.1; +http://www.google.com/bot.html)"
66.249.64.229 - - [28/Jul/2025:06:09:08 +0000] "POST /get-message-notify HTTP/1.1" 200 21779 "https://www.bizcards.co.in/shopdetail/6194379" "Mozilla/5.0 (Linux; Android 6.0.1; Nexus 5X Build/MMB29P) AppleWebKit/537.36 (KHTML, like Gecko) Chrome/137.0.7151.119 Mobile Safari/537.36 (compatible; Googlebot/2.1; +http://www.google.com/bot.html)"
40.77.167.65 - - [28/Jul/2025:06:09:14 +0000] "GET /shopdetail/12149913/ HTTP/2.0" 301 364 "-" "Mozilla/5.0 AppleWebKit/537.36 (KHTML, like Gecko; compatible; bingbot/2.0; +http://www.bing.com/bingbot.htm) Chrome/116.0.1938.76 Safari/537.36"
40.77.167.65 - - [28/Jul/2025:06:09:14 +0000] "GET /shopdetail/12149913 HTTP/2.0" 200 17883 "-" "Mozilla/5.0 AppleWebKit/537.36 (KHTML, like Gecko; compatible; bingbot/2.0; +http://www.bing.com/bingbot.htm) Chrome/116.0.1938.76 Safari/537.36"
198.199.83.9 - - [28/Jul/2025:06:09:26 +0000] "GET / HTTP/1.1" 200 145605 "-" "Mozilla/5.0 (Windows NT 10.0; Win64; x64) AppleWebKit/537.36 (KHTML, like Gecko) Chrome/125.0.0.0 Safari/537.36"
198.199.83.9 - - [28/Jul/2025:06:09:30 +0000] "GET //storage/uploads/logo/favicon.png%22%20type=%22image/x-icon HTTP/1.1" 403 3490 "-" "Go-http-client/1.1"
198.199.83.9 - - [28/Jul/2025:06:09:30 +0000] "GET /robots.txt HTTP/1.1" 404 3651 "-" "Go-http-client/1.1"
40.77.167.65 - - [28/Jul/2025:06:10:24 +0000] "GET /shopdetail/9128080/ HTTP/2.0" 301 363 "-" "Mozilla/5.0 AppleWebKit/537.36 (KHTML, like Gecko; compatible; bingbot/2.0; +http://www.bing.com/bingbot.htm) Chrome/116.0.1938.76 Safari/537.36"
40.77.167.65 - - [28/Jul/2025:06:10:24 +0000] "GET /shopdetail/9128080 HTTP/2.0" 200 18940 "-" "Mozilla/5.0 AppleWebKit/537.36 (KHTML, like Gecko; compatible; bingbot/2.0; +http://www.bing.com/bingbot.htm) Chrome/116.0.1938.76 Safari/537.36"
66.249.64.228 - - [28/Jul/2025:06:10:48 +0000] "GET /shopdetail/15396580 HTTP/1.1" 200 22707 "-" "Mozilla/5.0 (Linux; Android 6.0.1; Nexus 5X Build/MMB29P) AppleWebKit/537.36 (KHTML, like Gecko) Chrome/137.0.7151.103 Mobile Safari/537.36 (compatible; Googlebot/2.1; +http://www.google.com/bot.html)"
66.249.64.228 - - [28/Jul/2025:06:10:52 +0000] "POST /get-message-notify HTTP/1.1" 200 18460 "https://www.bizcards.co.in/shopdetail/15396580" "Mozilla/5.0 (Linux; Android 6.0.1; Nexus 5X Build/MMB29P) AppleWebKit/537.36 (KHTML, like Gecko) Chrome/137.0.7151.119 Mobile Safari/537.36 (compatible; Googlebot/2.1; +http://www.google.com/bot.html)"
157.55.39.53 - - [28/Jul/2025:06:13:30 +0000] "GET /shopdetail/6989157/ HTTP/2.0" 301 363 "-" "Mozilla/5.0 AppleWebKit/537.36 (KHTML, like Gecko; compatible; bingbot/2.0; +http://www.bing.com/bingbot.htm) Chrome/116.0.1938.76 Safari/537.36"
157.55.39.53 - - [28/Jul/2025:06:13:32 +0000] "GET /shopdetail/6989157 HTTP/2.0" 200 17900 "-" "Mozilla/5.0 AppleWebKit/537.36 (KHTML, like Gecko; compatible; bingbot/2.0; +http://www.bing.com/bingbot.htm) Chrome/116.0.1938.76 Safari/537.36"
40.77.167.131 - - [28/Jul/2025:06:13:42 +0000] "GET /shopdetail/9182880/ HTTP/2.0" 301 363 "-" "Mozilla/5.0 AppleWebKit/537.36 (KHTML, like Gecko; compatible; bingbot/2.0; +http://www.bing.com/bingbot.htm) Chrome/116.0.1938.76 Safari/537.36"
40.77.167.131 - - [28/Jul/2025:06:13:43 +0000] "GET /shopdetail/9182880 HTTP/2.0" 200 18680 "-" "Mozilla/5.0 AppleWebKit/537.36 (KHTML, like Gecko; compatible; bingbot/2.0; +http://www.bing.com/bingbot.htm) Chrome/116.0.1938.76 Safari/537.36"
66.249.64.228 - - [28/Jul/2025:06:16:06 +0000] "GET /shopdetail/8576379 HTTP/1.1" 200 22171 "-" "Mozilla/5.0 (Linux; Android 6.0.1; Nexus 5X Build/MMB29P) AppleWebKit/537.36 (KHTML, like Gecko) Chrome/137.0.7151.103 Mobile Safari/537.36 (compatible; Googlebot/2.1; +http://www.google.com/bot.html)"
66.249.64.229 - - [28/Jul/2025:06:16:34 +0000] "GET /shopdetail/9563791 HTTP/1.1" 200 21398 "-" "Mozilla/5.0 (Linux; Android 6.0.1; Nexus 5X Build/MMB29P) AppleWebKit/537.36 (KHTML, like Gecko) Chrome/137.0.7151.103 Mobile Safari/537.36 (compatible; Googlebot/2.1; +http://www.google.com/bot.html)"
66.249.64.229 - - [28/Jul/2025:06:16:36 +0000] "GET /shopdetail/19086735 HTTP/1.1" 200 19821 "-" "Mozilla/5.0 (Linux; Android 6.0.1; Nexus 5X Build/MMB29P) AppleWebKit/537.36 (KHTML, like Gecko) Chrome/137.0.7151.103 Mobile Safari/537.36 (compatible; Googlebot/2.1; +http://www.google.com/bot.html)"
40.77.167.65 - - [28/Jul/2025:06:18:55 +0000] "GET /shopdetail/12833024/ HTTP/2.0" 301 364 "-" "Mozilla/5.0 AppleWebKit/537.36 (KHTML, like Gecko; compatible; bingbot/2.0; +http://www.bing.com/bingbot.htm) Chrome/116.0.1938.76 Safari/537.36"
40.77.167.65 - - [28/Jul/2025:06:18:55 +0000] "GET /shopdetail/12833024 HTTP/2.0" 200 17615 "-" "Mozilla/5.0 AppleWebKit/537.36 (KHTML, like Gecko; compatible; bingbot/2.0; +http://www.bing.com/bingbot.htm) Chrome/116.0.1938.76 Safari/537.36"
40.77.167.131 - - [28/Jul/2025:06:19:03 +0000] "GET /product/edit/15629067 HTTP/2.0" 200 18548 "-" "Mozilla/5.0 AppleWebKit/537.36 (KHTML, like Gecko; compatible; bingbot/2.0; +http://www.bing.com/bingbot.htm) Chrome/116.0.1938.76 Safari/537.36"
40.77.167.131 - - [28/Jul/2025:06:19:13 +0000] "GET /product/edit/11338785 HTTP/2.0" 200 17744 "-" "Mozilla/5.0 AppleWebKit/537.36 (KHTML, like Gecko; compatible; bingbot/2.0; +http://www.bing.com/bingbot.htm) Chrome/116.0.1938.76 Safari/537.36"
40.77.167.131 - - [28/Jul/2025:06:19:14 +0000] "GET /product/edit/19603780 HTTP/2.0" 200 18751 "-" "Mozilla/5.0 AppleWebKit/537.36 (KHTML, like Gecko; compatible; bingbot/2.0; +http://www.bing.com/bingbot.htm) Chrome/116.0.1938.76 Safari/537.36"
66.249.64.229 - - [28/Jul/2025:06:19:27 +0000] "GET /shopdetail/24156880 HTTP/1.1" 200 21539 "-" "Mozilla/5.0 (Linux; Android 6.0.1; Nexus 5X Build/MMB29P) AppleWebKit/537.36 (KHTML, like Gecko) Chrome/137.0.7151.103 Mobile Safari/537.36 (compatible; Googlebot/2.1; +http://www.google.com/bot.html)"
207.46.13.127 - - [28/Jul/2025:06:20:41 +0000] "GET /product/edit/25547447 HTTP/2.0" 200 18188 "-" "Mozilla/5.0 AppleWebKit/537.36 (KHTML, like Gecko; compatible; bingbot/2.0; +http://www.bing.com/bingbot.htm) Chrome/116.0.1938.76 Safari/537.36"
66.249.64.229 - - [28/Jul/2025:06:21:04 +0000] "GET /product/edit/30508490 HTTP/1.1" 200 22160 "-" "Mozilla/5.0 (Linux; Android 6.0.1; Nexus 5X Build/MMB29P) AppleWebKit/537.36 (KHTML, like Gecko) Chrome/137.0.7151.103 Mobile Safari/537.36 (compatible; Googlebot/2.1; +http://www.google.com/bot.html)"
207.46.13.127 - - [28/Jul/2025:06:22:01 +0000] "GET /shopdetail/22314413/ HTTP/2.0" 301 364 "-" "Mozilla/5.0 AppleWebKit/537.36 (KHTML, like Gecko; compatible; bingbot/2.0; +http://www.bing.com/bingbot.htm) Chrome/116.0.1938.76 Safari/537.36"
207.46.13.127 - - [28/Jul/2025:06:22:02 +0000] "GET /shopdetail/22314413 HTTP/2.0" 200 18895 "-" "Mozilla/5.0 AppleWebKit/537.36 (KHTML, like Gecko; compatible; bingbot/2.0; +http://www.bing.com/bingbot.htm) Chrome/116.0.1938.76 Safari/537.36"
85.208.96.200 - - [28/Jul/2025:06:22:17 +0000] "GET /robots.txt HTTP/1.1" 404 3690 "-" "Mozilla/5.0 (compatible; SemrushBot/7~bl; +http://www.semrush.com/bot.html)"
185.191.171.2 - - [28/Jul/2025:06:22:18 +0000] "GET / HTTP/1.1" 403 3513 "-" "Mozilla/5.0 (compatible; SemrushBot/7~bl; +http://www.semrush.com/bot.html)"
52.167.144.207 - - [28/Jul/2025:06:22:55 +0000] "GET /shopdetail/26483535/ HTTP/2.0" 301 364 "-" "Mozilla/5.0 AppleWebKit/537.36 (KHTML, like Gecko; compatible; bingbot/2.0; +http://www.bing.com/bingbot.htm) Chrome/116.0.1938.76 Safari/537.36"
52.167.144.207 - - [28/Jul/2025:06:22:56 +0000] "GET /shopdetail/26483535 HTTP/2.0" 200 17868 "-" "Mozilla/5.0 AppleWebKit/537.36 (KHTML, like Gecko; compatible; bingbot/2.0; +http://www.bing.com/bingbot.htm) Chrome/116.0.1938.76 Safari/537.36"
66.249.64.229 - - [28/Jul/2025:06:26:12 +0000] "GET /shopdetail/22982168/ HTTP/1.1" 301 3835 "-" "Mozilla/5.0 (Linux; Android 6.0.1; Nexus 5X Build/MMB29P) AppleWebKit/537.36 (KHTML, like Gecko) Chrome/137.0.7151.103 Mobile Safari/537.36 (compatible; Googlebot/2.1; +http://www.google.com/bot.html)"
66.249.64.229 - - [28/Jul/2025:06:26:13 +0000] "GET /shopdetail/22982168 HTTP/1.1" 200 18479 "-" "Mozilla/5.0 (Linux; Android 6.0.1; Nexus 5X Build/MMB29P) AppleWebKit/537.36 (KHTML, like Gecko) Chrome/137.0.7151.103 Mobile Safari/537.36 (compatible; Googlebot/2.1; +http://www.google.com/bot.html)"
40.77.167.70 - - [28/Jul/2025:06:26:15 +0000] "GET /shopdetail/7589068/ HTTP/2.0" 301 363 "-" "Mozilla/5.0 AppleWebKit/537.36 (KHTML, like Gecko; compatible; bingbot/2.0; +http://www.bing.com/bingbot.htm) Chrome/116.0.1938.76 Safari/537.36"
40.77.167.70 - - [28/Jul/2025:06:26:16 +0000] "GET /shopdetail/7589068 HTTP/2.0" 200 19310 "-" "Mozilla/5.0 AppleWebKit/537.36 (KHTML, like Gecko; compatible; bingbot/2.0; +http://www.bing.com/bingbot.htm) Chrome/116.0.1938.76 Safari/537.36"
52.167.144.207 - - [28/Jul/2025:06:26:25 +0000] "GET /shopdetail/7019591/ HTTP/2.0" 301 363 "-" "Mozilla/5.0 AppleWebKit/537.36 (KHTML, like Gecko; compatible; bingbot/2.0; +http://www.bing.com/bingbot.htm) Chrome/116.0.1938.76 Safari/537.36"
52.167.144.207 - - [28/Jul/2025:06:26:26 +0000] "GET /shopdetail/7019591 HTTP/2.0" 200 18403 "-" "Mozilla/5.0 AppleWebKit/537.36 (KHTML, like Gecko; compatible; bingbot/2.0; +http://www.bing.com/bingbot.htm) Chrome/116.0.1938.76 Safari/537.36"
52.167.144.207 - - [28/Jul/2025:06:27:06 +0000] "GET /shopdetail/13149480/ HTTP/2.0" 301 364 "-" "Mozilla/5.0 AppleWebKit/537.36 (KHTML, like Gecko; compatible; bingbot/2.0; +http://www.bing.com/bingbot.htm) Chrome/116.0.1938.76 Safari/537.36"
52.167.144.207 - - [28/Jul/2025:06:27:07 +0000] "GET /shopdetail/13149480 HTTP/2.0" 200 18153 "-" "Mozilla/5.0 AppleWebKit/537.36 (KHTML, like Gecko; compatible; bingbot/2.0; +http://www.bing.com/bingbot.htm) Chrome/116.0.1938.76 Safari/537.36"
40.77.167.70 - - [28/Jul/2025:06:28:25 +0000] "GET /shopdetail/10878613/ HTTP/2.0" 301 364 "-" "Mozilla/5.0 AppleWebKit/537.36 (KHTML, like Gecko; compatible; bingbot/2.0; +http://www.bing.com/bingbot.htm) Chrome/116.0.1938.76 Safari/537.36"
40.77.167.70 - - [28/Jul/2025:06:28:25 +0000] "GET /shopdetail/10878613 HTTP/2.0" 200 17864 "-" "Mozilla/5.0 AppleWebKit/537.36 (KHTML, like Gecko; compatible; bingbot/2.0; +http://www.bing.com/bingbot.htm) Chrome/116.0.1938.76 Safari/537.36"
66.249.64.229 - - [28/Jul/2025:06:28:59 +0000] "GET /shopdetail/14485035/ HTTP/1.1" 301 3835 "-" "Mozilla/5.0 (Linux; Android 6.0.1; Nexus 5X Build/MMB29P) AppleWebKit/537.36 (KHTML, like Gecko) Chrome/137.0.7151.103 Mobile Safari/537.36 (compatible; Googlebot/2.1; +http://www.google.com/bot.html)"
207.46.13.127 - - [28/Jul/2025:06:29:12 +0000] "GET /shopdetail/14842724/ HTTP/2.0" 301 364 "-" "Mozilla/5.0 AppleWebKit/537.36 (KHTML, like Gecko; compatible; bingbot/2.0; +http://www.bing.com/bingbot.htm) Chrome/116.0.1938.76 Safari/537.36"
207.46.13.127 - - [28/Jul/2025:06:29:13 +0000] "GET /shopdetail/14842724 HTTP/2.0" 200 18725 "-" "Mozilla/5.0 AppleWebKit/537.36 (KHTML, like Gecko; compatible; bingbot/2.0; +http://www.bing.com/bingbot.htm) Chrome/116.0.1938.76 Safari/537.36"
157.55.39.53 - - [28/Jul/2025:06:31:22 +0000] "GET /shopdetail/24489679/ HTTP/2.0" 301 364 "-" "Mozilla/5.0 AppleWebKit/537.36 (KHTML, like Gecko; compatible; bingbot/2.0; +http://www.bing.com/bingbot.htm) Chrome/116.0.1938.76 Safari/537.36"
157.55.39.53 - - [28/Jul/2025:06:31:23 +0000] "GET /shopdetail/24489679 HTTP/2.0" 200 17897 "-" "Mozilla/5.0 AppleWebKit/537.36 (KHTML, like Gecko; compatible; bingbot/2.0; +http://www.bing.com/bingbot.htm) Chrome/116.0.1938.76 Safari/537.36"
157.55.39.53 - - [28/Jul/2025:06:32:01 +0000] "GET /product/edit/37308856 HTTP/2.0" 200 18163 "-" "Mozilla/5.0 AppleWebKit/537.36 (KHTML, like Gecko; compatible; bingbot/2.0; +http://www.bing.com/bingbot.htm) Chrome/116.0.1938.76 Safari/537.36"
66.249.64.228 - - [28/Jul/2025:06:32:40 +0000] "GET /product/edit/51927618 HTTP/1.1" 200 22101 "-" "Mozilla/5.0 (Linux; Android 6.0.1; Nexus 5X Build/MMB29P) AppleWebKit/537.36 (KHTML, like Gecko) Chrome/137.0.7151.103 Mobile Safari/537.36 (compatible; Googlebot/2.1; +http://www.google.com/bot.html)"
66.249.64.230 - - [28/Jul/2025:06:36:27 +0000] "GET /shopdetail/6331646 HTTP/1.1" 200 21435 "-" "Mozilla/5.0 (Linux; Android 6.0.1; Nexus 5X Build/MMB29P) AppleWebKit/537.36 (KHTML, like Gecko) Chrome/137.0.7151.103 Mobile Safari/537.36 (compatible; Googlebot/2.1; +http://www.google.com/bot.html)"
66.249.64.230 - - [28/Jul/2025:06:37:16 +0000] "GET /shopdetail/11337480/ HTTP/1.1" 301 3835 "-" "Mozilla/5.0 (Linux; Android 6.0.1; Nexus 5X Build/MMB29P) AppleWebKit/537.36 (KHTML, like Gecko) Chrome/137.0.7151.103 Mobile Safari/537.36 (compatible; Googlebot/2.1; +http://www.google.com/bot.html)"
66.249.64.230 - - [28/Jul/2025:06:37:18 +0000] "GET /shopdetail/11337480 HTTP/1.1" 200 19132 "-" "Mozilla/5.0 (Linux; Android 6.0.1; Nexus 5X Build/MMB29P) AppleWebKit/537.36 (KHTML, like Gecko) Chrome/137.0.7151.103 Mobile Safari/537.36 (compatible; Googlebot/2.1; +http://www.google.com/bot.html)"
52.167.144.159 - - [28/Jul/2025:06:38:17 +0000] "GET /shopdetail/11408757/ HTTP/2.0" 301 364 "-" "Mozilla/5.0 AppleWebKit/537.36 (KHTML, like Gecko; compatible; bingbot/2.0; +http://www.bing.com/bingbot.htm) Chrome/116.0.1938.76 Safari/537.36"
52.167.144.159 - - [28/Jul/2025:06:38:17 +0000] "GET /shopdetail/11408757 HTTP/2.0" 200 18424 "-" "Mozilla/5.0 AppleWebKit/537.36 (KHTML, like Gecko; compatible; bingbot/2.0; +http://www.bing.com/bingbot.htm) Chrome/116.0.1938.76 Safari/537.36"
157.55.39.53 - - [28/Jul/2025:06:39:23 +0000] "GET /shopdetail/12214857/ HTTP/2.0" 301 364 "-" "Mozilla/5.0 AppleWebKit/537.36 (KHTML, like Gecko; compatible; bingbot/2.0; +http://www.bing.com/bingbot.htm) Chrome/116.0.1938.76 Safari/537.36"
157.55.39.53 - - [28/Jul/2025:06:39:24 +0000] "GET /shopdetail/12214857 HTTP/2.0" 200 18317 "-" "Mozilla/5.0 AppleWebKit/537.36 (KHTML, like Gecko; compatible; bingbot/2.0; +http://www.bing.com/bingbot.htm) Chrome/116.0.1938.76 Safari/537.36"
157.55.39.53 - - [28/Jul/2025:06:39:42 +0000] "GET /shopdetail/15309602/ HTTP/2.0" 301 364 "-" "Mozilla/5.0 AppleWebKit/537.36 (KHTML, like Gecko; compatible; bingbot/2.0; +http://www.bing.com/bingbot.htm) Chrome/116.0.1938.76 Safari/537.36"
157.55.39.53 - - [28/Jul/2025:06:39:44 +0000] "GET /shopdetail/15309602 HTTP/2.0" 200 17907 "-" "Mozilla/5.0 AppleWebKit/537.36 (KHTML, like Gecko; compatible; bingbot/2.0; +http://www.bing.com/bingbot.htm) Chrome/116.0.1938.76 Safari/537.36"
66.249.64.230 - - [28/Jul/2025:06:41:57 +0000] "GET /shopdetail/16289679 HTTP/1.1" 200 21921 "-" "Mozilla/5.0 (Linux; Android 6.0.1; Nexus 5X Build/MMB29P) AppleWebKit/537.36 (KHTML, like Gecko) Chrome/137.0.7151.103 Mobile Safari/537.36 (compatible; Googlebot/2.1; +http://www.google.com/bot.html)"
66.249.64.230 - - [28/Jul/2025:06:42:34 +0000] "GET /shopdetail/11718935/ HTTP/1.1" 301 3835 "-" "Mozilla/5.0 (Linux; Android 6.0.1; Nexus 5X Build/MMB29P) AppleWebKit/537.36 (KHTML, like Gecko) Chrome/137.0.7151.103 Mobile Safari/537.36 (compatible; Googlebot/2.1; +http://www.google.com/bot.html)"
66.249.64.229 - - [28/Jul/2025:06:42:36 +0000] "GET /shopdetail/11718935 HTTP/1.1" 200 22332 "-" "Mozilla/5.0 (Linux; Android 6.0.1; Nexus 5X Build/MMB29P) AppleWebKit/537.36 (KHTML, like Gecko) Chrome/137.0.7151.103 Mobile Safari/537.36 (compatible; Googlebot/2.1; +http://www.google.com/bot.html)"
52.167.144.159 - - [28/Jul/2025:06:43:58 +0000] "GET /shopdetail/15673868/ HTTP/2.0" 301 365 "-" "Mozilla/5.0 AppleWebKit/537.36 (KHTML, like Gecko; compatible; bingbot/2.0; +http://www.bing.com/bingbot.htm) Chrome/116.0.1938.76 Safari/537.36"
52.167.144.159 - - [28/Jul/2025:06:43:59 +0000] "GET /shopdetail/15673868 HTTP/2.0" 200 18369 "-" "Mozilla/5.0 AppleWebKit/537.36 (KHTML, like Gecko; compatible; bingbot/2.0; +http://www.bing.com/bingbot.htm) Chrome/116.0.1938.76 Safari/537.36"
207.46.13.31 - - [28/Jul/2025:06:44:13 +0000] "GET /product/edit/53008791 HTTP/2.0" 200 19127 "-" "Mozilla/5.0 AppleWebKit/537.36 (KHTML, like Gecko; compatible; bingbot/2.0; +http://www.bing.com/bingbot.htm) Chrome/116.0.1938.76 Safari/537.36"
207.46.13.31 - - [28/Jul/2025:06:44:15 +0000] "GET /product/edit/14885647 HTTP/2.0" 200 18603 "-" "Mozilla/5.0 AppleWebKit/537.36 (KHTML, like Gecko; compatible; bingbot/2.0; +http://www.bing.com/bingbot.htm) Chrome/116.0.1938.76 Safari/537.36"
207.46.13.31 - - [28/Jul/2025:06:44:17 +0000] "GET /shopdetail/16291368/ HTTP/2.0" 301 358 "-" "Mozilla/5.0 AppleWebKit/537.36 (KHTML, like Gecko; compatible; bingbot/2.0; +http://www.bing.com/bingbot.htm) Chrome/116.0.1938.76 Safari/537.36"
207.46.13.31 - - [28/Jul/2025:06:44:23 +0000] "GET /shopdetail/16291368 HTTP/2.0" 200 19033 "-" "Mozilla/5.0 AppleWebKit/537.36 (KHTML, like Gecko; compatible; bingbot/2.0; +http://www.bing.com/bingbot.htm) Chrome/116.0.1938.76 Safari/537.36"
66.249.64.229 - - [28/Jul/2025:06:44:38 +0000] "GET /zhHant/product/surugaya/42024732?campaign_uid=f64d716db5e979ed2f947dbaf4296895b951ae7f HTTP/1.1" 200 22001 "-" "Mozilla/5.0 (Linux; Android 6.0.1; Nexus 5X Build/MMB29P) AppleWebKit/537.36 (KHTML, like Gecko) Chrome/137.0.7151.103 Mobile Safari/537.36 (compatible; Googlebot/2.1; +http://www.google.com/bot.html)"
207.46.13.31 - - [28/Jul/2025:06:45:03 +0000] "GET /shopdetail/13759191/ HTTP/2.0" 301 364 "-" "Mozilla/5.0 AppleWebKit/537.36 (KHTML, like Gecko; compatible; bingbot/2.0; +http://www.bing.com/bingbot.htm) Chrome/116.0.1938.76 Safari/537.36"
207.46.13.31 - - [28/Jul/2025:06:45:05 +0000] "GET /shopdetail/13759191 HTTP/2.0" 200 17731 "-" "Mozilla/5.0 AppleWebKit/537.36 (KHTML, like Gecko; compatible; bingbot/2.0; +http://www.bing.com/bingbot.htm) Chrome/116.0.1938.76 Safari/537.36"
207.46.13.31 - - [28/Jul/2025:06:45:14 +0000] "GET /product/edit/21662630 HTTP/2.0" 200 17738 "-" "Mozilla/5.0 AppleWebKit/537.36 (KHTML, like Gecko; compatible; bingbot/2.0; +http://www.bing.com/bingbot.htm) Chrome/116.0.1938.76 Safari/537.36"
52.167.144.159 - - [28/Jul/2025:06:45:18 +0000] "GET /product/edit/44010196 HTTP/2.0" 200 19042 "-" "Mozilla/5.0 AppleWebKit/537.36 (KHTML, like Gecko; compatible; bingbot/2.0; +http://www.bing.com/bingbot.htm) Chrome/116.0.1938.76 Safari/537.36"
66.249.64.228 - - [28/Jul/2025:06:45:26 +0000] "GET /shopdetail/24855791/ HTTP/1.1" 301 3835 "-" "Mozilla/5.0 (Linux; Android 6.0.1; Nexus 5X Build/MMB29P) AppleWebKit/537.36 (KHTML, like Gecko) Chrome/137.0.7151.103 Mobile Safari/537.36 (compatible; Googlebot/2.1; +http://www.google.com/bot.html)"
66.249.64.230 - - [28/Jul/2025:06:45:28 +0000] "GET /shopdetail/24855791 HTTP/1.1" 200 21777 "-" "Mozilla/5.0 (Linux; Android 6.0.1; Nexus 5X Build/MMB29P) AppleWebKit/537.36 (KHTML, like Gecko) Chrome/137.0.7151.103 Mobile Safari/537.36 (compatible; Googlebot/2.1; +http://www.google.com/bot.html)"
40.77.167.123 - - [28/Jul/2025:06:46:08 +0000] "GET /shopdetail/10125113/ HTTP/2.0" 301 363 "-" "Mozilla/5.0 AppleWebKit/537.36 (KHTML, like Gecko; compatible; bingbot/2.0; +http://www.bing.com/bingbot.htm) Chrome/116.0.1938.76 Safari/537.36"
40.77.167.123 - - [28/Jul/2025:06:46:08 +0000] "GET /shopdetail/10125113 HTTP/2.0" 200 17908 "-" "Mozilla/5.0 AppleWebKit/537.36 (KHTML, like Gecko; compatible; bingbot/2.0; +http://www.bing.com/bingbot.htm) Chrome/116.0.1938.76 Safari/537.36"
66.249.64.228 - - [28/Jul/2025:06:47:52 +0000] "GET /shopdetail/2589324/ HTTP/1.1" 301 3833 "-" "Mozilla/5.0 (Linux; Android 6.0.1; Nexus 5X Build/MMB29P) AppleWebKit/537.36 (KHTML, like Gecko) Chrome/137.0.7151.103 Mobile Safari/537.36 (compatible; Googlebot/2.1; +http://www.google.com/bot.html)"
40.77.167.157 - - [28/Jul/2025:06:48:19 +0000] "GET /shopdetail/26089802/ HTTP/2.0" 301 364 "-" "Mozilla/5.0 AppleWebKit/537.36 (KHTML, like Gecko; compatible; bingbot/2.0; +http://www.bing.com/bingbot.htm) Chrome/116.0.1938.76 Safari/537.36"
40.77.167.157 - - [28/Jul/2025:06:48:20 +0000] "GET /shopdetail/26089802 HTTP/2.0" 200 18953 "-" "Mozilla/5.0 AppleWebKit/537.36 (KHTML, like Gecko; compatible; bingbot/2.0; +http://www.bing.com/bingbot.htm) Chrome/116.0.1938.76 Safari/537.36"
207.46.13.31 - - [28/Jul/2025:06:49:04 +0000] "GET /product/edit/11185562 HTTP/2.0" 200 18285 "-" "Mozilla/5.0 AppleWebKit/537.36 (KHTML, like Gecko; compatible; bingbot/2.0; +http://www.bing.com/bingbot.htm) Chrome/116.0.1938.76 Safari/537.36"
207.46.13.31 - - [28/Jul/2025:06:49:33 +0000] "GET /product/edit/71757597 HTTP/2.0" 200 18238 "-" "Mozilla/5.0 AppleWebKit/537.36 (KHTML, like Gecko; compatible; bingbot/2.0; +http://www.bing.com/bingbot.htm) Chrome/116.0.1938.76 Safari/537.36"
40.77.167.123 - - [28/Jul/2025:06:50:17 +0000] "GET /product/edit/41245252 HTTP/2.0" 200 18321 "-" "Mozilla/5.0 AppleWebKit/537.36 (KHTML, like Gecko; compatible; bingbot/2.0; +http://www.bing.com/bingbot.htm) Chrome/116.0.1938.76 Safari/537.36"
193.3.55.215 - - [28/Jul/2025:06:52:40 +0000] "GET /.env HTTP/1.1" 403 3730 "-" "Mozilla/5.0 (X11; Linux x86_64) AppleWebKit/537.36 (KHTML, like Gecko) Chrome/81.0.4044.129 Safari/537.36"
193.3.55.215 - - [28/Jul/2025:06:52:42 +0000] "POST / HTTP/1.1" 405 4643 "-" "Mozilla/5.0 (X11; Linux x86_64) AppleWebKit/537.36 (KHTML, like Gecko) Chrome/81.0.4044.129 Safari/537.36"
40.77.167.157 - - [28/Jul/2025:06:53:20 +0000] "GET /product/edit/52179735 HTTP/2.0" 200 17950 "-" "Mozilla/5.0 AppleWebKit/537.36 (KHTML, like Gecko; compatible; bingbot/2.0; +http://www.bing.com/bingbot.htm) Chrome/116.0.1938.76 Safari/537.36"
207.46.13.64 - - [28/Jul/2025:06:57:15 +0000] "GET /product/edit/39132470 HTTP/2.0" 200 18573 "-" "Mozilla/5.0 AppleWebKit/537.36 (KHTML, like Gecko; compatible; bingbot/2.0; +http://www.bing.com/bingbot.htm) Chrome/116.0.1938.76 Safari/537.36"
40.77.167.224 - - [28/Jul/2025:06:57:23 +0000] "GET /shopdetail/23230102/ HTTP/2.0" 301 363 "-" "Mozilla/5.0 AppleWebKit/537.36 (KHTML, like Gecko; compatible; bingbot/2.0; +http://www.bing.com/bingbot.htm) Chrome/116.0.1938.76 Safari/537.36"
40.77.167.224 - - [28/Jul/2025:06:57:24 +0000] "GET /shopdetail/23230102 HTTP/2.0" 200 17856 "-" "Mozilla/5.0 AppleWebKit/537.36 (KHTML, like Gecko; compatible; bingbot/2.0; +http://www.bing.com/bingbot.htm) Chrome/116.0.1938.76 Safari/537.36"
66.249.64.229 - - [28/Jul/2025:06:58:32 +0000] "GET /shopdetail/11002824 HTTP/1.1" 200 22502 "-" "Mozilla/5.0 (Linux; Android 6.0.1; Nexus 5X Build/MMB29P) AppleWebKit/537.36 (KHTML, like Gecko) Chrome/137.0.7151.103 Mobile Safari/537.36 (compatible; Googlebot/2.1; +http://www.google.com/bot.html)"
207.46.13.64 - - [28/Jul/2025:06:58:54 +0000] "GET /product/edit/39996195 HTTP/2.0" 200 17953 "-" "Mozilla/5.0 AppleWebKit/537.36 (KHTML, like Gecko; compatible; bingbot/2.0; +http://www.bing.com/bingbot.htm) Chrome/116.0.1938.76 Safari/537.36"
207.46.13.64 - - [28/Jul/2025:07:01:45 +0000] "GET /shopdetail/7093779/ HTTP/2.0" 301 363 "-" "Mozilla/5.0 AppleWebKit/537.36 (KHTML, like Gecko; compatible; bingbot/2.0; +http://www.bing.com/bingbot.htm) Chrome/116.0.1938.76 Safari/537.36"
207.46.13.64 - - [28/Jul/2025:07:01:46 +0000] "GET /shopdetail/7093779 HTTP/2.0" 200 18296 "-" "Mozilla/5.0 AppleWebKit/537.36 (KHTML, like Gecko; compatible; bingbot/2.0; +http://www.bing.com/bingbot.htm) Chrome/116.0.1938.76 Safari/537.36"
119.28.177.175 - - [28/Jul/2025:07:02:26 +0000] "GET / HTTP/1.1" 200 18391 "-" "Mozilla/5.0 (iPhone; CPU iPhone OS 13_2_3 like Mac OS X) AppleWebKit/605.1.15 (KHTML, like Gecko) Version/13.0.3 Mobile/15E148 Safari/604.1"
66.249.64.229 - - [28/Jul/2025:07:04:41 +0000] "GET /shopdetail/7113091 HTTP/1.1" 200 21698 "-" "Mozilla/5.0 (Linux; Android 6.0.1; Nexus 5X Build/MMB29P) AppleWebKit/537.36 (KHTML, like Gecko) Chrome/137.0.7151.103 Mobile Safari/537.36 (compatible; Googlebot/2.1; +http://www.google.com/bot.html)"
66.249.64.228 - - [28/Jul/2025:07:04:54 +0000] "POST /get-message-notify HTTP/1.1" 200 21779 "https://www.bizcards.co.in/shopdetail/7113091" "Mozilla/5.0 (Linux; Android 6.0.1; Nexus 5X Build/MMB29P) AppleWebKit/537.36 (KHTML, like Gecko) Chrome/137.0.7151.119 Mobile Safari/537.36 (compatible; Googlebot/2.1; +http://www.google.com/bot.html)"
40.77.167.152 - - [28/Jul/2025:07:04:59 +0000] "GET /shopdetail/16083002/ HTTP/2.0" 301 364 "-" "Mozilla/5.0 AppleWebKit/537.36 (KHTML, like Gecko; compatible; bingbot/2.0; +http://www.bing.com/bingbot.htm) Chrome/116.0.1938.76 Safari/537.36"
40.77.167.152 - - [28/Jul/2025:07:05:00 +0000] "GET /shopdetail/16083002 HTTP/2.0" 200 18581 "-" "Mozilla/5.0 AppleWebKit/537.36 (KHTML, like Gecko; compatible; bingbot/2.0; +http://www.bing.com/bingbot.htm) Chrome/116.0.1938.76 Safari/537.36"
66.249.64.229 - - [28/Jul/2025:07:05:28 +0000] "GET /shopdetail/25354213/ HTTP/1.1" 301 3835 "-" "Mozilla/5.0 (Linux; Android 6.0.1; Nexus 5X Build/MMB29P) AppleWebKit/537.36 (KHTML, like Gecko) Chrome/137.0.7151.103 Mobile Safari/537.36 (compatible; Googlebot/2.1; +http://www.google.com/bot.html)"
66.249.64.230 - - [28/Jul/2025:07:06:12 +0000] "GET /shopdetail/22927702 HTTP/1.1" 200 22172 "-" "Mozilla/5.0 (Linux; Android 6.0.1; Nexus 5X Build/MMB29P) AppleWebKit/537.36 (KHTML, like Gecko) Chrome/137.0.7151.103 Mobile Safari/537.36 (compatible; Googlebot/2.1; +http://www.google.com/bot.html)"
40.77.167.152 - - [28/Jul/2025:07:09:50 +0000] "GET /shopdetail/9457302/ HTTP/2.0" 301 363 "-" "Mozilla/5.0 AppleWebKit/537.36 (KHTML, like Gecko; compatible; bingbot/2.0; +http://www.bing.com/bingbot.htm) Chrome/116.0.1938.76 Safari/537.36"
40.77.167.152 - - [28/Jul/2025:07:09:51 +0000] "GET /shopdetail/9457302 HTTP/2.0" 200 19212 "-" "Mozilla/5.0 AppleWebKit/537.36 (KHTML, like Gecko; compatible; bingbot/2.0; +http://www.bing.com/bingbot.htm) Chrome/116.0.1938.76 Safari/537.36"
66.249.64.229 - - [28/Jul/2025:07:12:09 +0000] "GET /shopdetail/23547002/ HTTP/1.1" 301 3835 "-" "Mozilla/5.0 (Linux; Android 6.0.1; Nexus 5X Build/MMB29P) AppleWebKit/537.36 (KHTML, like Gecko) Chrome/137.0.7151.103 Mobile Safari/537.36 (compatible; Googlebot/2.1; +http://www.google.com/bot.html)"
66.249.64.229 - - [28/Jul/2025:07:12:54 +0000] "GET /shopdetail/11284935 HTTP/1.1" 200 22665 "-" "Mozilla/5.0 (Linux; Android 6.0.1; Nexus 5X Build/MMB29P) AppleWebKit/537.36 (KHTML, like Gecko) Chrome/137.0.7151.103 Mobile Safari/537.36 (compatible; Googlebot/2.1; +http://www.google.com/bot.html)"
66.249.64.228 - - [28/Jul/2025:07:13:24 +0000] "POST /get-message-notify HTTP/1.1" 200 21779 "https://www.bizcards.co.in/shopdetail/11284935" "Mozilla/5.0 (Linux; Android 6.0.1; Nexus 5X Build/MMB29P) AppleWebKit/537.36 (KHTML, like Gecko) Chrome/137.0.7151.119 Mobile Safari/537.36 (compatible; Googlebot/2.1; +http://www.google.com/bot.html)"
66.249.64.228 - - [28/Jul/2025:07:14:12 +0000] "GET /shopdetail/1589846/ HTTP/1.1" 301 3833 "-" "Mozilla/5.0 (Linux; Android 6.0.1; Nexus 5X Build/MMB29P) AppleWebKit/537.36 (KHTML, like Gecko) Chrome/137.0.7151.103 Mobile Safari/537.36 (compatible; Googlebot/2.1; +http://www.google.com/bot.html)"
66.249.64.230 - - [28/Jul/2025:07:14:14 +0000] "GET /shopdetail/1589846 HTTP/1.1" 200 22394 "-" "Mozilla/5.0 (Linux; Android 6.0.1; Nexus 5X Build/MMB29P) AppleWebKit/537.36 (KHTML, like Gecko) Chrome/137.0.7151.103 Mobile Safari/537.36 (compatible; Googlebot/2.1; +http://www.google.com/bot.html)"
66.249.64.230 - - [28/Jul/2025:07:14:15 +0000] "GET /product/edit/99329841 HTTP/1.1" 200 18251 "-" "Mozilla/5.0 (Linux; Android 6.0.1; Nexus 5X Build/MMB29P) AppleWebKit/537.36 (KHTML, like Gecko) Chrome/137.0.7151.103 Mobile Safari/537.36 (compatible; Googlebot/2.1; +http://www.google.com/bot.html)"
66.249.64.229 - - [28/Jul/2025:07:14:20 +0000] "POST /get-message-notify HTTP/1.1" 200 21779 "https://www.bizcards.co.in/product/edit/99329841" "Mozilla/5.0 (Linux; Android 6.0.1; Nexus 5X Build/MMB29P) AppleWebKit/537.36 (KHTML, like Gecko) Chrome/137.0.7151.119 Mobile Safari/537.36 (compatible; Googlebot/2.1; +http://www.google.com/bot.html)"
66.249.64.228 - - [28/Jul/2025:07:14:39 +0000] "POST /get-message-notify HTTP/1.1" 200 21779 "https://www.bizcards.co.in/shopdetail/1589846" "Mozilla/5.0 (Linux; Android 6.0.1; Nexus 5X Build/MMB29P) AppleWebKit/537.36 (KHTML, like Gecko) Chrome/137.0.7151.119 Mobile Safari/537.36 (compatible; Googlebot/2.1; +http://www.google.com/bot.html)"
66.249.64.230 - - [28/Jul/2025:07:15:23 +0000] "GET /shopdetail/25278880 HTTP/1.1" 200 22374 "-" "Mozilla/5.0 (Linux; Android 6.0.1; Nexus 5X Build/MMB29P) AppleWebKit/537.36 (KHTML, like Gecko) Chrome/137.0.7151.103 Mobile Safari/537.36 (compatible; Googlebot/2.1; +http://www.google.com/bot.html)"
66.249.64.230 - - [28/Jul/2025:07:15:27 +0000] "POST /get-message-notify HTTP/1.1" 200 18460 "https://www.bizcards.co.in/shopdetail/25278880" "Mozilla/5.0 (Linux; Android 6.0.1; Nexus 5X Build/MMB29P) AppleWebKit/537.36 (KHTML, like Gecko) Chrome/137.0.7151.119 Mobile Safari/537.36 (compatible; Googlebot/2.1; +http://www.google.com/bot.html)"
20.168.7.237 - - [28/Jul/2025:07:15:38 +0000] "MGLNDD_145.223.21.125_80\n" 400 392 "-" "-"
66.249.64.228 - - [28/Jul/2025:07:16:08 +0000] "GET /shopdetail/30607280/ HTTP/1.1" 301 3835 "-" "Mozilla/5.0 (Linux; Android 6.0.1; Nexus 5X Build/MMB29P) AppleWebKit/537.36 (KHTML, like Gecko) Chrome/137.0.7151.103 Mobile Safari/537.36 (compatible; Googlebot/2.1; +http://www.google.com/bot.html)"
66.249.64.230 - - [28/Jul/2025:07:16:10 +0000] "GET /shopdetail/30607280 HTTP/1.1" 200 21681 "-" "Mozilla/5.0 (Linux; Android 6.0.1; Nexus 5X Build/MMB29P) AppleWebKit/537.36 (KHTML, like Gecko) Chrome/137.0.7151.103 Mobile Safari/537.36 (compatible; Googlebot/2.1; +http://www.google.com/bot.html)"
66.249.64.228 - - [28/Jul/2025:07:17:37 +0000] "GET /product/edit/22923899 HTTP/1.1" 200 21658 "-" "Mozilla/5.0 (Linux; Android 6.0.1; Nexus 5X Build/MMB29P) AppleWebKit/537.36 (KHTML, like Gecko) Chrome/137.0.7151.103 Mobile Safari/537.36 (compatible; Googlebot/2.1; +http://www.google.com/bot.html)"
52.167.144.137 - - [28/Jul/2025:07:18:51 +0000] "GET /shopdetail/4794813/ HTTP/2.0" 301 363 "-" "Mozilla/5.0 AppleWebKit/537.36 (KHTML, like Gecko; compatible; bingbot/2.0; +http://www.bing.com/bingbot.htm) Chrome/116.0.1938.76 Safari/537.36"
52.167.144.137 - - [28/Jul/2025:07:18:51 +0000] "GET /shopdetail/4794813 HTTP/2.0" 200 18686 "-" "Mozilla/5.0 AppleWebKit/537.36 (KHTML, like Gecko; compatible; bingbot/2.0; +http://www.bing.com/bingbot.htm) Chrome/116.0.1938.76 Safari/537.36"
66.249.64.230 - - [28/Jul/2025:07:19:06 +0000] "GET /shopdetail/12413846 HTTP/1.1" 200 21538 "-" "Mozilla/5.0 (Linux; Android 6.0.1; Nexus 5X Build/MMB29P) AppleWebKit/537.36 (KHTML, like Gecko) Chrome/137.0.7151.103 Mobile Safari/537.36 (compatible; Googlebot/2.1; +http://www.google.com/bot.html)"
66.249.64.229 - - [28/Jul/2025:07:19:21 +0000] "GET /shopdetail/5336302 HTTP/1.1" 200 22124 "-" "Mozilla/5.0 (Linux; Android 6.0.1; Nexus 5X Build/MMB29P) AppleWebKit/537.36 (KHTML, like Gecko) Chrome/137.0.7151.103 Mobile Safari/537.36 (compatible; Googlebot/2.1; +http://www.google.com/bot.html)"
66.249.64.228 - - [28/Jul/2025:07:19:51 +0000] "GET /shopdetail/16668813 HTTP/1.1" 200 21358 "-" "Mozilla/5.0 (Linux; Android 6.0.1; Nexus 5X Build/MMB29P) AppleWebKit/537.36 (KHTML, like Gecko) Chrome/137.0.7151.103 Mobile Safari/537.36 (compatible; Googlebot/2.1; +http://www.google.com/bot.html)"
66.249.64.228 - - [28/Jul/2025:07:19:53 +0000] "POST /get-message-notify HTTP/1.1" 200 18460 "https://www.bizcards.co.in/shopdetail/5336302" "Mozilla/5.0 (Linux; Android 6.0.1; Nexus 5X Build/MMB29P) AppleWebKit/537.36 (KHTML, like Gecko) Chrome/137.0.7151.119 Mobile Safari/537.36 (compatible; Googlebot/2.1; +http://www.google.com/bot.html)"
66.249.64.228 - - [28/Jul/2025:07:20:01 +0000] "POST /get-message-notify HTTP/1.1" 200 21779 "https://www.bizcards.co.in/shopdetail/16668813" "Mozilla/5.0 (Linux; Android 6.0.1; Nexus 5X Build/MMB29P) AppleWebKit/537.36 (KHTML, like Gecko) Chrome/137.0.7151.119 Mobile Safari/537.36 (compatible; Googlebot/2.1; +http://www.google.com/bot.html)"
66.249.64.229 - - [28/Jul/2025:07:22:05 +0000] "GET /shopdetail/793380/ HTTP/1.1" 301 3831 "-" "Mozilla/5.0 (Linux; Android 6.0.1; Nexus 5X Build/MMB29P) AppleWebKit/537.36 (KHTML, like Gecko) Chrome/137.0.7151.103 Mobile Safari/537.36 (compatible; Googlebot/2.1; +http://www.google.com/bot.html)"
66.249.64.229 - - [28/Jul/2025:07:23:34 +0000] "GET /zhHant/product/surugaya/57389622?campaign_uid=f64d716db5e979ed2f947dbaf4296895b951ae7f HTTP/1.1" 200 21841 "-" "Mozilla/5.0 (Linux; Android 6.0.1; Nexus 5X Build/MMB29P) AppleWebKit/537.36 (KHTML, like Gecko) Chrome/137.0.7151.103 Mobile Safari/537.36 (compatible; Googlebot/2.1; +http://www.google.com/bot.html)"
66.249.64.228 - - [28/Jul/2025:07:25:03 +0000] "GET /shopdetail/25354213 HTTP/1.1" 200 21679 "-" "Mozilla/5.0 (Linux; Android 6.0.1; Nexus 5X Build/MMB29P) AppleWebKit/537.36 (KHTML, like Gecko) Chrome/137.0.7151.103 Mobile Safari/537.36 (compatible; Googlebot/2.1; +http://www.google.com/bot.html)"
40.77.167.157 - - [28/Jul/2025:07:25:35 +0000] "GET /shopdetail/7427824/ HTTP/2.0" 301 363 "-" "Mozilla/5.0 AppleWebKit/537.36 (KHTML, like Gecko; compatible; bingbot/2.0; +http://www.bing.com/bingbot.htm) Chrome/116.0.1938.76 Safari/537.36"
40.77.167.157 - - [28/Jul/2025:07:25:36 +0000] "GET /shopdetail/7427824 HTTP/2.0" 200 19014 "-" "Mozilla/5.0 AppleWebKit/537.36 (KHTML, like Gecko; compatible; bingbot/2.0; +http://www.bing.com/bingbot.htm) Chrome/116.0.1938.76 Safari/537.36"
40.77.167.61 - - [28/Jul/2025:07:26:21 +0000] "GET /shopdetail/9809691/ HTTP/2.0" 301 363 "-" "Mozilla/5.0 AppleWebKit/537.36 (KHTML, like Gecko; compatible; bingbot/2.0; +http://www.bing.com/bingbot.htm) Chrome/116.0.1938.76 Safari/537.36"
40.77.167.61 - - [28/Jul/2025:07:26:22 +0000] "GET /shopdetail/9809691 HTTP/2.0" 200 17921 "-" "Mozilla/5.0 AppleWebKit/537.36 (KHTML, like Gecko; compatible; bingbot/2.0; +http://www.bing.com/bingbot.htm) Chrome/116.0.1938.76 Safari/537.36"
