40.77.167.48 - - [27/Jul/2025:02:28:11 +0000] "GET /product/edit/21978616 HTTP/2.0" 200 19010 "-" "Mozilla/5.0 AppleWebKit/537.36 (KHTML, like Gecko; compatible; bingbot/2.0; +http://www.bing.com/bingbot.htm) Chrome/116.0.1938.76 Safari/537.36"
52.167.144.67 - - [27/Jul/2025:02:29:09 +0000] "GET /robots.txt HTTP/2.0" 404 275 "-" "Mozilla/5.0 AppleWebKit/537.36 (KHTML, like Gecko; compatible; bingbot/2.0; +http://www.bing.com/bingbot.htm) Chrome/116.0.1938.76 Safari/537.36"
40.77.167.48 - - [27/Jul/2025:02:29:11 +0000] "GET /shopdetail/11172368/ HTTP/2.0" 301 364 "-" "Mozilla/5.0 AppleWebKit/537.36 (KHTML, like Gecko; compatible; bingbot/2.0; +http://www.bing.com/bingbot.htm) Chrome/116.0.1938.76 Safari/537.36"
40.77.167.48 - - [27/Jul/2025:02:29:11 +0000] "GET /shopdetail/11172368 HTTP/2.0" 200 18359 "-" "Mozilla/5.0 AppleWebKit/537.36 (KHTML, like Gecko; compatible; bingbot/2.0; +http://www.bing.com/bingbot.htm) Chrome/116.0.1938.76 Safari/537.36"
40.77.167.48 - - [27/Jul/2025:02:29:14 +0000] "GET /shopdetail/13044002/ HTTP/2.0" 301 333 "-" "Mozilla/5.0 AppleWebKit/537.36 (KHTML, like Gecko; compatible; bingbot/2.0; +http://www.bing.com/bingbot.htm) Chrome/116.0.1938.76 Safari/537.36"
40.77.167.48 - - [27/Jul/2025:02:29:15 +0000] "GET /shopdetail/13044002 HTTP/2.0" 200 18539 "-" "Mozilla/5.0 AppleWebKit/537.36 (KHTML, like Gecko; compatible; bingbot/2.0; +http://www.bing.com/bingbot.htm) Chrome/116.0.1938.76 Safari/537.36"
207.46.13.160 - - [27/Jul/2025:02:29:22 +0000] "GET /product/edit/62369471 HTTP/2.0" 200 18706 "-" "Mozilla/5.0 AppleWebKit/537.36 (KHTML, like Gecko; compatible; bingbot/2.0; +http://www.bing.com/bingbot.htm) Chrome/116.0.1938.76 Safari/537.36"
40.77.167.2 - - [27/Jul/2025:02:29:41 +0000] "GET /product/edit/23657819 HTTP/2.0" 200 18069 "-" "Mozilla/5.0 AppleWebKit/537.36 (KHTML, like Gecko; compatible; bingbot/2.0; +http://www.bing.com/bingbot.htm) Chrome/116.0.1938.76 Safari/537.36"
52.167.144.150 - - [27/Jul/2025:02:29:46 +0000] "GET /shopdetail/10789757/ HTTP/2.0" 301 364 "-" "Mozilla/5.0 AppleWebKit/537.36 (KHTML, like Gecko; compatible; bingbot/2.0; +http://www.bing.com/bingbot.htm) Chrome/116.0.1938.76 Safari/537.36"
52.167.144.150 - - [27/Jul/2025:02:29:46 +0000] "GET /shopdetail/10789757 HTTP/2.0" 200 18045 "-" "Mozilla/5.0 AppleWebKit/537.36 (KHTML, like Gecko; compatible; bingbot/2.0; +http://www.bing.com/bingbot.htm) Chrome/116.0.1938.76 Safari/537.36"
40.77.167.2 - - [27/Jul/2025:02:29:52 +0000] "GET /product/edit/20380999 HTTP/2.0" 200 17918 "-" "Mozilla/5.0 AppleWebKit/537.36 (KHTML, like Gecko; compatible; bingbot/2.0; +http://www.bing.com/bingbot.htm) Chrome/116.0.1938.76 Safari/537.36"
207.46.13.160 - - [27/Jul/2025:02:30:03 +0000] "GET /product/edit/40894957 HTTP/2.0" 200 18373 "-" "Mozilla/5.0 AppleWebKit/537.36 (KHTML, like Gecko; compatible; bingbot/2.0; +http://www.bing.com/bingbot.htm) Chrome/116.0.1938.76 Safari/537.36"
66.249.79.130 - - [27/Jul/2025:02:30:30 +0000] "GET /shopdetail/26738724/ HTTP/1.1" 301 3835 "-" "Mozilla/5.0 (Linux; Android 6.0.1; Nexus 5X Build/MMB29P) AppleWebKit/537.36 (KHTML, like Gecko) Chrome/138.0.7204.157 Mobile Safari/537.36 (compatible; Googlebot/2.1; +http://www.google.com/bot.html)"
40.77.167.2 - - [27/Jul/2025:02:31:21 +0000] "GET /shopdetail/10363768/ HTTP/2.0" 301 364 "-" "Mozilla/5.0 AppleWebKit/537.36 (KHTML, like Gecko; compatible; bingbot/2.0; +http://www.bing.com/bingbot.htm) Chrome/116.0.1938.76 Safari/537.36"
40.77.167.2 - - [27/Jul/2025:02:31:23 +0000] "GET /shopdetail/10363768 HTTP/2.0" 200 18378 "-" "Mozilla/5.0 AppleWebKit/537.36 (KHTML, like Gecko; compatible; bingbot/2.0; +http://www.bing.com/bingbot.htm) Chrome/116.0.1938.76 Safari/537.36"
66.249.79.129 - - [27/Jul/2025:02:31:38 +0000] "GET /shopdetail/3212635/ HTTP/1.1" 301 3833 "-" "Mozilla/5.0 (Linux; Android 6.0.1; Nexus 5X Build/MMB29P) AppleWebKit/537.36 (KHTML, like Gecko) Chrome/137.0.7151.103 Mobile Safari/537.36 (compatible; Googlebot/2.1; +http://www.google.com/bot.html)"
66.249.79.129 - - [27/Jul/2025:02:31:38 +0000] "GET /shopdetail/3212635 HTTP/1.1" 200 18746 "-" "Mozilla/5.0 (Linux; Android 6.0.1; Nexus 5X Build/MMB29P) AppleWebKit/537.36 (KHTML, like Gecko) Chrome/137.0.7151.103 Mobile Safari/537.36 (compatible; Googlebot/2.1; +http://www.google.com/bot.html)"
207.46.13.160 - - [27/Jul/2025:02:32:33 +0000] "GET /pcmypage?callback=product/review/86502492 HTTP/2.0" 200 18027 "-" "Mozilla/5.0 AppleWebKit/537.36 (KHTML, like Gecko; compatible; bingbot/2.0; +http://www.bing.com/bingbot.htm) Chrome/116.0.1938.76 Safari/537.36"
207.46.13.160 - - [27/Jul/2025:02:32:43 +0000] "GET /pcmypage?callback=product/review/64678363 HTTP/2.0" 200 17955 "-" "Mozilla/5.0 AppleWebKit/537.36 (KHTML, like Gecko; compatible; bingbot/2.0; +http://www.bing.com/bingbot.htm) Chrome/116.0.1938.76 Safari/537.36"
52.167.144.150 - - [27/Jul/2025:02:33:07 +0000] "GET /pcmypage?callback=product/review/65975651 HTTP/2.0" 200 18155 "-" "Mozilla/5.0 AppleWebKit/537.36 (KHTML, like Gecko; compatible; bingbot/2.0; +http://www.bing.com/bingbot.htm) Chrome/116.0.1938.76 Safari/537.36"
40.77.167.2 - - [27/Jul/2025:02:33:22 +0000] "GET /product/edit/60572737 HTTP/2.0" 200 17941 "-" "Mozilla/5.0 AppleWebKit/537.36 (KHTML, like Gecko; compatible; bingbot/2.0; +http://www.bing.com/bingbot.htm) Chrome/116.0.1938.76 Safari/537.36"
52.167.144.150 - - [27/Jul/2025:02:33:26 +0000] "GET /product/edit/42797071 HTTP/2.0" 200 18308 "-" "Mozilla/5.0 AppleWebKit/537.36 (KHTML, like Gecko; compatible; bingbot/2.0; +http://www.bing.com/bingbot.htm) Chrome/116.0.1938.76 Safari/537.36"
66.249.79.131 - - [27/Jul/2025:02:33:51 +0000] "GET /shopdetail/25589280/ HTTP/1.1" 301 3835 "-" "Mozilla/5.0 (Linux; Android 6.0.1; Nexus 5X Build/MMB29P) AppleWebKit/537.36 (KHTML, like Gecko) Chrome/138.0.7204.157 Mobile Safari/537.36 (compatible; Googlebot/2.1; +http://www.google.com/bot.html)"
66.249.79.131 - - [27/Jul/2025:02:33:51 +0000] "GET /shopdetail/25589280 HTTP/1.1" 200 18325 "-" "Mozilla/5.0 (Linux; Android 6.0.1; Nexus 5X Build/MMB29P) AppleWebKit/537.36 (KHTML, like Gecko) Chrome/138.0.7204.157 Mobile Safari/537.36 (compatible; Googlebot/2.1; +http://www.google.com/bot.html)"
207.46.13.160 - - [27/Jul/2025:02:34:23 +0000] "GET /pcmypage?callback=product/review/47398457 HTTP/2.0" 200 19064 "-" "Mozilla/5.0 AppleWebKit/537.36 (KHTML, like Gecko; compatible; bingbot/2.0; +http://www.bing.com/bingbot.htm) Chrome/116.0.1938.76 Safari/537.36"
66.249.79.130 - - [27/Jul/2025:02:35:36 +0000] "GET /shopdetail/26477102/ HTTP/1.1" 301 3835 "-" "Mozilla/5.0 (Linux; Android 6.0.1; Nexus 5X Build/MMB29P) AppleWebKit/537.36 (KHTML, like Gecko) Chrome/138.0.7204.157 Mobile Safari/537.36 (compatible; Googlebot/2.1; +http://www.google.com/bot.html)"
66.249.79.131 - - [27/Jul/2025:02:35:37 +0000] "GET /shopdetail/26477102 HTTP/1.1" 200 22349 "-" "Mozilla/5.0 (Linux; Android 6.0.1; Nexus 5X Build/MMB29P) AppleWebKit/537.36 (KHTML, like Gecko) Chrome/138.0.7204.157 Mobile Safari/537.36 (compatible; Googlebot/2.1; +http://www.google.com/bot.html)"
4.227.36.69 - - [27/Jul/2025:02:35:53 +0000] "GET /robots.txt HTTP/2.0" 404 276 "-" "Mozilla/5.0 AppleWebKit/537.36 (KHTML, like Gecko; compatible; GPTBot/1.2; +https://openai.com/gptbot)"
52.167.144.150 - - [27/Jul/2025:02:36:17 +0000] "GET /pcmypage?callback=product/review/50171444 HTTP/2.0" 200 18954 "-" "Mozilla/5.0 AppleWebKit/537.36 (KHTML, like Gecko; compatible; bingbot/2.0; +http://www.bing.com/bingbot.htm) Chrome/116.0.1938.76 Safari/537.36"
40.77.167.2 - - [27/Jul/2025:02:36:32 +0000] "GET /shopdetail/7339224/ HTTP/2.0" 301 363 "-" "Mozilla/5.0 AppleWebKit/537.36 (KHTML, like Gecko; compatible; bingbot/2.0; +http://www.bing.com/bingbot.htm) Chrome/116.0.1938.76 Safari/537.36"
40.77.167.2 - - [27/Jul/2025:02:36:33 +0000] "GET /shopdetail/7339224 HTTP/2.0" 200 18179 "-" "Mozilla/5.0 AppleWebKit/537.36 (KHTML, like Gecko; compatible; bingbot/2.0; +http://www.bing.com/bingbot.htm) Chrome/116.0.1938.76 Safari/537.36"
66.249.79.129 - - [27/Jul/2025:02:36:40 +0000] "GET /shopdetail/17452846/ HTTP/1.1" 301 3835 "-" "Mozilla/5.0 (Linux; Android 6.0.1; Nexus 5X Build/MMB29P) AppleWebKit/537.36 (KHTML, like Gecko) Chrome/137.0.7151.103 Mobile Safari/537.36 (compatible; Googlebot/2.1; +http://www.google.com/bot.html)"
66.249.79.130 - - [27/Jul/2025:02:36:41 +0000] "GET /shopdetail/17452846 HTTP/1.1" 200 21359 "-" "Mozilla/5.0 (Linux; Android 6.0.1; Nexus 5X Build/MMB29P) AppleWebKit/537.36 (KHTML, like Gecko) Chrome/137.0.7151.103 Mobile Safari/537.36 (compatible; Googlebot/2.1; +http://www.google.com/bot.html)"
66.249.79.131 - - [27/Jul/2025:02:37:08 +0000] "GET /shopdetail/26280602/ HTTP/1.1" 301 3835 "-" "Mozilla/5.0 (Linux; Android 6.0.1; Nexus 5X Build/MMB29P) AppleWebKit/537.36 (KHTML, like Gecko) Chrome/138.0.7204.157 Mobile Safari/537.36 (compatible; Googlebot/2.1; +http://www.google.com/bot.html)"
66.249.79.131 - - [27/Jul/2025:02:37:09 +0000] "GET /shopdetail/26280602 HTTP/1.1" 200 18941 "-" "Mozilla/5.0 (Linux; Android 6.0.1; Nexus 5X Build/MMB29P) AppleWebKit/537.36 (KHTML, like Gecko) Chrome/138.0.7204.157 Mobile Safari/537.36 (compatible; Googlebot/2.1; +http://www.google.com/bot.html)"
207.46.13.160 - - [27/Jul/2025:02:37:14 +0000] "GET /shopdetail/10178079/ HTTP/2.0" 301 364 "-" "Mozilla/5.0 AppleWebKit/537.36 (KHTML, like Gecko; compatible; bingbot/2.0; +http://www.bing.com/bingbot.htm) Chrome/116.0.1938.76 Safari/537.36"
207.46.13.160 - - [27/Jul/2025:02:37:15 +0000] "GET /shopdetail/10178079 HTTP/2.0" 200 18787 "-" "Mozilla/5.0 AppleWebKit/537.36 (KHTML, like Gecko; compatible; bingbot/2.0; +http://www.bing.com/bingbot.htm) Chrome/116.0.1938.76 Safari/537.36"
40.77.167.247 - - [27/Jul/2025:02:37:18 +0000] "GET /product/edit/47739351 HTTP/2.0" 200 18763 "-" "Mozilla/5.0 AppleWebKit/537.36 (KHTML, like Gecko; compatible; bingbot/2.0; +http://www.bing.com/bingbot.htm) Chrome/116.0.1938.76 Safari/537.36"
40.77.167.247 - - [27/Jul/2025:02:37:19 +0000] "GET /shopdetail/10486824/ HTTP/2.0" 301 358 "-" "Mozilla/5.0 AppleWebKit/537.36 (KHTML, like Gecko; compatible; bingbot/2.0; +http://www.bing.com/bingbot.htm) Chrome/116.0.1938.76 Safari/537.36"
40.77.167.247 - - [27/Jul/2025:02:37:20 +0000] "GET /shopdetail/10486824 HTTP/2.0" 200 18003 "-" "Mozilla/5.0 AppleWebKit/537.36 (KHTML, like Gecko; compatible; bingbot/2.0; +http://www.bing.com/bingbot.htm) Chrome/116.0.1938.76 Safari/537.36"
66.249.79.129 - - [27/Jul/2025:02:37:42 +0000] "GET /shopdetail/27167068 HTTP/1.1" 200 22095 "-" "Mozilla/5.0 (Linux; Android 6.0.1; Nexus 5X Build/MMB29P) AppleWebKit/537.36 (KHTML, like Gecko) Chrome/137.0.7151.103 Mobile Safari/537.36 (compatible; Googlebot/2.1; +http://www.google.com/bot.html)"
66.249.79.130 - - [27/Jul/2025:02:37:44 +0000] "POST /get-message-notify HTTP/1.1" 200 21779 "https://www.bizcards.co.in/shopdetail/3212635" "Mozilla/5.0 (Linux; Android 6.0.1; Nexus 5X Build/MMB29P) AppleWebKit/537.36 (KHTML, like Gecko) Chrome/137.0.7151.119 Mobile Safari/537.36 (compatible; Googlebot/2.1; +http://www.google.com/bot.html)"
40.77.167.2 - - [27/Jul/2025:02:38:22 +0000] "GET /product/edit/29133713 HTTP/2.0" 200 17950 "-" "Mozilla/5.0 AppleWebKit/537.36 (KHTML, like Gecko; compatible; bingbot/2.0; +http://www.bing.com/bingbot.htm) Chrome/116.0.1938.76 Safari/537.36"
207.46.13.18 - - [27/Jul/2025:02:38:27 +0000] "GET /product/edit/53678755 HTTP/2.0" 200 18310 "-" "Mozilla/5.0 AppleWebKit/537.36 (KHTML, like Gecko; compatible; bingbot/2.0; +http://www.bing.com/bingbot.htm) Chrome/116.0.1938.76 Safari/537.36"
40.77.167.2 - - [27/Jul/2025:02:38:42 +0000] "GET /product/edit/34656646 HTTP/2.0" 200 17929 "-" "Mozilla/5.0 AppleWebKit/537.36 (KHTML, like Gecko; compatible; bingbot/2.0; +http://www.bing.com/bingbot.htm) Chrome/116.0.1938.76 Safari/537.36"
40.77.167.2 - - [27/Jul/2025:02:38:43 +0000] "GET /product/edit/96726781 HTTP/2.0" 200 17752 "-" "Mozilla/5.0 AppleWebKit/537.36 (KHTML, like Gecko; compatible; bingbot/2.0; +http://www.bing.com/bingbot.htm) Chrome/116.0.1938.76 Safari/537.36"
40.77.167.247 - - [27/Jul/2025:02:38:47 +0000] "GET /product/edit/20219258 HTTP/2.0" 200 18637 "-" "Mozilla/5.0 AppleWebKit/537.36 (KHTML, like Gecko; compatible; bingbot/2.0; +http://www.bing.com/bingbot.htm) Chrome/116.0.1938.76 Safari/537.36"
66.249.79.129 - - [27/Jul/2025:02:38:55 +0000] "GET /shopdetail/25502302/ HTTP/1.1" 301 3835 "-" "Mozilla/5.0 (Linux; Android 6.0.1; Nexus 5X Build/MMB29P) AppleWebKit/537.36 (KHTML, like Gecko) Chrome/138.0.7204.157 Mobile Safari/537.36 (compatible; Googlebot/2.1; +http://www.google.com/bot.html)"
66.249.79.130 - - [27/Jul/2025:02:38:57 +0000] "GET /shopdetail/25502302 HTTP/1.1" 200 22227 "-" "Mozilla/5.0 (Linux; Android 6.0.1; Nexus 5X Build/MMB29P) AppleWebKit/537.36 (KHTML, like Gecko) Chrome/138.0.7204.157 Mobile Safari/537.36 (compatible; Googlebot/2.1; +http://www.google.com/bot.html)"
207.46.13.160 - - [27/Jul/2025:02:39:34 +0000] "GET /shopdetail/10436646/ HTTP/2.0" 301 365 "-" "Mozilla/5.0 AppleWebKit/537.36 (KHTML, like Gecko; compatible; bingbot/2.0; +http://www.bing.com/bingbot.htm) Chrome/116.0.1938.76 Safari/537.36"
207.46.13.160 - - [27/Jul/2025:02:39:35 +0000] "GET /shopdetail/10436646 HTTP/2.0" 200 17932 "-" "Mozilla/5.0 AppleWebKit/537.36 (KHTML, like Gecko; compatible; bingbot/2.0; +http://www.bing.com/bingbot.htm) Chrome/116.0.1938.76 Safari/537.36"
40.77.167.247 - - [27/Jul/2025:02:39:39 +0000] "GET /product/edit/22769919 HTTP/2.0" 200 18408 "-" "Mozilla/5.0 AppleWebKit/537.36 (KHTML, like Gecko; compatible; bingbot/2.0; +http://www.bing.com/bingbot.htm) Chrome/116.0.1938.76 Safari/537.36"
66.249.79.131 - - [27/Jul/2025:02:39:44 +0000] "GET /shopdetail/6989902 HTTP/1.1" 200 21859 "-" "Mozilla/5.0 (Linux; Android 6.0.1; Nexus 5X Build/MMB29P) AppleWebKit/537.36 (KHTML, like Gecko) Chrome/137.0.7151.103 Mobile Safari/537.36 (compatible; Googlebot/2.1; +http://www.google.com/bot.html)"
40.77.167.247 - - [27/Jul/2025:02:39:57 +0000] "GET /pcmypage?callback=product/review/53958867 HTTP/2.0" 200 18035 "-" "Mozilla/5.0 AppleWebKit/537.36 (KHTML, like Gecko; compatible; bingbot/2.0; +http://www.bing.com/bingbot.htm) Chrome/116.0.1938.76 Safari/537.36"
207.46.13.150 - - [27/Jul/2025:02:40:24 +0000] "GET /pcmypage?callback=product/review/45037735 HTTP/2.0" 200 18873 "-" "Mozilla/5.0 AppleWebKit/537.36 (KHTML, like Gecko; compatible; bingbot/2.0; +http://www.bing.com/bingbot.htm) Chrome/116.0.1938.76 Safari/537.36"
66.249.79.131 - - [27/Jul/2025:02:40:46 +0000] "GET /product/edit/29508487 HTTP/1.1" 200 21873 "-" "Mozilla/5.0 (Linux; Android 6.0.1; Nexus 5X Build/MMB29P) AppleWebKit/537.36 (KHTML, like Gecko) Chrome/137.0.7151.103 Mobile Safari/537.36 (compatible; Googlebot/2.1; +http://www.google.com/bot.html)"
66.249.79.130 - - [27/Jul/2025:02:40:52 +0000] "POST /get-message-notify HTTP/1.1" 200 21779 "https://www.bizcards.co.in/shopdetail/6989902" "Mozilla/5.0 (Linux; Android 6.0.1; Nexus 5X Build/MMB29P) AppleWebKit/537.36 (KHTML, like Gecko) Chrome/137.0.7151.119 Mobile Safari/537.36 (compatible; Googlebot/2.1; +http://www.google.com/bot.html)"
40.77.167.121 - - [27/Jul/2025:02:41:02 +0000] "GET /product/edit/84270074 HTTP/2.0" 200 18479 "-" "Mozilla/5.0 AppleWebKit/537.36 (KHTML, like Gecko; compatible; bingbot/2.0; +http://www.bing.com/bingbot.htm) Chrome/116.0.1938.76 Safari/537.36"
207.46.13.150 - - [27/Jul/2025:02:41:16 +0000] "GET /toreka/toreka_single.html HTTP/2.0" 200 18039 "-" "Mozilla/5.0 AppleWebKit/537.36 (KHTML, like Gecko; compatible; bingbot/2.0; +http://www.bing.com/bingbot.htm) Chrome/116.0.1938.76 Safari/537.36"
66.249.79.130 - - [27/Jul/2025:02:41:48 +0000] "GET /product/edit/18185180 HTTP/1.1" 200 22677 "-" "Mozilla/5.0 (Linux; Android 6.0.1; Nexus 5X Build/MMB29P) AppleWebKit/537.36 (KHTML, like Gecko) Chrome/137.0.7151.103 Mobile Safari/537.36 (compatible; Googlebot/2.1; +http://www.google.com/bot.html)"
40.77.167.247 - - [27/Jul/2025:02:42:38 +0000] "GET /product/edit/66183349 HTTP/2.0" 200 18727 "-" "Mozilla/5.0 AppleWebKit/537.36 (KHTML, like Gecko; compatible; bingbot/2.0; +http://www.bing.com/bingbot.htm) Chrome/116.0.1938.76 Safari/537.36"
66.249.79.129 - - [27/Jul/2025:02:42:54 +0000] "GET /shopdetail/25508780/ HTTP/1.1" 301 3835 "-" "Mozilla/5.0 (Linux; Android 6.0.1; Nexus 5X Build/MMB29P) AppleWebKit/537.36 (KHTML, like Gecko) Chrome/138.0.7204.157 Mobile Safari/537.36 (compatible; Googlebot/2.1; +http://www.google.com/bot.html)"
40.77.167.247 - - [27/Jul/2025:02:43:27 +0000] "GET /product/edit/75469413 HTTP/2.0" 200 17957 "-" "Mozilla/5.0 AppleWebKit/537.36 (KHTML, like Gecko; compatible; bingbot/2.0; +http://www.bing.com/bingbot.htm) Chrome/116.0.1938.76 Safari/537.36"
66.249.79.130 - - [27/Jul/2025:02:43:49 +0000] "GET /shopdetail/13515846 HTTP/1.1" 200 21427 "-" "Mozilla/5.0 (Linux; Android 6.0.1; Nexus 5X Build/MMB29P) AppleWebKit/537.36 (KHTML, like Gecko) Chrome/137.0.7151.103 Mobile Safari/537.36 (compatible; Googlebot/2.1; +http://www.google.com/bot.html)"
66.249.79.129 - - [27/Jul/2025:02:43:54 +0000] "POST /get-message-notify HTTP/1.1" 200 21779 "https://www.bizcards.co.in/shopdetail/13515846" "Mozilla/5.0 (Linux; Android 6.0.1; Nexus 5X Build/MMB29P) AppleWebKit/537.36 (KHTML, like Gecko) Chrome/137.0.7151.119 Mobile Safari/537.36 (compatible; Googlebot/2.1; +http://www.google.com/bot.html)"
66.249.79.129 - - [27/Jul/2025:02:44:51 +0000] "GET /shopdetail/13420157 HTTP/1.1" 200 21288 "-" "Mozilla/5.0 (Linux; Android 6.0.1; Nexus 5X Build/MMB29P) AppleWebKit/537.36 (KHTML, like Gecko) Chrome/137.0.7151.103 Mobile Safari/537.36 (compatible; Googlebot/2.1; +http://www.google.com/bot.html)"
66.249.79.130 - - [27/Jul/2025:02:44:53 +0000] "GET /shopdetail/5001691 HTTP/1.1" 200 22859 "-" "Mozilla/5.0 (Linux; Android 6.0.1; Nexus 5X Build/MMB29P) AppleWebKit/537.36 (KHTML, like Gecko) Chrome/137.0.7151.103 Mobile Safari/537.36 (compatible; Googlebot/2.1; +http://www.google.com/bot.html)"
66.249.79.130 - - [27/Jul/2025:02:44:55 +0000] "GET /zhHant/product/surugaya/63984366?campaign_uid=f64d716db5e979ed2f947dbaf4296895b951ae7f HTTP/1.1" 200 18522 "-" "Mozilla/5.0 (Linux; Android 6.0.1; Nexus 5X Build/MMB29P) AppleWebKit/537.36 (KHTML, like Gecko) Chrome/137.0.7151.103 Mobile Safari/537.36 (compatible; Googlebot/2.1; +http://www.google.com/bot.html)"
66.249.79.130 - - [27/Jul/2025:02:44:57 +0000] "POST /get-message-notify HTTP/1.1" 200 18460 "https://www.bizcards.co.in/shopdetail/5001691" "Mozilla/5.0 (Linux; Android 6.0.1; Nexus 5X Build/MMB29P) AppleWebKit/537.36 (KHTML, like Gecko) Chrome/137.0.7151.119 Mobile Safari/537.36 (compatible; Googlebot/2.1; +http://www.google.com/bot.html)"
66.249.79.130 - - [27/Jul/2025:02:45:15 +0000] "GET /shopdetail/8415802/ HTTP/1.1" 301 3833 "-" "Mozilla/5.0 (Linux; Android 6.0.1; Nexus 5X Build/MMB29P) AppleWebKit/537.36 (KHTML, like Gecko) Chrome/137.0.7151.103 Mobile Safari/537.36 (compatible; Googlebot/2.1; +http://www.google.com/bot.html)"
66.249.79.130 - - [27/Jul/2025:02:45:17 +0000] "GET /shopdetail/8415802 HTTP/1.1" 200 18940 "-" "Mozilla/5.0 (Linux; Android 6.0.1; Nexus 5X Build/MMB29P) AppleWebKit/537.36 (KHTML, like Gecko) Chrome/137.0.7151.103 Mobile Safari/537.36 (compatible; Googlebot/2.1; +http://www.google.com/bot.html)"
8.217.214.193 - - [27/Jul/2025:02:45:35 +0000] "GET /shopdetail/28773880 HTTP/1.1" 404 10187 "-" "AliyunSecBot/Aliyun (AliyunSecBot@service.alibaba.com)"
20.15.133.160 - - [27/Jul/2025:02:46:30 +0000] "GET /shopdetail/15927724/ HTTP/2.0" 301 364 "-" "Mozilla/5.0 AppleWebKit/537.36 (KHTML, like Gecko; compatible; bingbot/2.0; +http://www.bing.com/bingbot.htm) Chrome/116.0.1938.76 Safari/537.36"
40.77.167.121 - - [27/Jul/2025:02:46:43 +0000] "GET /product/edit/34296987 HTTP/2.0" 200 18001 "-" "Mozilla/5.0 AppleWebKit/537.36 (KHTML, like Gecko; compatible; bingbot/2.0; +http://www.bing.com/bingbot.htm) Chrome/116.0.1938.76 Safari/537.36"
207.46.13.150 - - [27/Jul/2025:02:46:55 +0000] "GET /shopdetail/11588702/ HTTP/2.0" 301 365 "-" "Mozilla/5.0 AppleWebKit/537.36 (KHTML, like Gecko; compatible; bingbot/2.0; +http://www.bing.com/bingbot.htm) Chrome/116.0.1938.76 Safari/537.36"
207.46.13.150 - - [27/Jul/2025:02:46:56 +0000] "GET /shopdetail/11588702 HTTP/2.0" 200 18847 "-" "Mozilla/5.0 AppleWebKit/537.36 (KHTML, like Gecko; compatible; bingbot/2.0; +http://www.bing.com/bingbot.htm) Chrome/116.0.1938.76 Safari/537.36"
8.217.183.237 - - [27/Jul/2025:02:47:19 +0000] "GET /robots.txt HTTP/1.1" 404 721 "-" "AliyunSecBot/Aliyun (AliyunSecBot@service.alibaba.com)"
8.217.212.36 - - [27/Jul/2025:02:47:20 +0000] "GET /shopdetail/19867213 HTTP/1.1" 404 7203 "-" "AliyunSecBot/Aliyun (AliyunSecBot@service.alibaba.com)"
66.249.79.131 - - [27/Jul/2025:02:47:21 +0000] "GET /shopdetail/26357502/ HTTP/1.1" 301 3835 "-" "Mozilla/5.0 (Linux; Android 6.0.1; Nexus 5X Build/MMB29P) AppleWebKit/537.36 (KHTML, like Gecko) Chrome/138.0.7204.157 Mobile Safari/537.36 (compatible; Googlebot/2.1; +http://www.google.com/bot.html)"
40.77.167.46 - - [27/Jul/2025:02:48:28 +0000] "GET /product/edit/63404084 HTTP/2.0" 200 18000 "-" "Mozilla/5.0 AppleWebKit/537.36 (KHTML, like Gecko; compatible; bingbot/2.0; +http://www.bing.com/bingbot.htm) Chrome/116.0.1938.76 Safari/537.36"
207.46.13.150 - - [27/Jul/2025:02:48:35 +0000] "GET /product/edit/55002719 HTTP/2.0" 200 17840 "-" "Mozilla/5.0 AppleWebKit/537.36 (KHTML, like Gecko; compatible; bingbot/2.0; +http://www.bing.com/bingbot.htm) Chrome/116.0.1938.76 Safari/537.36"
20.15.133.174 - - [27/Jul/2025:02:49:00 +0000] "GET /shopdetail/14776935/ HTTP/2.0" 301 364 "-" "Mozilla/5.0 AppleWebKit/537.36 (KHTML, like Gecko; compatible; bingbot/2.0; +http://www.bing.com/bingbot.htm) Chrome/116.0.1938.76 Safari/537.36"
40.77.167.121 - - [27/Jul/2025:02:49:13 +0000] "GET /product/edit/11386601 HTTP/2.0" 200 18245 "-" "Mozilla/5.0 AppleWebKit/537.36 (KHTML, like Gecko; compatible; bingbot/2.0; +http://www.bing.com/bingbot.htm) Chrome/116.0.1938.76 Safari/537.36"
66.249.79.131 - - [27/Jul/2025:02:49:19 +0000] "GET /shopdetail/28791202 HTTP/1.1" 200 22751 "-" "Mozilla/5.0 (Linux; Android 6.0.1; Nexus 5X Build/MMB29P) AppleWebKit/537.36 (KHTML, like Gecko) Chrome/137.0.7151.103 Mobile Safari/537.36 (compatible; Googlebot/2.1; +http://www.google.com/bot.html)"
66.249.79.131 - - [27/Jul/2025:02:49:20 +0000] "GET /shopdetail/7310691 HTTP/1.1" 200 18602 "-" "Mozilla/5.0 (Linux; Android 6.0.1; Nexus 5X Build/MMB29P) AppleWebKit/537.36 (KHTML, like Gecko) Chrome/137.0.7151.103 Mobile Safari/537.36 (compatible; Googlebot/2.1; +http://www.google.com/bot.html)"
66.249.79.130 - - [27/Jul/2025:02:49:22 +0000] "GET /shopdetail/7926457 HTTP/1.1" 200 22315 "-" "Mozilla/5.0 (Linux; Android 6.0.1; Nexus 5X Build/MMB29P) AppleWebKit/537.36 (KHTML, like Gecko) Chrome/137.0.7151.103 Mobile Safari/537.36 (compatible; Googlebot/2.1; +http://www.google.com/bot.html)"
20.15.133.160 - - [27/Jul/2025:02:49:30 +0000] "GET /shopdetail/23833657/ HTTP/2.0" 301 364 "-" "Mozilla/5.0 AppleWebKit/537.36 (KHTML, like Gecko; compatible; bingbot/2.0; +http://www.bing.com/bingbot.htm) Chrome/116.0.1938.76 Safari/537.36"
40.77.167.46 - - [27/Jul/2025:02:51:18 +0000] "GET /product/edit/36081984 HTTP/2.0" 200 18379 "-" "Mozilla/5.0 AppleWebKit/537.36 (KHTML, like Gecko; compatible; bingbot/2.0; +http://www.bing.com/bingbot.htm) Chrome/116.0.1938.76 Safari/537.36"
66.249.79.129 - - [27/Jul/2025:02:51:24 +0000] "GET /shopdetail/6954591/ HTTP/1.1" 301 3833 "-" "Mozilla/5.0 (Linux; Android 6.0.1; Nexus 5X Build/MMB29P) AppleWebKit/537.36 (KHTML, like Gecko) Chrome/137.0.7151.103 Mobile Safari/537.36 (compatible; Googlebot/2.1; +http://www.google.com/bot.html)"
66.249.79.130 - - [27/Jul/2025:02:51:25 +0000] "GET /shopdetail/6954591 HTTP/1.1" 200 21720 "-" "Mozilla/5.0 (Linux; Android 6.0.1; Nexus 5X Build/MMB29P) AppleWebKit/537.36 (KHTML, like Gecko) Chrome/137.0.7151.103 Mobile Safari/537.36 (compatible; Googlebot/2.1; +http://www.google.com/bot.html)"
8.217.209.55 - - [27/Jul/2025:02:51:56 +0000] "GET /shopdetail/8500235 HTTP/1.1" 404 7203 "-" "AliyunSecBot/Aliyun (AliyunSecBot@service.alibaba.com)"
8.217.133.43 - - [27/Jul/2025:02:52:17 +0000] "GET /shopdetail/10851368 HTTP/1.1" 404 7203 "-" "AliyunSecBot/Aliyun (AliyunSecBot@service.alibaba.com)"
8.217.212.67 - - [27/Jul/2025:02:52:48 +0000] "GET /shopdetail/7766624 HTTP/1.1" 404 7203 "-" "AliyunSecBot/Aliyun (AliyunSecBot@service.alibaba.com)"
40.77.167.46 - - [27/Jul/2025:02:52:58 +0000] "GET /product/edit/87251871 HTTP/2.0" 200 18071 "-" "Mozilla/5.0 AppleWebKit/537.36 (KHTML, like Gecko; compatible; bingbot/2.0; +http://www.bing.com/bingbot.htm) Chrome/116.0.1938.76 Safari/537.36"
8.217.208.183 - - [27/Jul/2025:02:53:12 +0000] "GET /shopdetail/4687902 HTTP/1.1" 404 7203 "-" "AliyunSecBot/Aliyun (AliyunSecBot@service.alibaba.com)"
52.167.144.158 - - [27/Jul/2025:02:54:13 +0000] "GET /shopdetail/10271946/ HTTP/2.0" 301 364 "-" "Mozilla/5.0 AppleWebKit/537.36 (KHTML, like Gecko; compatible; bingbot/2.0; +http://www.bing.com/bingbot.htm) Chrome/116.0.1938.76 Safari/537.36"
52.167.144.158 - - [27/Jul/2025:02:54:14 +0000] "GET /shopdetail/10271946 HTTP/2.0" 200 18812 "-" "Mozilla/5.0 AppleWebKit/537.36 (KHTML, like Gecko; compatible; bingbot/2.0; +http://www.bing.com/bingbot.htm) Chrome/116.0.1938.76 Safari/537.36"
20.15.133.163 - - [27/Jul/2025:02:54:20 +0000] "GET /shopdetail/8897513/ HTTP/2.0" 301 363 "-" "Mozilla/5.0 AppleWebKit/537.36 (KHTML, like Gecko; compatible; bingbot/2.0; +http://www.bing.com/bingbot.htm) Chrome/116.0.1938.76 Safari/537.36"
20.15.133.160 - - [27/Jul/2025:02:54:30 +0000] "GET /shopdetail/13228957/ HTTP/2.0" 301 364 "-" "Mozilla/5.0 AppleWebKit/537.36 (KHTML, like Gecko; compatible; bingbot/2.0; +http://www.bing.com/bingbot.htm) Chrome/116.0.1938.76 Safari/537.36"
8.217.180.93 - - [27/Jul/2025:02:54:34 +0000] "GET /shopdetail/6378035 HTTP/1.1" 404 7203 "-" "AliyunSecBot/Aliyun (AliyunSecBot@service.alibaba.com)"
40.77.167.46 - - [27/Jul/2025:02:54:59 +0000] "GET /product/edit/52127851 HTTP/2.0" 200 18907 "-" "Mozilla/5.0 AppleWebKit/537.36 (KHTML, like Gecko; compatible; bingbot/2.0; +http://www.bing.com/bingbot.htm) Chrome/116.0.1938.76 Safari/537.36"
20.15.133.163 - - [27/Jul/2025:02:55:30 +0000] "GET /shopdetail/10548646/ HTTP/2.0" 301 364 "-" "Mozilla/5.0 AppleWebKit/537.36 (KHTML, like Gecko; compatible; bingbot/2.0; +http://www.bing.com/bingbot.htm) Chrome/116.0.1938.76 Safari/537.36"
66.249.79.130 - - [27/Jul/2025:02:55:36 +0000] "GET /shopdetail/19572168 HTTP/1.1" 200 22651 "-" "Mozilla/5.0 (Linux; Android 6.0.1; Nexus 5X Build/MMB29P) AppleWebKit/537.36 (KHTML, like Gecko) Chrome/137.0.7151.103 Mobile Safari/537.36 (compatible; Googlebot/2.1; +http://www.google.com/bot.html)"
52.167.144.158 - - [27/Jul/2025:02:55:43 +0000] "GET /shopdetail/13424068/ HTTP/2.0" 301 365 "-" "Mozilla/5.0 AppleWebKit/537.36 (KHTML, like Gecko; compatible; bingbot/2.0; +http://www.bing.com/bingbot.htm) Chrome/116.0.1938.76 Safari/537.36"
52.167.144.158 - - [27/Jul/2025:02:55:44 +0000] "GET /shopdetail/13424068 HTTP/2.0" 200 18180 "-" "Mozilla/5.0 AppleWebKit/537.36 (KHTML, like Gecko; compatible; bingbot/2.0; +http://www.bing.com/bingbot.htm) Chrome/116.0.1938.76 Safari/537.36"
52.167.144.158 - - [27/Jul/2025:02:56:24 +0000] "GET /shopdetail/10372513/ HTTP/2.0" 301 364 "-" "Mozilla/5.0 AppleWebKit/537.36 (KHTML, like Gecko; compatible; bingbot/2.0; +http://www.bing.com/bingbot.htm) Chrome/116.0.1938.76 Safari/537.36"
52.167.144.158 - - [27/Jul/2025:02:56:26 +0000] "GET /shopdetail/10372513 HTTP/2.0" 200 18521 "-" "Mozilla/5.0 AppleWebKit/537.36 (KHTML, like Gecko; compatible; bingbot/2.0; +http://www.bing.com/bingbot.htm) Chrome/116.0.1938.76 Safari/537.36"
8.217.157.177 - - [27/Jul/2025:02:56:50 +0000] "GET /shopdetail/14354691 HTTP/1.1" 404 7203 "-" "AliyunSecBot/Aliyun (AliyunSecBot@service.alibaba.com)"
40.77.167.46 - - [27/Jul/2025:02:57:59 +0000] "GET /product/edit/34558007 HTTP/2.0" 200 18289 "-" "Mozilla/5.0 AppleWebKit/537.36 (KHTML, like Gecko; compatible; bingbot/2.0; +http://www.bing.com/bingbot.htm) Chrome/116.0.1938.76 Safari/537.36"
66.249.79.129 - - [27/Jul/2025:02:58:15 +0000] "GET /shopdetail/27676457/ HTTP/1.1" 301 3835 "-" "Mozilla/5.0 (Linux; Android 6.0.1; Nexus 5X Build/MMB29P) AppleWebKit/537.36 (KHTML, like Gecko) Chrome/138.0.7204.157 Mobile Safari/537.36 (compatible; Googlebot/2.1; +http://www.google.com/bot.html)"
66.249.79.130 - - [27/Jul/2025:02:58:17 +0000] "GET /shopdetail/27676457 HTTP/1.1" 200 22294 "-" "Mozilla/5.0 (Linux; Android 6.0.1; Nexus 5X Build/MMB29P) AppleWebKit/537.36 (KHTML, like Gecko) Chrome/138.0.7204.157 Mobile Safari/537.36 (compatible; Googlebot/2.1; +http://www.google.com/bot.html)"
66.249.79.129 - - [27/Jul/2025:02:58:37 +0000] "GET /shopdetail/10552980/ HTTP/1.1" 301 3835 "-" "Mozilla/5.0 (Linux; Android 6.0.1; Nexus 5X Build/MMB29P) AppleWebKit/537.36 (KHTML, like Gecko) Chrome/137.0.7151.103 Mobile Safari/537.36 (compatible; Googlebot/2.1; +http://www.google.com/bot.html)"
66.249.79.130 - - [27/Jul/2025:02:58:38 +0000] "GET /shopdetail/24105568/ HTTP/1.1" 301 3835 "-" "Mozilla/5.0 (Linux; Android 6.0.1; Nexus 5X Build/MMB29P) AppleWebKit/537.36 (KHTML, like Gecko) Chrome/137.0.7151.103 Mobile Safari/537.36 (compatible; Googlebot/2.1; +http://www.google.com/bot.html)"
66.249.79.129 - - [27/Jul/2025:02:58:39 +0000] "GET /shopdetail/10552980 HTTP/1.1" 200 18749 "-" "Mozilla/5.0 (Linux; Android 6.0.1; Nexus 5X Build/MMB29P) AppleWebKit/537.36 (KHTML, like Gecko) Chrome/137.0.7151.103 Mobile Safari/537.36 (compatible; Googlebot/2.1; +http://www.google.com/bot.html)"
66.249.79.130 - - [27/Jul/2025:02:58:40 +0000] "GET /shopdetail/24105568 HTTP/1.1" 200 18189 "-" "Mozilla/5.0 (Linux; Android 6.0.1; Nexus 5X Build/MMB29P) AppleWebKit/537.36 (KHTML, like Gecko) Chrome/137.0.7151.103 Mobile Safari/537.36 (compatible; Googlebot/2.1; +http://www.google.com/bot.html)"
66.249.79.129 - - [27/Jul/2025:02:58:58 +0000] "POST /get-message-notify HTTP/1.1" 200 21779 "https://www.bizcards.co.in/shopdetail/16193913" "Mozilla/5.0 (Linux; Android 6.0.1; Nexus 5X Build/MMB29P) AppleWebKit/537.36 (KHTML, like Gecko) Chrome/137.0.7151.119 Mobile Safari/537.36 (compatible; Googlebot/2.1; +http://www.google.com/bot.html)"
207.46.13.31 - - [27/Jul/2025:02:59:47 +0000] "GET /product/edit/96881339 HTTP/2.0" 200 18723 "-" "Mozilla/5.0 AppleWebKit/537.36 (KHTML, like Gecko; compatible; bingbot/2.0; +http://www.bing.com/bingbot.htm) Chrome/116.0.1938.76 Safari/537.36"
207.46.13.31 - - [27/Jul/2025:02:59:48 +0000] "GET /product/edit/45809438 HTTP/2.0" 200 18542 "-" "Mozilla/5.0 AppleWebKit/537.36 (KHTML, like Gecko; compatible; bingbot/2.0; +http://www.bing.com/bingbot.htm) Chrome/116.0.1938.76 Safari/537.36"
66.249.79.130 - - [27/Jul/2025:03:00:52 +0000] "GET /shopdetail/28702613 HTTP/1.1" 200 21435 "-" "Mozilla/5.0 (Linux; Android 6.0.1; Nexus 5X Build/MMB29P) AppleWebKit/537.36 (KHTML, like Gecko) Chrome/137.0.7151.103 Mobile Safari/537.36 (compatible; Googlebot/2.1; +http://www.google.com/bot.html)"
8.217.181.58 - - [27/Jul/2025:03:00:55 +0000] "GET /shopdetail/28205935 HTTP/1.1" 404 7203 "-" "AliyunSecBot/Aliyun (AliyunSecBot@service.alibaba.com)"
20.15.133.163 - - [27/Jul/2025:03:01:21 +0000] "GET /shopdetail/11349613/ HTTP/2.0" 301 364 "-" "Mozilla/5.0 AppleWebKit/537.36 (KHTML, like Gecko; compatible; bingbot/2.0; +http://www.bing.com/bingbot.htm) Chrome/116.0.1938.76 Safari/537.36"
66.249.79.130 - - [27/Jul/2025:03:02:26 +0000] "GET /shopdetail/25703768/ HTTP/1.1" 301 3835 "-" "Mozilla/5.0 (Linux; Android 6.0.1; Nexus 5X Build/MMB29P) AppleWebKit/537.36 (KHTML, like Gecko) Chrome/138.0.7204.157 Mobile Safari/537.36 (compatible; Googlebot/2.1; +http://www.google.com/bot.html)"
66.249.79.129 - - [27/Jul/2025:03:02:27 +0000] "GET /shopdetail/25703768 HTTP/1.1" 200 21444 "-" "Mozilla/5.0 (Linux; Android 6.0.1; Nexus 5X Build/MMB29P) AppleWebKit/537.36 (KHTML, like Gecko) Chrome/138.0.7204.157 Mobile Safari/537.36 (compatible; Googlebot/2.1; +http://www.google.com/bot.html)"
40.77.167.149 - - [27/Jul/2025:03:02:54 +0000] "GET /product/edit/99441873 HTTP/2.0" 200 18612 "-" "Mozilla/5.0 AppleWebKit/537.36 (KHTML, like Gecko; compatible; bingbot/2.0; +http://www.bing.com/bingbot.htm) Chrome/116.0.1938.76 Safari/537.36"
40.77.167.149 - - [27/Jul/2025:03:02:57 +0000] "GET /shopdetail/10412668/ HTTP/2.0" 301 358 "-" "Mozilla/5.0 AppleWebKit/537.36 (KHTML, like Gecko; compatible; bingbot/2.0; +http://www.bing.com/bingbot.htm) Chrome/116.0.1938.76 Safari/537.36"
40.77.167.149 - - [27/Jul/2025:03:02:58 +0000] "GET /shopdetail/10412668 HTTP/2.0" 200 19142 "-" "Mozilla/5.0 AppleWebKit/537.36 (KHTML, like Gecko; compatible; bingbot/2.0; +http://www.bing.com/bingbot.htm) Chrome/116.0.1938.76 Safari/537.36"
66.249.79.130 - - [27/Jul/2025:03:03:07 +0000] "GET /zhHant/product/surugaya/56183846?campaign_uid=f64d716db5e979ed2f947dbaf4296895b951ae7f HTTP/1.1" 200 22531 "-" "Mozilla/5.0 (Linux; Android 6.0.1; Nexus 5X Build/MMB29P) AppleWebKit/537.36 (KHTML, like Gecko) Chrome/137.0.7151.103 Mobile Safari/537.36 (compatible; Googlebot/2.1; +http://www.google.com/bot.html)"
66.249.79.129 - - [27/Jul/2025:03:03:46 +0000] "GET /shopdetail/25756702/ HTTP/1.1" 301 3835 "-" "Mozilla/5.0 (Linux; Android 6.0.1; Nexus 5X Build/MMB29P) AppleWebKit/537.36 (KHTML, like Gecko) Chrome/138.0.7204.157 Mobile Safari/537.36 (compatible; Googlebot/2.1; +http://www.google.com/bot.html)"
66.249.79.129 - - [27/Jul/2025:03:03:46 +0000] "GET /shopdetail/25756702 HTTP/1.1" 200 18603 "-" "Mozilla/5.0 (Linux; Android 6.0.1; Nexus 5X Build/MMB29P) AppleWebKit/537.36 (KHTML, like Gecko) Chrome/138.0.7204.157 Mobile Safari/537.36 (compatible; Googlebot/2.1; +http://www.google.com/bot.html)"
40.77.167.149 - - [27/Jul/2025:03:05:14 +0000] "GET /product/edit/41305975 HTTP/2.0" 200 19586 "-" "Mozilla/5.0 AppleWebKit/537.36 (KHTML, like Gecko; compatible; bingbot/2.0; +http://www.bing.com/bingbot.htm) Chrome/116.0.1938.76 Safari/537.36"
157.55.39.10 - - [27/Jul/2025:03:05:19 +0000] "GET /product/edit/99277509 HTTP/2.0" 200 18974 "-" "Mozilla/5.0 AppleWebKit/537.36 (KHTML, like Gecko; compatible; bingbot/2.0; +http://www.bing.com/bingbot.htm) Chrome/116.0.1938.76 Safari/537.36"
52.167.144.197 - - [27/Jul/2025:03:05:23 +0000] "GET /shopdetail/10637179/ HTTP/2.0" 301 364 "-" "Mozilla/5.0 AppleWebKit/537.36 (KHTML, like Gecko; compatible; bingbot/2.0; +http://www.bing.com/bingbot.htm) Chrome/116.0.1938.76 Safari/537.36"
52.167.144.197 - - [27/Jul/2025:03:05:24 +0000] "GET /shopdetail/10637179 HTTP/2.0" 200 18104 "-" "Mozilla/5.0 AppleWebKit/537.36 (KHTML, like Gecko; compatible; bingbot/2.0; +http://www.bing.com/bingbot.htm) Chrome/116.0.1938.76 Safari/537.36"
66.249.79.129 - - [27/Jul/2025:03:06:03 +0000] "GET /shopdetail/27651479/ HTTP/1.1" 301 3835 "-" "Mozilla/5.0 (Linux; Android 6.0.1; Nexus 5X Build/MMB29P) AppleWebKit/537.36 (KHTML, like Gecko) Chrome/138.0.7204.157 Mobile Safari/537.36 (compatible; Googlebot/2.1; +http://www.google.com/bot.html)"
66.249.79.129 - - [27/Jul/2025:03:06:53 +0000] "GET /shopdetail/26945302/ HTTP/1.1" 301 3835 "-" "Mozilla/5.0 (Linux; Android 6.0.1; Nexus 5X Build/MMB29P) AppleWebKit/537.36 (KHTML, like Gecko) Chrome/138.0.7204.157 Mobile Safari/537.36 (compatible; Googlebot/2.1; +http://www.google.com/bot.html)"
66.249.79.130 - - [27/Jul/2025:03:07:36 +0000] "GET /shopdetail/11090080 HTTP/1.1" 200 22516 "-" "Mozilla/5.0 (Linux; Android 6.0.1; Nexus 5X Build/MMB29P) AppleWebKit/537.36 (KHTML, like Gecko) Chrome/137.0.7151.103 Mobile Safari/537.36 (compatible; Googlebot/2.1; +http://www.google.com/bot.html)"
66.249.79.130 - - [27/Jul/2025:03:07:46 +0000] "POST /get-message-notify HTTP/1.1" 200 21779 "https://www.bizcards.co.in/shopdetail/11090080" "Mozilla/5.0 (Linux; Android 6.0.1; Nexus 5X Build/MMB29P) AppleWebKit/537.36 (KHTML, like Gecko) Chrome/137.0.7151.119 Mobile Safari/537.36 (compatible; Googlebot/2.1; +http://www.google.com/bot.html)"
66.249.79.131 - - [27/Jul/2025:03:08:07 +0000] "GET /shopdetail/25955346/ HTTP/1.1" 301 3835 "-" "Mozilla/5.0 (Linux; Android 6.0.1; Nexus 5X Build/MMB29P) AppleWebKit/537.36 (KHTML, like Gecko) Chrome/138.0.7204.157 Mobile Safari/537.36 (compatible; Googlebot/2.1; +http://www.google.com/bot.html)"
157.55.39.10 - - [27/Jul/2025:03:08:48 +0000] "GET /product/edit/32393469 HTTP/2.0" 200 17820 "-" "Mozilla/5.0 AppleWebKit/537.36 (KHTML, like Gecko; compatible; bingbot/2.0; +http://www.bing.com/bingbot.htm) Chrome/116.0.1938.76 Safari/537.36"
20.15.133.174 - - [27/Jul/2025:03:08:51 +0000] "GET /shopdetail/7560702/ HTTP/2.0" 301 363 "-" "Mozilla/5.0 AppleWebKit/537.36 (KHTML, like Gecko; compatible; bingbot/2.0; +http://www.bing.com/bingbot.htm) Chrome/116.0.1938.76 Safari/537.36"
52.167.144.197 - - [27/Jul/2025:03:08:53 +0000] "GET /product/edit/80187869 HTTP/2.0" 200 18460 "-" "Mozilla/5.0 AppleWebKit/537.36 (KHTML, like Gecko; compatible; bingbot/2.0; +http://www.bing.com/bingbot.htm) Chrome/116.0.1938.76 Safari/537.36"
66.249.79.130 - - [27/Jul/2025:03:09:47 +0000] "GET /shopdetail/27156957/ HTTP/1.1" 301 3835 "-" "Mozilla/5.0 (Linux; Android 6.0.1; Nexus 5X Build/MMB29P) AppleWebKit/537.36 (KHTML, like Gecko) Chrome/138.0.7204.157 Mobile Safari/537.36 (compatible; Googlebot/2.1; +http://www.google.com/bot.html)"
66.249.79.129 - - [27/Jul/2025:03:09:48 +0000] "GET /shopdetail/27156957 HTTP/1.1" 200 22713 "-" "Mozilla/5.0 (Linux; Android 6.0.1; Nexus 5X Build/MMB29P) AppleWebKit/537.36 (KHTML, like Gecko) Chrome/138.0.7204.157 Mobile Safari/537.36 (compatible; Googlebot/2.1; +http://www.google.com/bot.html)"
8.217.184.77 - - [27/Jul/2025:03:10:14 +0000] "GET /shopdetail/14961946 HTTP/1.1" 404 10187 "-" "AliyunSecBot/Aliyun (AliyunSecBot@service.alibaba.com)"
40.77.167.149 - - [27/Jul/2025:03:10:25 +0000] "GET /product/edit/50962462 HTTP/2.0" 200 18385 "-" "Mozilla/5.0 AppleWebKit/537.36 (KHTML, like Gecko; compatible; bingbot/2.0; +http://www.bing.com/bingbot.htm) Chrome/116.0.1938.76 Safari/537.36"
40.77.167.68 - - [27/Jul/2025:03:10:40 +0000] "GET /shopdetail/1004613/ HTTP/2.0" 301 363 "-" "Mozilla/5.0 AppleWebKit/537.36 (KHTML, like Gecko; compatible; bingbot/2.0; +http://www.bing.com/bingbot.htm) Chrome/116.0.1938.76 Safari/537.36"
40.77.167.68 - - [27/Jul/2025:03:10:41 +0000] "GET /shopdetail/1004613 HTTP/2.0" 200 18314 "-" "Mozilla/5.0 AppleWebKit/537.36 (KHTML, like Gecko; compatible; bingbot/2.0; +http://www.bing.com/bingbot.htm) Chrome/116.0.1938.76 Safari/537.36"
8.217.211.60 - - [27/Jul/2025:03:11:11 +0000] "GET /shopdetail/23460579 HTTP/1.1" 404 7203 "-" "AliyunSecBot/Aliyun (AliyunSecBot@service.alibaba.com)"
66.249.79.130 - - [27/Jul/2025:03:12:06 +0000] "GET /shopdetail/11968524 HTTP/1.1" 200 21630 "-" "Mozilla/5.0 (Linux; Android 6.0.1; Nexus 5X Build/MMB29P) AppleWebKit/537.36 (KHTML, like Gecko) Chrome/137.0.7151.103 Mobile Safari/537.36 (compatible; Googlebot/2.1; +http://www.google.com/bot.html)"
66.249.79.129 - - [27/Jul/2025:03:12:14 +0000] "GET /shopdetail/3404680/ HTTP/1.1" 301 3833 "-" "Mozilla/5.0 (Linux; Android 6.0.1; Nexus 5X Build/MMB29P) AppleWebKit/537.36 (KHTML, like Gecko) Chrome/138.0.7204.157 Mobile Safari/537.36 (compatible; Googlebot/2.1; +http://www.google.com/bot.html)"
66.249.79.129 - - [27/Jul/2025:03:12:16 +0000] "GET /shopdetail/3404680 HTTP/1.1" 200 18427 "-" "Mozilla/5.0 (Linux; Android 6.0.1; Nexus 5X Build/MMB29P) AppleWebKit/537.36 (KHTML, like Gecko) Chrome/138.0.7204.157 Mobile Safari/537.36 (compatible; Googlebot/2.1; +http://www.google.com/bot.html)"
66.249.79.130 - - [27/Jul/2025:03:12:18 +0000] "POST /get-message-notify HTTP/1.1" 200 21779 "https://www.bizcards.co.in/shopdetail/11968524" "Mozilla/5.0 (Linux; Android 6.0.1; Nexus 5X Build/MMB29P) AppleWebKit/537.36 (KHTML, like Gecko) Chrome/137.0.7151.119 Mobile Safari/537.36 (compatible; Googlebot/2.1; +http://www.google.com/bot.html)"
157.55.39.10 - - [27/Jul/2025:03:12:48 +0000] "GET /product/edit/45373719 HTTP/2.0" 200 17605 "-" "Mozilla/5.0 AppleWebKit/537.36 (KHTML, like Gecko; compatible; bingbot/2.0; +http://www.bing.com/bingbot.htm) Chrome/116.0.1938.76 Safari/537.36"
157.55.39.10 - - [27/Jul/2025:03:12:49 +0000] "GET /product/edit/80191128 HTTP/2.0" 200 18025 "-" "Mozilla/5.0 AppleWebKit/537.36 (KHTML, like Gecko; compatible; bingbot/2.0; +http://www.bing.com/bingbot.htm) Chrome/116.0.1938.76 Safari/537.36"
157.55.39.10 - - [27/Jul/2025:03:12:51 +0000] "GET /shopdetail/1093679/ HTTP/2.0" 301 357 "-" "Mozilla/5.0 AppleWebKit/537.36 (KHTML, like Gecko; compatible; bingbot/2.0; +http://www.bing.com/bingbot.htm) Chrome/116.0.1938.76 Safari/537.36"
157.55.39.10 - - [27/Jul/2025:03:12:52 +0000] "GET /shopdetail/1093679 HTTP/2.0" 200 18089 "-" "Mozilla/5.0 AppleWebKit/537.36 (KHTML, like Gecko; compatible; bingbot/2.0; +http://www.bing.com/bingbot.htm) Chrome/116.0.1938.76 Safari/537.36"
40.77.167.149 - - [27/Jul/2025:03:12:55 +0000] "GET /product/edit/71716254 HTTP/2.0" 200 18146 "-" "Mozilla/5.0 AppleWebKit/537.36 (KHTML, like Gecko; compatible; bingbot/2.0; +http://www.bing.com/bingbot.htm) Chrome/116.0.1938.76 Safari/537.36"
66.249.79.130 - - [27/Jul/2025:03:13:24 +0000] "GET /shopdetail/25880391/ HTTP/1.1" 301 3835 "-" "Mozilla/5.0 (Linux; Android 6.0.1; Nexus 5X Build/MMB29P) AppleWebKit/537.36 (KHTML, like Gecko) Chrome/138.0.7204.157 Mobile Safari/537.36 (compatible; Googlebot/2.1; +http://www.google.com/bot.html)"
66.249.79.130 - - [27/Jul/2025:03:13:26 +0000] "GET /shopdetail/25880391 HTTP/1.1" 200 18548 "-" "Mozilla/5.0 (Linux; Android 6.0.1; Nexus 5X Build/MMB29P) AppleWebKit/537.36 (KHTML, like Gecko) Chrome/138.0.7204.157 Mobile Safari/537.36 (compatible; Googlebot/2.1; +http://www.google.com/bot.html)"
157.55.39.61 - - [27/Jul/2025:03:14:28 +0000] "GET /product/edit/46920166 HTTP/2.0" 200 18510 "-" "Mozilla/5.0 AppleWebKit/537.36 (KHTML, like Gecko; compatible; bingbot/2.0; +http://www.bing.com/bingbot.htm) Chrome/116.0.1938.76 Safari/537.36"
40.77.167.68 - - [27/Jul/2025:03:14:32 +0000] "GET /product/edit/80187814 HTTP/2.0" 200 18075 "-" "Mozilla/5.0 AppleWebKit/537.36 (KHTML, like Gecko; compatible; bingbot/2.0; +http://www.bing.com/bingbot.htm) Chrome/116.0.1938.76 Safari/537.36"
40.77.167.68 - - [27/Jul/2025:03:14:33 +0000] "GET /shopdetail/10609091/ HTTP/2.0" 301 359 "-" "Mozilla/5.0 AppleWebKit/537.36 (KHTML, like Gecko; compatible; bingbot/2.0; +http://www.bing.com/bingbot.htm) Chrome/116.0.1938.76 Safari/537.36"
40.77.167.68 - - [27/Jul/2025:03:14:35 +0000] "GET /shopdetail/10609091 HTTP/2.0" 200 19068 "-" "Mozilla/5.0 AppleWebKit/537.36 (KHTML, like Gecko; compatible; bingbot/2.0; +http://www.bing.com/bingbot.htm) Chrome/116.0.1938.76 Safari/537.36"
52.167.144.176 - - [27/Jul/2025:03:14:38 +0000] "GET /product/edit/50810227 HTTP/2.0" 200 17898 "-" "Mozilla/5.0 AppleWebKit/537.36 (KHTML, like Gecko; compatible; bingbot/2.0; +http://www.bing.com/bingbot.htm) Chrome/116.0.1938.76 Safari/537.36"
52.167.144.176 - - [27/Jul/2025:03:14:39 +0000] "GET /product/edit/61112545 HTTP/2.0" 200 19081 "-" "Mozilla/5.0 AppleWebKit/537.36 (KHTML, like Gecko; compatible; bingbot/2.0; +http://www.bing.com/bingbot.htm) Chrome/116.0.1938.76 Safari/537.36"
66.249.79.129 - - [27/Jul/2025:03:16:14 +0000] "GET /shopdetail/9450968/ HTTP/1.1" 301 3833 "-" "Mozilla/5.0 (Linux; Android 6.0.1; Nexus 5X Build/MMB29P) AppleWebKit/537.36 (KHTML, like Gecko) Chrome/137.0.7151.103 Mobile Safari/537.36 (compatible; Googlebot/2.1; +http://www.google.com/bot.html)"
66.249.79.130 - - [27/Jul/2025:03:16:16 +0000] "GET /shopdetail/9450968 HTTP/1.1" 200 22069 "-" "Mozilla/5.0 (Linux; Android 6.0.1; Nexus 5X Build/MMB29P) AppleWebKit/537.36 (KHTML, like Gecko) Chrome/137.0.7151.103 Mobile Safari/537.36 (compatible; Googlebot/2.1; +http://www.google.com/bot.html)"
157.55.39.61 - - [27/Jul/2025:03:16:18 +0000] "GET /product/edit/95866135 HTTP/2.0" 200 18801 "-" "Mozilla/5.0 AppleWebKit/537.36 (KHTML, like Gecko; compatible; bingbot/2.0; +http://www.bing.com/bingbot.htm) Chrome/116.0.1938.76 Safari/537.36"
66.249.79.130 - - [27/Jul/2025:03:16:42 +0000] "GET /shopdetail/20074568/ HTTP/1.1" 301 3835 "-" "Mozilla/5.0 (Linux; Android 6.0.1; Nexus 5X Build/MMB29P) AppleWebKit/537.36 (KHTML, like Gecko) Chrome/138.0.7204.157 Mobile Safari/537.36 (compatible; Googlebot/2.1; +http://www.google.com/bot.html)"
66.249.79.129 - - [27/Jul/2025:03:16:43 +0000] "GET /shopdetail/20074568 HTTP/1.1" 200 21979 "-" "Mozilla/5.0 (Linux; Android 6.0.1; Nexus 5X Build/MMB29P) AppleWebKit/537.36 (KHTML, like Gecko) Chrome/138.0.7204.157 Mobile Safari/537.36 (compatible; Googlebot/2.1; +http://www.google.com/bot.html)"
52.167.144.176 - - [27/Jul/2025:03:17:06 +0000] "GET /product/edit/92558972 HTTP/2.0" 200 18418 "-" "Mozilla/5.0 AppleWebKit/537.36 (KHTML, like Gecko; compatible; bingbot/2.0; +http://www.bing.com/bingbot.htm) Chrome/116.0.1938.76 Safari/537.36"
66.249.79.66 - - [27/Jul/2025:03:17:17 +0000] "GET /robots.txt HTTP/1.1" 404 3711 "-" "Mozilla/5.0 (compatible; Googlebot/2.1; +http://www.google.com/bot.html)"
66.249.79.66 - - [27/Jul/2025:03:17:17 +0000] "GET / HTTP/1.1" 200 17842 "-" "Mozilla/5.0 (Linux; Android 6.0.1; Nexus 5X Build/MMB29P) AppleWebKit/537.36 (KHTML, like Gecko) Chrome/137.0.7151.103 Mobile Safari/537.36 (compatible; Googlebot/2.1; +http://www.google.com/bot.html)"
66.249.79.129 - - [27/Jul/2025:03:17:19 +0000] "GET /shopdetail/20961935/ HTTP/1.1" 301 3835 "-" "Mozilla/5.0 (Linux; Android 6.0.1; Nexus 5X Build/MMB29P) AppleWebKit/537.36 (KHTML, like Gecko) Chrome/137.0.7151.103 Mobile Safari/537.36 (compatible; Googlebot/2.1; +http://www.google.com/bot.html)"
66.249.79.66 - - [27/Jul/2025:03:17:23 +0000] "POST /get-message-notify HTTP/1.1" 200 21758 "https://bizcards.co.in/" "Mozilla/5.0 (Linux; Android 6.0.1; Nexus 5X Build/MMB29P) AppleWebKit/537.36 (KHTML, like Gecko) Chrome/137.0.7151.119 Mobile Safari/537.36 (compatible; Googlebot/2.1; +http://www.google.com/bot.html)"
40.77.167.68 - - [27/Jul/2025:03:17:31 +0000] "GET /product/edit/23165189 HTTP/2.0" 200 18942 "-" "Mozilla/5.0 AppleWebKit/537.36 (KHTML, like Gecko; compatible; bingbot/2.0; +http://www.bing.com/bingbot.htm) Chrome/116.0.1938.76 Safari/537.36"
8.210.79.83 - - [27/Jul/2025:03:18:32 +0000] "GET /shopdetail/4446957 HTTP/1.1" 404 10187 "-" "AliyunSecBot/Aliyun (AliyunSecBot@service.alibaba.com)"
157.55.39.61 - - [27/Jul/2025:03:18:48 +0000] "GET /product/edit/33765466 HTTP/2.0" 200 17733 "-" "Mozilla/5.0 AppleWebKit/537.36 (KHTML, like Gecko; compatible; bingbot/2.0; +http://www.bing.com/bingbot.htm) Chrome/116.0.1938.76 Safari/537.36"
66.249.79.67 - - [27/Jul/2025:03:19:46 +0000] "GET /favicon.ico HTTP/1.1" 404 3711 "-" "Googlebot-Image/1.0"
8.217.212.166 - - [27/Jul/2025:03:20:52 +0000] "GET /shopdetail/25398191 HTTP/1.1" 404 7203 "-" "AliyunSecBot/Aliyun (AliyunSecBot@service.alibaba.com)"
52.167.144.176 - - [27/Jul/2025:03:22:06 +0000] "GET /product/edit/76192685 HTTP/2.0" 200 18769 "-" "Mozilla/5.0 AppleWebKit/537.36 (KHTML, like Gecko; compatible; bingbot/2.0; +http://www.bing.com/bingbot.htm) Chrome/116.0.1938.76 Safari/537.36"
66.249.79.131 - - [27/Jul/2025:03:23:21 +0000] "GET /shopdetail/26112313 HTTP/1.1" 200 22167 "-" "Mozilla/5.0 (Linux; Android 6.0.1; Nexus 5X Build/MMB29P) AppleWebKit/537.36 (KHTML, like Gecko) Chrome/137.0.7151.103 Mobile Safari/537.36 (compatible; Googlebot/2.1; +http://www.google.com/bot.html)"
157.55.39.61 - - [27/Jul/2025:03:23:29 +0000] "GET /product/edit/91994679 HTTP/2.0" 200 18143 "-" "Mozilla/5.0 AppleWebKit/537.36 (KHTML, like Gecko; compatible; bingbot/2.0; +http://www.bing.com/bingbot.htm) Chrome/116.0.1938.76 Safari/537.36"
40.77.167.25 - - [27/Jul/2025:03:23:33 +0000] "GET /shopdetail/11475480/ HTTP/2.0" 301 365 "-" "Mozilla/5.0 AppleWebKit/537.36 (KHTML, like Gecko; compatible; bingbot/2.0; +http://www.bing.com/bingbot.htm) Chrome/116.0.1938.76 Safari/537.36"
40.77.167.25 - - [27/Jul/2025:03:23:34 +0000] "GET /shopdetail/11475480 HTTP/2.0" 200 18747 "-" "Mozilla/5.0 AppleWebKit/537.36 (KHTML, like Gecko; compatible; bingbot/2.0; +http://www.bing.com/bingbot.htm) Chrome/116.0.1938.76 Safari/537.36"
40.77.167.25 - - [27/Jul/2025:03:24:21 +0000] "GET /product/edit/66192756 HTTP/2.0" 200 18468 "-" "Mozilla/5.0 AppleWebKit/537.36 (KHTML, like Gecko; compatible; bingbot/2.0; +http://www.bing.com/bingbot.htm) Chrome/116.0.1938.76 Safari/537.36"
66.249.79.129 - - [27/Jul/2025:03:25:36 +0000] "GET /shopdetail/10012980/ HTTP/1.1" 301 3835 "-" "Mozilla/5.0 (Linux; Android 6.0.1; Nexus 5X Build/MMB29P) AppleWebKit/537.36 (KHTML, like Gecko) Chrome/137.0.7151.103 Mobile Safari/537.36 (compatible; Googlebot/2.1; +http://www.google.com/bot.html)"
66.249.79.130 - - [27/Jul/2025:03:25:38 +0000] "GET /shopdetail/10012980 HTTP/1.1" 200 22810 "-" "Mozilla/5.0 (Linux; Android 6.0.1; Nexus 5X Build/MMB29P) AppleWebKit/537.36 (KHTML, like Gecko) Chrome/137.0.7151.103 Mobile Safari/537.36 (compatible; Googlebot/2.1; +http://www.google.com/bot.html)"
8.217.191.179 - - [27/Jul/2025:03:26:21 +0000] "GET /shopdetail/13577668 HTTP/1.1" 404 10187 "-" "AliyunSecBot/Aliyun (AliyunSecBot@service.alibaba.com)"
40.77.167.25 - - [27/Jul/2025:03:27:01 +0000] "GET /product/edit/76822941 HTTP/2.0" 200 18449 "-" "Mozilla/5.0 AppleWebKit/537.36 (KHTML, like Gecko; compatible; bingbot/2.0; +http://www.bing.com/bingbot.htm) Chrome/116.0.1938.76 Safari/537.36"
66.249.79.130 - - [27/Jul/2025:03:27:19 +0000] "GET /shopdetail/12826235/ HTTP/1.1" 301 3835 "-" "Mozilla/5.0 (Linux; Android 6.0.1; Nexus 5X Build/MMB29P) AppleWebKit/537.36 (KHTML, like Gecko) Chrome/137.0.7151.103 Mobile Safari/537.36 (compatible; Googlebot/2.1; +http://www.google.com/bot.html)"
66.249.79.130 - - [27/Jul/2025:03:27:20 +0000] "GET /shopdetail/12826235 HTTP/1.1" 200 19177 "-" "Mozilla/5.0 (Linux; Android 6.0.1; Nexus 5X Build/MMB29P) AppleWebKit/537.36 (KHTML, like Gecko) Chrome/137.0.7151.103 Mobile Safari/537.36 (compatible; Googlebot/2.1; +http://www.google.com/bot.html)"
