207.46.13.156 - - [27/Jul/2025:09:00:17 +0000] "GET /shopdetail/10674557 HTTP/2.0" 200 18409 "-" "Mozilla/5.0 AppleWebKit/537.36 (KHTML, like Gecko; compatible; bingbot/2.0; +http://www.bing.com/bingbot.htm) Chrome/116.0.1938.76 Safari/537.36"
207.46.13.156 - - [27/Jul/2025:09:00:19 +0000] "GET /product/edit/70410029 HTTP/2.0" 200 17670 "-" "Mozilla/5.0 AppleWebKit/537.36 (KHTML, like Gecko; compatible; bingbot/2.0; +http://www.bing.com/bingbot.htm) Chrome/116.0.1938.76 Safari/537.36"
207.46.13.156 - - [27/Jul/2025:09:00:24 +0000] "GET /product/edit/85101470 HTTP/2.0" 200 18039 "-" "Mozilla/5.0 AppleWebKit/537.36 (KHTML, like Gecko; compatible; bingbot/2.0; +http://www.bing.com/bingbot.htm) Chrome/116.0.1938.76 Safari/537.36"
52.167.144.146 - - [27/Jul/2025:09:01:49 +0000] "GET /shopdetail/24679013/ HTTP/2.0" 301 364 "-" "Mozilla/5.0 AppleWebKit/537.36 (KHTML, like Gecko; compatible; bingbot/2.0; +http://www.bing.com/bingbot.htm) Chrome/116.0.1938.76 Safari/537.36"
52.167.144.146 - - [27/Jul/2025:09:01:49 +0000] "GET /shopdetail/24679013 HTTP/2.0" 200 19254 "-" "Mozilla/5.0 AppleWebKit/537.36 (KHTML, like Gecko; compatible; bingbot/2.0; +http://www.bing.com/bingbot.htm) Chrome/116.0.1938.76 Safari/537.36"
207.46.13.124 - - [27/Jul/2025:09:02:44 +0000] "GET /product/edit/89636203 HTTP/2.0" 200 18603 "-" "Mozilla/5.0 AppleWebKit/537.36 (KHTML, like Gecko; compatible; bingbot/2.0; +http://www.bing.com/bingbot.htm) Chrome/116.0.1938.76 Safari/537.36"
207.46.13.124 - - [27/Jul/2025:09:02:45 +0000] "GET /shopdetail/7857513/ HTTP/2.0" 301 357 "-" "Mozilla/5.0 AppleWebKit/537.36 (KHTML, like Gecko; compatible; bingbot/2.0; +http://www.bing.com/bingbot.htm) Chrome/116.0.1938.76 Safari/537.36"
207.46.13.124 - - [27/Jul/2025:09:02:46 +0000] "GET /shopdetail/7857513 HTTP/2.0" 200 18077 "-" "Mozilla/5.0 AppleWebKit/537.36 (KHTML, like Gecko; compatible; bingbot/2.0; +http://www.bing.com/bingbot.htm) Chrome/116.0.1938.76 Safari/537.36"
207.46.13.156 - - [27/Jul/2025:09:02:48 +0000] "GET /product/edit/10732515 HTTP/2.0" 200 18891 "-" "Mozilla/5.0 AppleWebKit/537.36 (KHTML, like Gecko; compatible; bingbot/2.0; +http://www.bing.com/bingbot.htm) Chrome/116.0.1938.76 Safari/537.36"
40.77.167.13 - - [27/Jul/2025:09:06:19 +0000] "GET /product/edit/55019190 HTTP/2.0" 200 18122 "-" "Mozilla/5.0 AppleWebKit/537.36 (KHTML, like Gecko; compatible; bingbot/2.0; +http://www.bing.com/bingbot.htm) Chrome/116.0.1938.76 Safari/537.36"
40.77.167.13 - - [27/Jul/2025:09:06:20 +0000] "GET /shopdetail/10620046/ HTTP/2.0" 301 358 "-" "Mozilla/5.0 AppleWebKit/537.36 (KHTML, like Gecko; compatible; bingbot/2.0; +http://www.bing.com/bingbot.htm) Chrome/116.0.1938.76 Safari/537.36"
40.77.167.13 - - [27/Jul/2025:09:06:21 +0000] "GET /shopdetail/10620046 HTTP/2.0" 200 18241 "-" "Mozilla/5.0 AppleWebKit/537.36 (KHTML, like Gecko; compatible; bingbot/2.0; +http://www.bing.com/bingbot.htm) Chrome/116.0.1938.76 Safari/537.36"
207.46.13.124 - - [27/Jul/2025:09:07:55 +0000] "GET /product/edit/54386215 HTTP/2.0" 200 18546 "-" "Mozilla/5.0 AppleWebKit/537.36 (KHTML, like Gecko; compatible; bingbot/2.0; +http://www.bing.com/bingbot.htm) Chrome/116.0.1938.76 Safari/537.36"
196.207.231.235 - - [27/Jul/2025:09:08:18 +0000] "GET /shopdetail/8680168 HTTP/1.1" 404 10172 "-" "Mozilla/5.0 (Linux; Android 10; SM-G981B) AppleWebKit/537.36 (KHTML, like Gecko) Chrome/80.0.3987.162 Mobile Safari/537.36"
66.249.79.130 - - [27/Jul/2025:09:10:22 +0000] "GET /shopdetail/15460824 HTTP/1.1" 200 22148 "-" "Mozilla/5.0 (Linux; Android 6.0.1; Nexus 5X Build/MMB29P) AppleWebKit/537.36 (KHTML, like Gecko) Chrome/137.0.7151.103 Mobile Safari/537.36 (compatible; Googlebot/2.1; +http://www.google.com/bot.html)"
207.46.13.141 - - [27/Jul/2025:09:10:26 +0000] "GET /shopdetail/10612180/ HTTP/2.0" 301 363 "-" "Mozilla/5.0 AppleWebKit/537.36 (KHTML, like Gecko; compatible; bingbot/2.0; +http://www.bing.com/bingbot.htm) Chrome/116.0.1938.76 Safari/537.36"
207.46.13.141 - - [27/Jul/2025:09:10:27 +0000] "GET /shopdetail/10612180 HTTP/2.0" 200 18920 "-" "Mozilla/5.0 AppleWebKit/537.36 (KHTML, like Gecko; compatible; bingbot/2.0; +http://www.bing.com/bingbot.htm) Chrome/116.0.1938.76 Safari/537.36"
207.46.13.141 - - [27/Jul/2025:09:11:05 +0000] "GET /product/edit/57972754 HTTP/2.0" 200 18991 "-" "Mozilla/5.0 AppleWebKit/537.36 (KHTML, like Gecko; compatible; bingbot/2.0; +http://www.bing.com/bingbot.htm) Chrome/116.0.1938.76 Safari/537.36"
207.46.13.7 - - [27/Jul/2025:09:14:55 +0000] "GET /shopdetail/11497780/ HTTP/2.0" 301 365 "-" "Mozilla/5.0 AppleWebKit/537.36 (KHTML, like Gecko; compatible; bingbot/2.0; +http://www.bing.com/bingbot.htm) Chrome/116.0.1938.76 Safari/537.36"
207.46.13.7 - - [27/Jul/2025:09:14:56 +0000] "GET /shopdetail/11497780 HTTP/2.0" 200 18638 "-" "Mozilla/5.0 AppleWebKit/537.36 (KHTML, like Gecko; compatible; bingbot/2.0; +http://www.bing.com/bingbot.htm) Chrome/116.0.1938.76 Safari/537.36"
207.46.13.83 - - [27/Jul/2025:09:16:36 +0000] "GET /product/edit/21260890 HTTP/2.0" 200 19090 "-" "Mozilla/5.0 AppleWebKit/537.36 (KHTML, like Gecko; compatible; bingbot/2.0; +http://www.bing.com/bingbot.htm) Chrome/116.0.1938.76 Safari/537.36"
52.167.144.137 - - [27/Jul/2025:09:19:31 +0000] "GET /product/edit/42162108 HTTP/2.0" 200 18474 "-" "Mozilla/5.0 AppleWebKit/537.36 (KHTML, like Gecko; compatible; bingbot/2.0; +http://www.bing.com/bingbot.htm) Chrome/116.0.1938.76 Safari/537.36"
52.167.144.137 - - [27/Jul/2025:09:19:32 +0000] "GET /shopdetail/11316891/ HTTP/2.0" 301 358 "-" "Mozilla/5.0 AppleWebKit/537.36 (KHTML, like Gecko; compatible; bingbot/2.0; +http://www.bing.com/bingbot.htm) Chrome/116.0.1938.76 Safari/537.36"
52.167.144.137 - - [27/Jul/2025:09:19:33 +0000] "GET /shopdetail/11316891 HTTP/2.0" 200 18774 "-" "Mozilla/5.0 AppleWebKit/537.36 (KHTML, like Gecko; compatible; bingbot/2.0; +http://www.bing.com/bingbot.htm) Chrome/116.0.1938.76 Safari/537.36"
207.46.13.7 - - [27/Jul/2025:09:19:35 +0000] "GET /product/edit/45117267 HTTP/2.0" 200 18524 "-" "Mozilla/5.0 AppleWebKit/537.36 (KHTML, like Gecko; compatible; bingbot/2.0; +http://www.bing.com/bingbot.htm) Chrome/116.0.1938.76 Safari/537.36"
207.46.13.83 - - [27/Jul/2025:09:19:36 +0000] "GET /product/edit/49169966 HTTP/2.0" 200 19110 "-" "Mozilla/5.0 AppleWebKit/537.36 (KHTML, like Gecko; compatible; bingbot/2.0; +http://www.bing.com/bingbot.htm) Chrome/116.0.1938.76 Safari/537.36"
207.46.13.7 - - [27/Jul/2025:09:19:45 +0000] "GET /product/edit/82342040 HTTP/2.0" 200 18629 "-" "Mozilla/5.0 AppleWebKit/537.36 (KHTML, like Gecko; compatible; bingbot/2.0; +http://www.bing.com/bingbot.htm) Chrome/116.0.1938.76 Safari/537.36"
66.249.79.130 - - [27/Jul/2025:09:20:23 +0000] "GET /shopdetail/25110079/ HTTP/1.1" 301 3835 "-" "Mozilla/5.0 (Linux; Android 6.0.1; Nexus 5X Build/MMB29P) AppleWebKit/537.36 (KHTML, like Gecko) Chrome/137.0.7151.103 Mobile Safari/537.36 (compatible; Googlebot/2.1; +http://www.google.com/bot.html)"
66.249.79.131 - - [27/Jul/2025:09:20:25 +0000] "GET /shopdetail/25110079 HTTP/1.1" 200 22477 "-" "Mozilla/5.0 (Linux; Android 6.0.1; Nexus 5X Build/MMB29P) AppleWebKit/537.36 (KHTML, like Gecko) Chrome/137.0.7151.103 Mobile Safari/537.36 (compatible; Googlebot/2.1; +http://www.google.com/bot.html)"
207.46.13.7 - - [27/Jul/2025:09:20:35 +0000] "GET /product/edit/83138170 HTTP/2.0" 200 17745 "-" "Mozilla/5.0 AppleWebKit/537.36 (KHTML, like Gecko; compatible; bingbot/2.0; +http://www.bing.com/bingbot.htm) Chrome/116.0.1938.76 Safari/537.36"
207.46.13.83 - - [27/Jul/2025:09:20:40 +0000] "GET /shopdetail/10006502/ HTTP/2.0" 301 363 "-" "Mozilla/5.0 AppleWebKit/537.36 (KHTML, like Gecko; compatible; bingbot/2.0; +http://www.bing.com/bingbot.htm) Chrome/116.0.1938.76 Safari/537.36"
207.46.13.83 - - [27/Jul/2025:09:20:40 +0000] "GET /shopdetail/10006502 HTTP/2.0" 200 18421 "-" "Mozilla/5.0 AppleWebKit/537.36 (KHTML, like Gecko; compatible; bingbot/2.0; +http://www.bing.com/bingbot.htm) Chrome/116.0.1938.76 Safari/537.36"
207.46.13.83 - - [27/Jul/2025:09:20:42 +0000] "GET /product/edit/78760322 HTTP/2.0" 200 18991 "-" "Mozilla/5.0 AppleWebKit/537.36 (KHTML, like Gecko; compatible; bingbot/2.0; +http://www.bing.com/bingbot.htm) Chrome/116.0.1938.76 Safari/537.36"
66.249.79.130 - - [27/Jul/2025:09:20:49 +0000] "GET /shopdetail/11272791/ HTTP/1.1" 301 3835 "-" "Mozilla/5.0 (Linux; Android 6.0.1; Nexus 5X Build/MMB29P) AppleWebKit/537.36 (KHTML, like Gecko) Chrome/137.0.7151.103 Mobile Safari/537.36 (compatible; Googlebot/2.1; +http://www.google.com/bot.html)"
66.249.79.129 - - [27/Jul/2025:09:20:50 +0000] "GET /shopdetail/11272791 HTTP/1.1" 200 21433 "-" "Mozilla/5.0 (Linux; Android 6.0.1; Nexus 5X Build/MMB29P) AppleWebKit/537.36 (KHTML, like Gecko) Chrome/137.0.7151.103 Mobile Safari/537.36 (compatible; Googlebot/2.1; +http://www.google.com/bot.html)"
52.167.144.137 - - [27/Jul/2025:09:21:00 +0000] "GET /shopdetail/10171980/ HTTP/2.0" 301 364 "-" "Mozilla/5.0 AppleWebKit/537.36 (KHTML, like Gecko; compatible; bingbot/2.0; +http://www.bing.com/bingbot.htm) Chrome/116.0.1938.76 Safari/537.36"
52.167.144.137 - - [27/Jul/2025:09:21:01 +0000] "GET /shopdetail/10171980 HTTP/2.0" 200 18785 "-" "Mozilla/5.0 AppleWebKit/537.36 (KHTML, like Gecko; compatible; bingbot/2.0; +http://www.bing.com/bingbot.htm) Chrome/116.0.1938.76 Safari/537.36"
207.46.13.7 - - [27/Jul/2025:09:21:06 +0000] "GET /shopdetail/10168779/ HTTP/2.0" 301 364 "-" "Mozilla/5.0 AppleWebKit/537.36 (KHTML, like Gecko; compatible; bingbot/2.0; +http://www.bing.com/bingbot.htm) Chrome/116.0.1938.76 Safari/537.36"
207.46.13.7 - - [27/Jul/2025:09:21:06 +0000] "GET /shopdetail/10168779 HTTP/2.0" 200 17859 "-" "Mozilla/5.0 AppleWebKit/537.36 (KHTML, like Gecko; compatible; bingbot/2.0; +http://www.bing.com/bingbot.htm) Chrome/116.0.1938.76 Safari/537.36"
207.46.13.7 - - [27/Jul/2025:09:21:09 +0000] "GET /shopdetail/10475246/ HTTP/2.0" 301 333 "-" "Mozilla/5.0 AppleWebKit/537.36 (KHTML, like Gecko; compatible; bingbot/2.0; +http://www.bing.com/bingbot.htm) Chrome/116.0.1938.76 Safari/537.36"
207.46.13.83 - - [27/Jul/2025:09:21:10 +0000] "GET /shopdetail/10464257/ HTTP/2.0" 301 364 "-" "Mozilla/5.0 AppleWebKit/537.36 (KHTML, like Gecko; compatible; bingbot/2.0; +http://www.bing.com/bingbot.htm) Chrome/116.0.1938.76 Safari/537.36"
207.46.13.83 - - [27/Jul/2025:09:21:11 +0000] "GET /shopdetail/10464257 HTTP/2.0" 200 18251 "-" "Mozilla/5.0 AppleWebKit/537.36 (KHTML, like Gecko; compatible; bingbot/2.0; +http://www.bing.com/bingbot.htm) Chrome/116.0.1938.76 Safari/537.36"
207.46.13.7 - - [27/Jul/2025:09:21:16 +0000] "GET /shopdetail/10475246 HTTP/2.0" 200 18280 "-" "Mozilla/5.0 AppleWebKit/537.36 (KHTML, like Gecko; compatible; bingbot/2.0; +http://www.bing.com/bingbot.htm) Chrome/116.0.1938.76 Safari/537.36"
52.167.144.137 - - [27/Jul/2025:09:22:51 +0000] "GET /product/edit/23870618 HTTP/2.0" 200 19016 "-" "Mozilla/5.0 AppleWebKit/537.36 (KHTML, like Gecko; compatible; bingbot/2.0; +http://www.bing.com/bingbot.htm) Chrome/116.0.1938.76 Safari/537.36"
52.167.144.137 - - [27/Jul/2025:09:22:52 +0000] "GET /product/edit/19359360 HTTP/2.0" 200 18641 "-" "Mozilla/5.0 AppleWebKit/537.36 (KHTML, like Gecko; compatible; bingbot/2.0; +http://www.bing.com/bingbot.htm) Chrome/116.0.1938.76 Safari/537.36"
207.46.13.7 - - [27/Jul/2025:09:23:36 +0000] "GET /product/edit/68276977 HTTP/2.0" 200 18495 "-" "Mozilla/5.0 AppleWebKit/537.36 (KHTML, like Gecko; compatible; bingbot/2.0; +http://www.bing.com/bingbot.htm) Chrome/116.0.1938.76 Safari/537.36"
207.46.13.7 - - [27/Jul/2025:09:26:36 +0000] "GET /product/edit/67290989 HTTP/2.0" 200 18704 "-" "Mozilla/5.0 AppleWebKit/537.36 (KHTML, like Gecko; compatible; bingbot/2.0; +http://www.bing.com/bingbot.htm) Chrome/116.0.1938.76 Safari/537.36"
157.55.39.193 - - [27/Jul/2025:09:27:27 +0000] "GET /product/edit/79450052 HTTP/2.0" 200 18650 "-" "Mozilla/5.0 AppleWebKit/537.36 (KHTML, like Gecko; compatible; bingbot/2.0; +http://www.bing.com/bingbot.htm) Chrome/116.0.1938.76 Safari/537.36"
157.55.39.193 - - [27/Jul/2025:09:27:29 +0000] "GET /product/edit/24444693 HTTP/2.0" 200 17916 "-" "Mozilla/5.0 AppleWebKit/537.36 (KHTML, like Gecko; compatible; bingbot/2.0; +http://www.bing.com/bingbot.htm) Chrome/116.0.1938.76 Safari/537.36"
207.46.13.7 - - [27/Jul/2025:09:28:46 +0000] "GET /product/edit/69889710 HTTP/2.0" 200 19231 "-" "Mozilla/5.0 AppleWebKit/537.36 (KHTML, like Gecko; compatible; bingbot/2.0; +http://www.bing.com/bingbot.htm) Chrome/116.0.1938.76 Safari/537.36"
40.77.167.8 - - [27/Jul/2025:09:29:31 +0000] "GET /product/edit/78550649 HTTP/2.0" 200 18894 "-" "Mozilla/5.0 AppleWebKit/537.36 (KHTML, like Gecko; compatible; bingbot/2.0; +http://www.bing.com/bingbot.htm) Chrome/116.0.1938.76 Safari/537.36"
207.46.13.116 - - [27/Jul/2025:09:31:16 +0000] "GET /product/edit/36182732 HTTP/2.0" 200 18908 "-" "Mozilla/5.0 AppleWebKit/537.36 (KHTML, like Gecko; compatible; bingbot/2.0; +http://www.bing.com/bingbot.htm) Chrome/116.0.1938.76 Safari/537.36"
66.249.79.129 - - [27/Jul/2025:09:35:16 +0000] "GET /zhHant/product/surugaya/84653151?campaign_uid=f64d716db5e979ed2f947dbaf4296895b951ae7f HTTP/1.1" 200 22558 "-" "Mozilla/5.0 (Linux; Android 6.0.1; Nexus 5X Build/MMB29P) AppleWebKit/537.36 (KHTML, like Gecko) Chrome/137.0.7151.103 Mobile Safari/537.36 (compatible; Googlebot/2.1; +http://www.google.com/bot.html)"
207.46.13.116 - - [27/Jul/2025:09:37:07 +0000] "GET /product/edit/45674375 HTTP/2.0" 200 18512 "-" "Mozilla/5.0 AppleWebKit/537.36 (KHTML, like Gecko; compatible; bingbot/2.0; +http://www.bing.com/bingbot.htm) Chrome/116.0.1938.76 Safari/537.36"
40.77.167.8 - - [27/Jul/2025:09:37:52 +0000] "GET /product/edit/23702578 HTTP/2.0" 200 18379 "-" "Mozilla/5.0 AppleWebKit/537.36 (KHTML, like Gecko; compatible; bingbot/2.0; +http://www.bing.com/bingbot.htm) Chrome/116.0.1938.76 Safari/537.36"
66.249.79.131 - - [27/Jul/2025:09:38:34 +0000] "GET /shopdetail/26093580/ HTTP/1.1" 301 3835 "-" "Mozilla/5.0 (Linux; Android 6.0.1; Nexus 5X Build/MMB29P) AppleWebKit/537.36 (KHTML, like Gecko) Chrome/138.0.7204.157 Mobile Safari/537.36 (compatible; Googlebot/2.1; +http://www.google.com/bot.html)"
66.249.79.129 - - [27/Jul/2025:09:38:35 +0000] "GET /shopdetail/26093580 HTTP/1.1" 200 21892 "-" "Mozilla/5.0 (Linux; Android 6.0.1; Nexus 5X Build/MMB29P) AppleWebKit/537.36 (KHTML, like Gecko) Chrome/138.0.7204.157 Mobile Safari/537.36 (compatible; Googlebot/2.1; +http://www.google.com/bot.html)"
207.46.13.127 - - [27/Jul/2025:09:38:48 +0000] "GET /shopdetail/11155268/ HTTP/2.0" 301 365 "-" "Mozilla/5.0 AppleWebKit/537.36 (KHTML, like Gecko; compatible; bingbot/2.0; +http://www.bing.com/bingbot.htm) Chrome/116.0.1938.76 Safari/537.36"
207.46.13.127 - - [27/Jul/2025:09:38:49 +0000] "GET /shopdetail/11155268 HTTP/2.0" 200 17940 "-" "Mozilla/5.0 AppleWebKit/537.36 (KHTML, like Gecko; compatible; bingbot/2.0; +http://www.bing.com/bingbot.htm) Chrome/116.0.1938.76 Safari/537.36"
20.15.133.191 - - [27/Jul/2025:09:39:49 +0000] "GET /shopdetail/13029602/ HTTP/2.0" 301 365 "-" "Mozilla/5.0 AppleWebKit/537.36 (KHTML, like Gecko; compatible; bingbot/2.0; +http://www.bing.com/bingbot.htm) Chrome/116.0.1938.76 Safari/537.36"
207.46.13.127 - - [27/Jul/2025:09:41:09 +0000] "GET /product/edit/72556439 HTTP/2.0" 200 18608 "-" "Mozilla/5.0 AppleWebKit/537.36 (KHTML, like Gecko; compatible; bingbot/2.0; +http://www.bing.com/bingbot.htm) Chrome/116.0.1938.76 Safari/537.36"
20.15.133.175 - - [27/Jul/2025:09:41:48 +0000] "GET /shopdetail/23833657/ HTTP/2.0" 301 365 "-" "Mozilla/5.0 AppleWebKit/537.36 (KHTML, like Gecko; compatible; bingbot/2.0; +http://www.bing.com/bingbot.htm) Chrome/116.0.1938.76 Safari/537.36"
66.249.79.130 - - [27/Jul/2025:09:43:19 +0000] "GET /shopdetail/11562424/ HTTP/1.1" 301 3835 "-" "Mozilla/5.0 (Linux; Android 6.0.1; Nexus 5X Build/MMB29P) AppleWebKit/537.36 (KHTML, like Gecko) Chrome/137.0.7151.103 Mobile Safari/537.36 (compatible; Googlebot/2.1; +http://www.google.com/bot.html)"
66.249.79.130 - - [27/Jul/2025:09:43:20 +0000] "GET /shopdetail/11562424 HTTP/1.1" 200 18400 "-" "Mozilla/5.0 (Linux; Android 6.0.1; Nexus 5X Build/MMB29P) AppleWebKit/537.36 (KHTML, like Gecko) Chrome/137.0.7151.103 Mobile Safari/537.36 (compatible; Googlebot/2.1; +http://www.google.com/bot.html)"
52.167.144.196 - - [27/Jul/2025:09:44:33 +0000] "GET /pcmypage?callback=/product%2Fdetail%2F38092162 HTTP/2.0" 200 18076 "-" "Mozilla/5.0 AppleWebKit/537.36 (KHTML, like Gecko; compatible; bingbot/2.0; +http://www.bing.com/bingbot.htm) Chrome/116.0.1938.76 Safari/537.36"
207.46.13.127 - - [27/Jul/2025:09:44:39 +0000] "GET /pcmypage?callback=product/review/63528323 HTTP/2.0" 200 18764 "-" "Mozilla/5.0 AppleWebKit/537.36 (KHTML, like Gecko; compatible; bingbot/2.0; +http://www.bing.com/bingbot.htm) Chrome/116.0.1938.76 Safari/537.36"
52.167.144.196 - - [27/Jul/2025:09:45:53 +0000] "GET /product/edit/15031210 HTTP/2.0" 200 19096 "-" "Mozilla/5.0 AppleWebKit/537.36 (KHTML, like Gecko; compatible; bingbot/2.0; +http://www.bing.com/bingbot.htm) Chrome/116.0.1938.76 Safari/537.36"
4.227.36.69 - - [27/Jul/2025:09:46:09 +0000] "GET /robots.txt HTTP/2.0" 404 276 "-" "Mozilla/5.0 AppleWebKit/537.36 (KHTML, like Gecko; compatible; GPTBot/1.2; +https://openai.com/gptbot)"
157.55.39.61 - - [27/Jul/2025:09:47:38 +0000] "GET /product/edit/23557653 HTTP/2.0" 200 18926 "-" "Mozilla/5.0 AppleWebKit/537.36 (KHTML, like Gecko; compatible; bingbot/2.0; +http://www.bing.com/bingbot.htm) Chrome/116.0.1938.76 Safari/537.36"
157.55.39.61 - - [27/Jul/2025:09:48:08 +0000] "GET /product/edit/82866100 HTTP/2.0" 200 18840 "-" "Mozilla/5.0 AppleWebKit/537.36 (KHTML, like Gecko; compatible; bingbot/2.0; +http://www.bing.com/bingbot.htm) Chrome/116.0.1938.76 Safari/537.36"
66.249.79.131 - - [27/Jul/2025:09:48:25 +0000] "GET /shopdetail/6775957/ HTTP/1.1" 301 3833 "-" "Mozilla/5.0 (Linux; Android 6.0.1; Nexus 5X Build/MMB29P) AppleWebKit/537.36 (KHTML, like Gecko) Chrome/137.0.7151.103 Mobile Safari/537.36 (compatible; Googlebot/2.1; +http://www.google.com/bot.html)"
66.249.79.131 - - [27/Jul/2025:09:48:26 +0000] "GET /shopdetail/6775957 HTTP/1.1" 200 18258 "-" "Mozilla/5.0 (Linux; Android 6.0.1; Nexus 5X Build/MMB29P) AppleWebKit/537.36 (KHTML, like Gecko) Chrome/137.0.7151.103 Mobile Safari/537.36 (compatible; Googlebot/2.1; +http://www.google.com/bot.html)"
52.167.144.196 - - [27/Jul/2025:09:48:43 +0000] "GET /pcmypage?callback=product/review/94522588 HTTP/2.0" 200 18319 "-" "Mozilla/5.0 AppleWebKit/537.36 (KHTML, like Gecko; compatible; bingbot/2.0; +http://www.bing.com/bingbot.htm) Chrome/116.0.1938.76 Safari/537.36"
52.167.144.225 - - [27/Jul/2025:09:49:53 +0000] "GET /product/edit/20398087 HTTP/2.0" 200 18104 "-" "Mozilla/5.0 AppleWebKit/537.36 (KHTML, like Gecko; compatible; bingbot/2.0; +http://www.bing.com/bingbot.htm) Chrome/116.0.1938.76 Safari/537.36"
157.55.39.60 - - [27/Jul/2025:09:50:09 +0000] "GET /pcmypage?callback=product/review/45960411 HTTP/2.0" 200 18517 "-" "Mozilla/5.0 AppleWebKit/537.36 (KHTML, like Gecko; compatible; bingbot/2.0; +http://www.bing.com/bingbot.htm) Chrome/116.0.1938.76 Safari/537.36"
66.249.79.130 - - [27/Jul/2025:09:50:23 +0000] "GET /zhHant/product/surugaya/90111925?campaign_uid=f64d716db5e979ed2f947dbaf4296895b951ae7f HTTP/1.1" 200 22259 "-" "Mozilla/5.0 (Linux; Android 6.0.1; Nexus 5X Build/MMB29P) AppleWebKit/537.36 (KHTML, like Gecko) Chrome/137.0.7151.103 Mobile Safari/537.36 (compatible; Googlebot/2.1; +http://www.google.com/bot.html)"
66.249.79.130 - - [27/Jul/2025:09:50:49 +0000] "POST /get-message-notify HTTP/1.1" 200 21779 "https://www.bizcards.co.in/zhHant/product/surugaya/90111925?campaign_uid=f64d716db5e979ed2f947dbaf4296895b951ae7f" "Mozilla/5.0 (Linux; Android 6.0.1; Nexus 5X Build/MMB29P) AppleWebKit/537.36 (KHTML, like Gecko) Chrome/137.0.7151.119 Mobile Safari/537.36 (compatible; Googlebot/2.1; +http://www.google.com/bot.html)"
207.46.13.78 - - [27/Jul/2025:09:51:08 +0000] "GET /pcmypage?callback=product/review/37293696 HTTP/2.0" 200 18486 "-" "Mozilla/5.0 AppleWebKit/537.36 (KHTML, like Gecko; compatible; bingbot/2.0; +http://www.bing.com/bingbot.htm) Chrome/116.0.1938.76 Safari/537.36"
207.46.13.78 - - [27/Jul/2025:09:51:11 +0000] "GET /product/edit/64237565 HTTP/2.0" 200 18572 "-" "Mozilla/5.0 AppleWebKit/537.36 (KHTML, like Gecko; compatible; bingbot/2.0; +http://www.bing.com/bingbot.htm) Chrome/116.0.1938.76 Safari/537.36"
157.55.39.60 - - [27/Jul/2025:09:51:19 +0000] "GET /product/edit/45874833 HTTP/2.0" 200 18376 "-" "Mozilla/5.0 AppleWebKit/537.36 (KHTML, like Gecko; compatible; bingbot/2.0; +http://www.bing.com/bingbot.htm) Chrome/116.0.1938.76 Safari/537.36"
157.55.39.15 - - [27/Jul/2025:09:53:29 +0000] "GET /pcmypage?callback=product/review/57936366 HTTP/2.0" 200 18077 "-" "Mozilla/5.0 AppleWebKit/537.36 (KHTML, like Gecko; compatible; bingbot/2.0; +http://www.bing.com/bingbot.htm) Chrome/116.0.1938.76 Safari/537.36"
157.55.39.15 - - [27/Jul/2025:09:53:58 +0000] "GET /pcmypage?callback=product/review/62467190 HTTP/2.0" 200 18260 "-" "Mozilla/5.0 AppleWebKit/537.36 (KHTML, like Gecko; compatible; bingbot/2.0; +http://www.bing.com/bingbot.htm) Chrome/116.0.1938.76 Safari/537.36"
52.167.144.225 - - [27/Jul/2025:09:54:04 +0000] "GET /product/edit/72890755 HTTP/2.0" 200 19282 "-" "Mozilla/5.0 AppleWebKit/537.36 (KHTML, like Gecko; compatible; bingbot/2.0; +http://www.bing.com/bingbot.htm) Chrome/116.0.1938.76 Safari/537.36"
157.55.39.15 - - [27/Jul/2025:09:54:59 +0000] "GET /product/edit/93476614 HTTP/2.0" 200 19069 "-" "Mozilla/5.0 AppleWebKit/537.36 (KHTML, like Gecko; compatible; bingbot/2.0; +http://www.bing.com/bingbot.htm) Chrome/116.0.1938.76 Safari/537.36"
34.211.2.202 - - [27/Jul/2025:09:56:17 +0000] "GET / HTTP/1.1" 200 18400 "-" "Mozilla/5.0 (Macintosh; Intel Mac OS X 10_11_5) AppleWebKit/537.36 (KHTML, like Gecko) Chrome/50.0.2661.102 Safari/537.36"
157.55.39.60 - - [27/Jul/2025:09:57:30 +0000] "GET /pcmypage?callback=/product%2Fdetail%2F18412819 HTTP/2.0" 200 18290 "-" "Mozilla/5.0 AppleWebKit/537.36 (KHTML, like Gecko; compatible; bingbot/2.0; +http://www.bing.com/bingbot.htm) Chrome/116.0.1938.76 Safari/537.36"
52.167.144.225 - - [27/Jul/2025:09:58:14 +0000] "GET /product/edit/48416482 HTTP/2.0" 200 17592 "-" "Mozilla/5.0 AppleWebKit/537.36 (KHTML, like Gecko; compatible; bingbot/2.0; +http://www.bing.com/bingbot.htm) Chrome/116.0.1938.76 Safari/537.36"
157.55.39.60 - - [27/Jul/2025:09:59:00 +0000] "GET /shopdetail/12999457/ HTTP/2.0" 301 364 "-" "Mozilla/5.0 AppleWebKit/537.36 (KHTML, like Gecko; compatible; bingbot/2.0; +http://www.bing.com/bingbot.htm) Chrome/116.0.1938.76 Safari/537.36"
157.55.39.60 - - [27/Jul/2025:09:59:02 +0000] "GET /shopdetail/12999457 HTTP/2.0" 200 17871 "-" "Mozilla/5.0 AppleWebKit/537.36 (KHTML, like Gecko; compatible; bingbot/2.0; +http://www.bing.com/bingbot.htm) Chrome/116.0.1938.76 Safari/537.36"
157.55.39.15 - - [27/Jul/2025:09:59:59 +0000] "GET /product/edit/77988770 HTTP/2.0" 200 18012 "-" "Mozilla/5.0 AppleWebKit/537.36 (KHTML, like Gecko; compatible; bingbot/2.0; +http://www.bing.com/bingbot.htm) Chrome/116.0.1938.76 Safari/537.36"
40.77.167.22 - - [27/Jul/2025:10:00:54 +0000] "GET /product/edit/49293461 HTTP/2.0" 200 18077 "-" "Mozilla/5.0 AppleWebKit/537.36 (KHTML, like Gecko; compatible; bingbot/2.0; +http://www.bing.com/bingbot.htm) Chrome/116.0.1938.76 Safari/537.36"
207.46.13.107 - - [27/Jul/2025:10:02:02 +0000] "GET /product/edit/53781075 HTTP/2.0" 200 18651 "-" "Mozilla/5.0 AppleWebKit/537.36 (KHTML, like Gecko; compatible; bingbot/2.0; +http://www.bing.com/bingbot.htm) Chrome/116.0.1938.76 Safari/537.36"
207.46.13.107 - - [27/Jul/2025:10:02:04 +0000] "GET /product/edit/37864501 HTTP/2.0" 200 18485 "-" "Mozilla/5.0 AppleWebKit/537.36 (KHTML, like Gecko; compatible; bingbot/2.0; +http://www.bing.com/bingbot.htm) Chrome/116.0.1938.76 Safari/537.36"
20.15.133.160 - - [27/Jul/2025:10:03:11 +0000] "GET /shopdetail/9696591/ HTTP/2.0" 301 363 "-" "Mozilla/5.0 AppleWebKit/537.36 (KHTML, like Gecko; compatible; bingbot/2.0; +http://www.bing.com/bingbot.htm) Chrome/116.0.1938.76 Safari/537.36"
207.46.13.107 - - [27/Jul/2025:10:04:12 +0000] "GET /product/edit/52209283 HTTP/2.0" 200 18061 "-" "Mozilla/5.0 AppleWebKit/537.36 (KHTML, like Gecko; compatible; bingbot/2.0; +http://www.bing.com/bingbot.htm) Chrome/116.0.1938.76 Safari/537.36"
207.46.13.107 - - [27/Jul/2025:10:04:14 +0000] "GET /shopdetail/7803924/ HTTP/2.0" 301 357 "-" "Mozilla/5.0 AppleWebKit/537.36 (KHTML, like Gecko; compatible; bingbot/2.0; +http://www.bing.com/bingbot.htm) Chrome/116.0.1938.76 Safari/537.36"
207.46.13.107 - - [27/Jul/2025:10:04:16 +0000] "GET /shopdetail/7803924 HTTP/2.0" 200 18428 "-" "Mozilla/5.0 AppleWebKit/537.36 (KHTML, like Gecko; compatible; bingbot/2.0; +http://www.bing.com/bingbot.htm) Chrome/116.0.1938.76 Safari/537.36"
207.46.13.14 - - [27/Jul/2025:10:04:30 +0000] "GET /product/edit/16629848 HTTP/2.0" 200 17798 "-" "Mozilla/5.0 AppleWebKit/537.36 (KHTML, like Gecko; compatible; bingbot/2.0; +http://www.bing.com/bingbot.htm) Chrome/116.0.1938.76 Safari/537.36"
207.46.13.107 - - [27/Jul/2025:10:04:34 +0000] "GET /product/edit/45305926 HTTP/2.0" 200 19017 "-" "Mozilla/5.0 AppleWebKit/537.36 (KHTML, like Gecko; compatible; bingbot/2.0; +http://www.bing.com/bingbot.htm) Chrome/116.0.1938.76 Safari/537.36"
207.46.13.107 - - [27/Jul/2025:10:04:35 +0000] "GET /shopdetail/10902924/ HTTP/2.0" 301 358 "-" "Mozilla/5.0 AppleWebKit/537.36 (KHTML, like Gecko; compatible; bingbot/2.0; +http://www.bing.com/bingbot.htm) Chrome/116.0.1938.76 Safari/537.36"
40.77.167.22 - - [27/Jul/2025:10:04:35 +0000] "GET /product/edit/37113577 HTTP/2.0" 200 18108 "-" "Mozilla/5.0 AppleWebKit/537.36 (KHTML, like Gecko; compatible; bingbot/2.0; +http://www.bing.com/bingbot.htm) Chrome/116.0.1938.76 Safari/537.36"
207.46.13.107 - - [27/Jul/2025:10:04:36 +0000] "GET /shopdetail/10902924 HTTP/2.0" 200 18564 "-" "Mozilla/5.0 AppleWebKit/537.36 (KHTML, like Gecko; compatible; bingbot/2.0; +http://www.bing.com/bingbot.htm) Chrome/116.0.1938.76 Safari/537.36"
66.249.79.129 - - [27/Jul/2025:10:05:16 +0000] "GET /shopdetail/11877079/ HTTP/1.1" 301 3835 "-" "Mozilla/5.0 (Linux; Android 6.0.1; Nexus 5X Build/MMB29P) AppleWebKit/537.36 (KHTML, like Gecko) Chrome/137.0.7151.103 Mobile Safari/537.36 (compatible; Googlebot/2.1; +http://www.google.com/bot.html)"
66.249.79.131 - - [27/Jul/2025:10:05:17 +0000] "GET /shopdetail/11877079 HTTP/1.1" 200 21775 "-" "Mozilla/5.0 (Linux; Android 6.0.1; Nexus 5X Build/MMB29P) AppleWebKit/537.36 (KHTML, like Gecko) Chrome/137.0.7151.103 Mobile Safari/537.36 (compatible; Googlebot/2.1; +http://www.google.com/bot.html)"
20.15.133.160 - - [27/Jul/2025:10:05:21 +0000] "GET /shopdetail/17517280/ HTTP/2.0" 301 364 "-" "Mozilla/5.0 AppleWebKit/537.36 (KHTML, like Gecko; compatible; bingbot/2.0; +http://www.bing.com/bingbot.htm) Chrome/116.0.1938.76 Safari/537.36"
66.249.79.130 - - [27/Jul/2025:10:05:49 +0000] "GET /product/edit/35297527 HTTP/1.1" 200 22079 "-" "Mozilla/5.0 (Linux; Android 6.0.1; Nexus 5X Build/MMB29P) AppleWebKit/537.36 (KHTML, like Gecko) Chrome/137.0.7151.103 Mobile Safari/537.36 (compatible; Googlebot/2.1; +http://www.google.com/bot.html)"
66.249.79.129 - - [27/Jul/2025:10:06:25 +0000] "GET /product/edit/30241861 HTTP/1.1" 200 22153 "-" "Mozilla/5.0 (Linux; Android 6.0.1; Nexus 5X Build/MMB29P) AppleWebKit/537.36 (KHTML, like Gecko) Chrome/137.0.7151.103 Mobile Safari/537.36 (compatible; Googlebot/2.1; +http://www.google.com/bot.html)"
207.46.13.107 - - [27/Jul/2025:10:08:03 +0000] "GET /product/edit/96452189 HTTP/2.0" 200 19091 "-" "Mozilla/5.0 AppleWebKit/537.36 (KHTML, like Gecko; compatible; bingbot/2.0; +http://www.bing.com/bingbot.htm) Chrome/116.0.1938.76 Safari/537.36"
207.46.13.107 - - [27/Jul/2025:10:08:05 +0000] "GET /product/edit/55580906 HTTP/2.0" 200 18408 "-" "Mozilla/5.0 AppleWebKit/537.36 (KHTML, like Gecko; compatible; bingbot/2.0; +http://www.bing.com/bingbot.htm) Chrome/116.0.1938.76 Safari/537.36"
207.46.13.107 - - [27/Jul/2025:10:08:06 +0000] "GET /shopdetail/23610513/ HTTP/2.0" 301 358 "-" "Mozilla/5.0 AppleWebKit/537.36 (KHTML, like Gecko; compatible; bingbot/2.0; +http://www.bing.com/bingbot.htm) Chrome/116.0.1938.76 Safari/537.36"
207.46.13.107 - - [27/Jul/2025:10:08:07 +0000] "GET /shopdetail/23610513 HTTP/2.0" 200 18128 "-" "Mozilla/5.0 AppleWebKit/537.36 (KHTML, like Gecko; compatible; bingbot/2.0; +http://www.bing.com/bingbot.htm) Chrome/116.0.1938.76 Safari/537.36"
207.46.13.14 - - [27/Jul/2025:10:08:19 +0000] "GET /product/edit/67566264 HTTP/2.0" 200 18356 "-" "Mozilla/5.0 AppleWebKit/537.36 (KHTML, like Gecko; compatible; bingbot/2.0; +http://www.bing.com/bingbot.htm) Chrome/116.0.1938.76 Safari/537.36"
207.46.13.14 - - [27/Jul/2025:10:08:21 +0000] "GET /product/edit/33709585 HTTP/2.0" 200 19503 "-" "Mozilla/5.0 AppleWebKit/537.36 (KHTML, like Gecko; compatible; bingbot/2.0; +http://www.bing.com/bingbot.htm) Chrome/116.0.1938.76 Safari/537.36"
81.26.201.44 - - [27/Jul/2025:10:09:01 +0000] "GET / HTTP/1.0" 200 27279 "-" "-"
207.46.13.107 - - [27/Jul/2025:10:09:23 +0000] "GET /product/edit/29614877 HTTP/2.0" 200 18019 "-" "Mozilla/5.0 AppleWebKit/537.36 (KHTML, like Gecko; compatible; bingbot/2.0; +http://www.bing.com/bingbot.htm) Chrome/116.0.1938.76 Safari/537.36"
20.15.133.174 - - [27/Jul/2025:10:09:31 +0000] "GET /pcmypage?callback=product/review/75846771 HTTP/2.0" 200 19120 "-" "Mozilla/5.0 AppleWebKit/537.36 (KHTML, like Gecko; compatible; bingbot/2.0; +http://www.bing.com/bingbot.htm) Chrome/116.0.1938.76 Safari/537.36"
207.46.13.14 - - [27/Jul/2025:10:10:00 +0000] "GET /shopdetail/10429880/ HTTP/2.0" 301 364 "-" "Mozilla/5.0 AppleWebKit/537.36 (KHTML, like Gecko; compatible; bingbot/2.0; +http://www.bing.com/bingbot.htm) Chrome/116.0.1938.76 Safari/537.36"
207.46.13.14 - - [27/Jul/2025:10:10:01 +0000] "GET /shopdetail/10429880 HTTP/2.0" 200 17971 "-" "Mozilla/5.0 AppleWebKit/537.36 (KHTML, like Gecko; compatible; bingbot/2.0; +http://www.bing.com/bingbot.htm) Chrome/116.0.1938.76 Safari/537.36"
40.77.167.22 - - [27/Jul/2025:10:10:06 +0000] "GET /shopdetail/11774680/ HTTP/2.0" 301 364 "-" "Mozilla/5.0 AppleWebKit/537.36 (KHTML, like Gecko; compatible; bingbot/2.0; +http://www.bing.com/bingbot.htm) Chrome/116.0.1938.76 Safari/537.36"
40.77.167.22 - - [27/Jul/2025:10:10:07 +0000] "GET /shopdetail/11774680 HTTP/2.0" 200 18161 "-" "Mozilla/5.0 AppleWebKit/537.36 (KHTML, like Gecko; compatible; bingbot/2.0; +http://www.bing.com/bingbot.htm) Chrome/116.0.1938.76 Safari/537.36"
20.15.133.184 - - [27/Jul/2025:10:10:11 +0000] "GET /shopdetail/25304357/ HTTP/2.0" 301 364 "-" "Mozilla/5.0 AppleWebKit/537.36 (KHTML, like Gecko; compatible; bingbot/2.0; +http://www.bing.com/bingbot.htm) Chrome/116.0.1938.76 Safari/537.36"
66.249.79.131 - - [27/Jul/2025:10:10:22 +0000] "GET /shopdetail/3507635 HTTP/1.1" 200 21974 "-" "Mozilla/5.0 (Linux; Android 6.0.1; Nexus 5X Build/MMB29P) AppleWebKit/537.36 (KHTML, like Gecko) Chrome/137.0.7151.103 Mobile Safari/537.36 (compatible; Googlebot/2.1; +http://www.google.com/bot.html)"
20.15.133.174 - - [27/Jul/2025:10:11:01 +0000] "GET /shopdetail/18895346/ HTTP/2.0" 301 364 "-" "Mozilla/5.0 AppleWebKit/537.36 (KHTML, like Gecko; compatible; bingbot/2.0; +http://www.bing.com/bingbot.htm) Chrome/116.0.1938.76 Safari/537.36"
207.46.13.168 - - [27/Jul/2025:10:12:03 +0000] "GET /shopdetail/10450891/ HTTP/2.0" 301 364 "-" "Mozilla/5.0 AppleWebKit/537.36 (KHTML, like Gecko; compatible; bingbot/2.0; +http://www.bing.com/bingbot.htm) Chrome/116.0.1938.76 Safari/537.36"
207.46.13.168 - - [27/Jul/2025:10:12:05 +0000] "GET /shopdetail/10450891 HTTP/2.0" 200 18304 "-" "Mozilla/5.0 AppleWebKit/537.36 (KHTML, like Gecko; compatible; bingbot/2.0; +http://www.bing.com/bingbot.htm) Chrome/116.0.1938.76 Safari/537.36"
207.46.13.14 - - [27/Jul/2025:10:13:10 +0000] "GET /shopdetail/1598502/ HTTP/2.0" 301 363 "-" "Mozilla/5.0 AppleWebKit/537.36 (KHTML, like Gecko; compatible; bingbot/2.0; +http://www.bing.com/bingbot.htm) Chrome/116.0.1938.76 Safari/537.36"
207.46.13.14 - - [27/Jul/2025:10:13:11 +0000] "GET /shopdetail/1598502 HTTP/2.0" 200 18408 "-" "Mozilla/5.0 AppleWebKit/537.36 (KHTML, like Gecko; compatible; bingbot/2.0; +http://www.bing.com/bingbot.htm) Chrome/116.0.1938.76 Safari/537.36"
52.167.144.176 - - [27/Jul/2025:10:13:16 +0000] "GET /shopdetail/10676979/ HTTP/2.0" 301 364 "-" "Mozilla/5.0 AppleWebKit/537.36 (KHTML, like Gecko; compatible; bingbot/2.0; +http://www.bing.com/bingbot.htm) Chrome/116.0.1938.76 Safari/537.36"
52.167.144.176 - - [27/Jul/2025:10:13:16 +0000] "GET /shopdetail/10676979 HTTP/2.0" 200 17964 "-" "Mozilla/5.0 AppleWebKit/537.36 (KHTML, like Gecko; compatible; bingbot/2.0; +http://www.bing.com/bingbot.htm) Chrome/116.0.1938.76 Safari/537.36"
52.167.144.176 - - [27/Jul/2025:10:15:15 +0000] "GET /shopdetail/10063102/ HTTP/2.0" 301 363 "-" "Mozilla/5.0 AppleWebKit/537.36 (KHTML, like Gecko; compatible; bingbot/2.0; +http://www.bing.com/bingbot.htm) Chrome/116.0.1938.76 Safari/537.36"
52.167.144.176 - - [27/Jul/2025:10:15:16 +0000] "GET /shopdetail/10063102 HTTP/2.0" 200 17963 "-" "Mozilla/5.0 AppleWebKit/537.36 (KHTML, like Gecko; compatible; bingbot/2.0; +http://www.bing.com/bingbot.htm) Chrome/116.0.1938.76 Safari/537.36"
207.46.13.83 - - [27/Jul/2025:10:16:00 +0000] "GET /shopdetail/10092557/ HTTP/2.0" 301 364 "-" "Mozilla/5.0 AppleWebKit/537.36 (KHTML, like Gecko; compatible; bingbot/2.0; +http://www.bing.com/bingbot.htm) Chrome/116.0.1938.76 Safari/537.36"
207.46.13.83 - - [27/Jul/2025:10:16:01 +0000] "GET /shopdetail/10092557 HTTP/2.0" 200 18469 "-" "Mozilla/5.0 AppleWebKit/537.36 (KHTML, like Gecko; compatible; bingbot/2.0; +http://www.bing.com/bingbot.htm) Chrome/116.0.1938.76 Safari/537.36"
207.46.13.83 - - [27/Jul/2025:10:16:03 +0000] "GET /product/edit/84480228 HTTP/2.0" 200 18011 "-" "Mozilla/5.0 AppleWebKit/537.36 (KHTML, like Gecko; compatible; bingbot/2.0; +http://www.bing.com/bingbot.htm) Chrome/116.0.1938.76 Safari/537.36"
20.15.133.174 - - [27/Jul/2025:10:16:22 +0000] "GET /pcmypage?callback=product/review/94321179 HTTP/2.0" 200 19514 "-" "Mozilla/5.0 AppleWebKit/537.36 (KHTML, like Gecko; compatible; bingbot/2.0; +http://www.bing.com/bingbot.htm) Chrome/116.0.1938.76 Safari/537.36"
20.15.133.184 - - [27/Jul/2025:10:16:31 +0000] "GET /shopdetail/17538268/ HTTP/2.0" 301 364 "-" "Mozilla/5.0 AppleWebKit/537.36 (KHTML, like Gecko; compatible; bingbot/2.0; +http://www.bing.com/bingbot.htm) Chrome/116.0.1938.76 Safari/537.36"
207.46.13.83 - - [27/Jul/2025:10:16:41 +0000] "GET /product/edit/30931490 HTTP/2.0" 200 18633 "-" "Mozilla/5.0 AppleWebKit/537.36 (KHTML, like Gecko; compatible; bingbot/2.0; +http://www.bing.com/bingbot.htm) Chrome/116.0.1938.76 Safari/537.36"
207.46.13.83 - - [27/Jul/2025:10:16:43 +0000] "GET /product/edit/27240792 HTTP/2.0" 200 18107 "-" "Mozilla/5.0 AppleWebKit/537.36 (KHTML, like Gecko; compatible; bingbot/2.0; +http://www.bing.com/bingbot.htm) Chrome/116.0.1938.76 Safari/537.36"
207.46.13.83 - - [27/Jul/2025:10:18:51 +0000] "GET /product/edit/41036106 HTTP/2.0" 200 18933 "-" "Mozilla/5.0 AppleWebKit/537.36 (KHTML, like Gecko; compatible; bingbot/2.0; +http://www.bing.com/bingbot.htm) Chrome/116.0.1938.76 Safari/537.36"
66.249.79.130 - - [27/Jul/2025:10:20:23 +0000] "GET /shopdetail/19504746 HTTP/1.1" 200 21878 "-" "Mozilla/5.0 (Linux; Android 6.0.1; Nexus 5X Build/MMB29P) AppleWebKit/537.36 (KHTML, like Gecko) Chrome/137.0.7151.103 Mobile Safari/537.36 (compatible; Googlebot/2.1; +http://www.google.com/bot.html)"
207.46.13.83 - - [27/Jul/2025:10:22:01 +0000] "GET /product/edit/64614979 HTTP/2.0" 200 17674 "-" "Mozilla/5.0 AppleWebKit/537.36 (KHTML, like Gecko; compatible; bingbot/2.0; +http://www.bing.com/bingbot.htm) Chrome/116.0.1938.76 Safari/537.36"
8.217.212.62 - - [27/Jul/2025:10:23:15 +0000] "GET /robots.txt HTTP/1.1" 404 3705 "-" "AliyunSecBot/Aliyun (AliyunSecBot@service.alibaba.com)"
8.217.212.96 - - [27/Jul/2025:10:23:15 +0000] "GET /shopdetail/3375957 HTTP/1.1" 404 7203 "-" "AliyunSecBot/Aliyun (AliyunSecBot@service.alibaba.com)"
52.167.144.138 - - [27/Jul/2025:10:23:27 +0000] "GET /shopdetail/10416657/ HTTP/2.0" 301 364 "-" "Mozilla/5.0 AppleWebKit/537.36 (KHTML, like Gecko; compatible; bingbot/2.0; +http://www.bing.com/bingbot.htm) Chrome/116.0.1938.76 Safari/537.36"
52.167.144.138 - - [27/Jul/2025:10:23:29 +0000] "GET /shopdetail/10416657 HTTP/2.0" 200 18646 "-" "Mozilla/5.0 AppleWebKit/537.36 (KHTML, like Gecko; compatible; bingbot/2.0; +http://www.bing.com/bingbot.htm) Chrome/116.0.1938.76 Safari/537.36"
207.46.13.6 - - [27/Jul/2025:10:23:54 +0000] "GET /product/edit/53502795 HTTP/2.0" 200 18265 "-" "Mozilla/5.0 AppleWebKit/537.36 (KHTML, like Gecko; compatible; bingbot/2.0; +http://www.bing.com/bingbot.htm) Chrome/116.0.1938.76 Safari/537.36"
207.46.13.6 - - [27/Jul/2025:10:23:56 +0000] "GET /shopdetail/10448968/ HTTP/2.0" 301 358 "-" "Mozilla/5.0 AppleWebKit/537.36 (KHTML, like Gecko; compatible; bingbot/2.0; +http://www.bing.com/bingbot.htm) Chrome/116.0.1938.76 Safari/537.36"
207.46.13.6 - - [27/Jul/2025:10:23:57 +0000] "GET /shopdetail/10448968 HTTP/2.0" 200 18289 "-" "Mozilla/5.0 AppleWebKit/537.36 (KHTML, like Gecko; compatible; bingbot/2.0; +http://www.bing.com/bingbot.htm) Chrome/116.0.1938.76 Safari/537.36"
66.249.79.130 - - [27/Jul/2025:10:24:23 +0000] "GET /shopdetail/20215824/ HTTP/1.1" 301 3835 "-" "Mozilla/5.0 (Linux; Android 6.0.1; Nexus 5X Build/MMB29P) AppleWebKit/537.36 (KHTML, like Gecko) Chrome/137.0.7151.103 Mobile Safari/537.36 (compatible; Googlebot/2.1; +http://www.google.com/bot.html)"
66.249.79.130 - - [27/Jul/2025:10:24:24 +0000] "GET /shopdetail/20215824 HTTP/1.1" 200 18309 "-" "Mozilla/5.0 (Linux; Android 6.0.1; Nexus 5X Build/MMB29P) AppleWebKit/537.36 (KHTML, like Gecko) Chrome/137.0.7151.103 Mobile Safari/537.36 (compatible; Googlebot/2.1; +http://www.google.com/bot.html)"
66.249.79.131 - - [27/Jul/2025:10:24:25 +0000] "GET /shopdetail/22775024/ HTTP/1.1" 301 519 "-" "Mozilla/5.0 (Linux; Android 6.0.1; Nexus 5X Build/MMB29P) AppleWebKit/537.36 (KHTML, like Gecko) Chrome/137.0.7151.103 Mobile Safari/537.36 (compatible; Googlebot/2.1; +http://www.google.com/bot.html)"
66.249.79.129 - - [27/Jul/2025:10:24:26 +0000] "GET /shopdetail/22775024 HTTP/1.1" 200 18094 "-" "Mozilla/5.0 (Linux; Android 6.0.1; Nexus 5X Build/MMB29P) AppleWebKit/537.36 (KHTML, like Gecko) Chrome/137.0.7151.103 Mobile Safari/537.36 (compatible; Googlebot/2.1; +http://www.google.com/bot.html)"
157.55.39.63 - - [27/Jul/2025:10:26:02 +0000] "GET /product/edit/73788403 HTTP/2.0" 200 18972 "-" "Mozilla/5.0 AppleWebKit/537.36 (KHTML, like Gecko; compatible; bingbot/2.0; +http://www.bing.com/bingbot.htm) Chrome/116.0.1938.76 Safari/537.36"
52.167.144.138 - - [27/Jul/2025:10:27:37 +0000] "GET /product/edit/36002313 HTTP/2.0" 200 18433 "-" "Mozilla/5.0 AppleWebKit/537.36 (KHTML, like Gecko; compatible; bingbot/2.0; +http://www.bing.com/bingbot.htm) Chrome/116.0.1938.76 Safari/537.36"
52.167.144.138 - - [27/Jul/2025:10:27:57 +0000] "GET /product/edit/10016083 HTTP/2.0" 200 18037 "-" "Mozilla/5.0 AppleWebKit/537.36 (KHTML, like Gecko; compatible; bingbot/2.0; +http://www.bing.com/bingbot.htm) Chrome/116.0.1938.76 Safari/537.36"
52.167.144.138 - - [27/Jul/2025:10:27:59 +0000] "GET /product/edit/51509852 HTTP/2.0" 200 18513 "-" "Mozilla/5.0 AppleWebKit/537.36 (KHTML, like Gecko; compatible; bingbot/2.0; +http://www.bing.com/bingbot.htm) Chrome/116.0.1938.76 Safari/537.36"
52.167.144.138 - - [27/Jul/2025:10:28:00 +0000] "GET /product/edit/55602168 HTTP/2.0" 200 18934 "-" "Mozilla/5.0 AppleWebKit/537.36 (KHTML, like Gecko; compatible; bingbot/2.0; +http://www.bing.com/bingbot.htm) Chrome/116.0.1938.76 Safari/537.36"
66.249.79.131 - - [27/Jul/2025:10:28:19 +0000] "GET /shopdetail/13230868 HTTP/1.1" 200 22313 "-" "Mozilla/5.0 (Linux; Android 6.0.1; Nexus 5X Build/MMB29P) AppleWebKit/537.36 (KHTML, like Gecko) Chrome/137.0.7151.103 Mobile Safari/537.36 (compatible; Googlebot/2.1; +http://www.google.com/bot.html)"
66.249.79.131 - - [27/Jul/2025:10:29:01 +0000] "GET /shopdetail/29584213 HTTP/1.1" 200 22997 "-" "Mozilla/5.0 (Linux; Android 6.0.1; Nexus 5X Build/MMB29P) AppleWebKit/537.36 (KHTML, like Gecko) Chrome/137.0.7151.103 Mobile Safari/537.36 (compatible; Googlebot/2.1; +http://www.google.com/bot.html)"
157.55.39.63 - - [27/Jul/2025:10:29:52 +0000] "GET /product/edit/12310960 HTTP/2.0" 200 17883 "-" "Mozilla/5.0 AppleWebKit/537.36 (KHTML, like Gecko; compatible; bingbot/2.0; +http://www.bing.com/bingbot.htm) Chrome/116.0.1938.76 Safari/537.36"
157.55.39.63 - - [27/Jul/2025:10:33:03 +0000] "GET /product/edit/79505693 HTTP/2.0" 200 18792 "-" "Mozilla/5.0 AppleWebKit/537.36 (KHTML, like Gecko; compatible; bingbot/2.0; +http://www.bing.com/bingbot.htm) Chrome/116.0.1938.76 Safari/537.36"
40.77.167.68 - - [27/Jul/2025:10:33:37 +0000] "GET /product/edit/92459512 HTTP/2.0" 200 18503 "-" "Mozilla/5.0 AppleWebKit/537.36 (KHTML, like Gecko; compatible; bingbot/2.0; +http://www.bing.com/bingbot.htm) Chrome/116.0.1938.76 Safari/537.36"
40.77.167.68 - - [27/Jul/2025:10:35:08 +0000] "GET /product/edit/88114988 HTTP/2.0" 200 17936 "-" "Mozilla/5.0 AppleWebKit/537.36 (KHTML, like Gecko; compatible; bingbot/2.0; +http://www.bing.com/bingbot.htm) Chrome/116.0.1938.76 Safari/537.36"
40.77.167.68 - - [27/Jul/2025:10:35:09 +0000] "GET /shopdetail/10658757/ HTTP/2.0" 301 358 "-" "Mozilla/5.0 AppleWebKit/537.36 (KHTML, like Gecko; compatible; bingbot/2.0; +http://www.bing.com/bingbot.htm) Chrome/116.0.1938.76 Safari/537.36"
40.77.167.68 - - [27/Jul/2025:10:35:10 +0000] "GET /shopdetail/10658757 HTTP/2.0" 200 18151 "-" "Mozilla/5.0 AppleWebKit/537.36 (KHTML, like Gecko; compatible; bingbot/2.0; +http://www.bing.com/bingbot.htm) Chrome/116.0.1938.76 Safari/537.36"
157.55.39.63 - - [27/Jul/2025:10:35:12 +0000] "GET /shopdetail/10632691/ HTTP/2.0" 301 364 "-" "Mozilla/5.0 AppleWebKit/537.36 (KHTML, like Gecko; compatible; bingbot/2.0; +http://www.bing.com/bingbot.htm) Chrome/116.0.1938.76 Safari/537.36"
157.55.39.63 - - [27/Jul/2025:10:35:16 +0000] "GET /shopdetail/10632691 HTTP/2.0" 200 18407 "-" "Mozilla/5.0 AppleWebKit/537.36 (KHTML, like Gecko; compatible; bingbot/2.0; +http://www.bing.com/bingbot.htm) Chrome/116.0.1938.76 Safari/537.36"
66.249.79.131 - - [27/Jul/2025:10:35:16 +0000] "GET /shopdetail/13565257 HTTP/1.1" 200 21525 "-" "Mozilla/5.0 (Linux; Android 6.0.1; Nexus 5X Build/MMB29P) AppleWebKit/537.36 (KHTML, like Gecko) Chrome/137.0.7151.103 Mobile Safari/537.36 (compatible; Googlebot/2.1; +http://www.google.com/bot.html)"
157.55.39.51 - - [27/Jul/2025:10:35:56 +0000] "GET /shopdetail/6900380/ HTTP/2.0" 301 364 "-" "Mozilla/5.0 AppleWebKit/537.36 (KHTML, like Gecko; compatible; bingbot/2.0; +http://www.bing.com/bingbot.htm) Chrome/116.0.1938.76 Safari/537.36"
157.55.39.51 - - [27/Jul/2025:10:35:57 +0000] "GET /shopdetail/6900380 HTTP/2.0" 200 18738 "-" "Mozilla/5.0 AppleWebKit/537.36 (KHTML, like Gecko; compatible; bingbot/2.0; +http://www.bing.com/bingbot.htm) Chrome/116.0.1938.76 Safari/537.36"
157.55.39.63 - - [27/Jul/2025:10:36:12 +0000] "GET /product/edit/81410677 HTTP/2.0" 200 19306 "-" "Mozilla/5.0 AppleWebKit/537.36 (KHTML, like Gecko; compatible; bingbot/2.0; +http://www.bing.com/bingbot.htm) Chrome/116.0.1938.76 Safari/537.36"
40.77.167.68 - - [27/Jul/2025:10:37:49 +0000] "GET /hobby/nuigurumi/nuigurumi.html HTTP/2.0" 200 18032 "-" "Mozilla/5.0 AppleWebKit/537.36 (KHTML, like Gecko; compatible; bingbot/2.0; +http://www.bing.com/bingbot.htm) Chrome/116.0.1938.76 Safari/537.36"
157.55.39.13 - - [27/Jul/2025:10:37:54 +0000] "GET /product/edit/91698509 HTTP/2.0" 200 18000 "-" "Mozilla/5.0 AppleWebKit/537.36 (KHTML, like Gecko; compatible; bingbot/2.0; +http://www.bing.com/bingbot.htm) Chrome/116.0.1938.76 Safari/537.36"
66.249.79.130 - - [27/Jul/2025:10:38:52 +0000] "POST /get-message-notify HTTP/1.1" 200 21779 "https://www.bizcards.co.in/shopdetail/29584213" "Mozilla/5.0 (Linux; Android 6.0.1; Nexus 5X Build/MMB29P) AppleWebKit/537.36 (KHTML, like Gecko) Chrome/137.0.7151.119 Mobile Safari/537.36 (compatible; Googlebot/2.1; +http://www.google.com/bot.html)"
157.55.39.13 - - [27/Jul/2025:10:39:23 +0000] "GET /product/edit/46227670 HTTP/2.0" 200 18120 "-" "Mozilla/5.0 AppleWebKit/537.36 (KHTML, like Gecko; compatible; bingbot/2.0; +http://www.bing.com/bingbot.htm) Chrome/116.0.1938.76 Safari/537.36"
40.77.167.68 - - [27/Jul/2025:10:40:38 +0000] "GET /product/edit/38268544 HTTP/2.0" 200 18964 "-" "Mozilla/5.0 AppleWebKit/537.36 (KHTML, like Gecko; compatible; bingbot/2.0; +http://www.bing.com/bingbot.htm) Chrome/116.0.1938.76 Safari/537.36"
40.77.167.68 - - [27/Jul/2025:10:41:38 +0000] "GET /shopdetail/10595957/ HTTP/2.0" 301 364 "-" "Mozilla/5.0 AppleWebKit/537.36 (KHTML, like Gecko; compatible; bingbot/2.0; +http://www.bing.com/bingbot.htm) Chrome/116.0.1938.76 Safari/537.36"
40.77.167.68 - - [27/Jul/2025:10:41:38 +0000] "GET /shopdetail/10595957 HTTP/2.0" 200 18543 "-" "Mozilla/5.0 AppleWebKit/537.36 (KHTML, like Gecko; compatible; bingbot/2.0; +http://www.bing.com/bingbot.htm) Chrome/116.0.1938.76 Safari/537.36"
66.249.79.129 - - [27/Jul/2025:10:42:25 +0000] "GET /shopdetail/26611968 HTTP/1.1" 200 22191 "-" "Mozilla/5.0 (Linux; Android 6.0.1; Nexus 5X Build/MMB29P) AppleWebKit/537.36 (KHTML, like Gecko) Chrome/137.0.7151.103 Mobile Safari/537.36 (compatible; Googlebot/2.1; +http://www.google.com/bot.html)"
157.55.39.13 - - [27/Jul/2025:10:44:03 +0000] "GET /product/edit/45677808 HTTP/2.0" 200 19187 "-" "Mozilla/5.0 AppleWebKit/537.36 (KHTML, like Gecko; compatible; bingbot/2.0; +http://www.bing.com/bingbot.htm) Chrome/116.0.1938.76 Safari/537.36"
157.55.39.51 - - [27/Jul/2025:10:44:08 +0000] "GET /shopdetail/22892224/ HTTP/2.0" 301 364 "-" "Mozilla/5.0 AppleWebKit/537.36 (KHTML, like Gecko; compatible; bingbot/2.0; +http://www.bing.com/bingbot.htm) Chrome/116.0.1938.76 Safari/537.36"
157.55.39.51 - - [27/Jul/2025:10:44:08 +0000] "GET /shopdetail/22892224 HTTP/2.0" 200 18192 "-" "Mozilla/5.0 AppleWebKit/537.36 (KHTML, like Gecko; compatible; bingbot/2.0; +http://www.bing.com/bingbot.htm) Chrome/116.0.1938.76 Safari/537.36"
207.46.13.14 - - [27/Jul/2025:10:44:37 +0000] "GET /shopdetail/10307668/ HTTP/2.0" 301 365 "-" "Mozilla/5.0 AppleWebKit/537.36 (KHTML, like Gecko; compatible; bingbot/2.0; +http://www.bing.com/bingbot.htm) Chrome/116.0.1938.76 Safari/537.36"
207.46.13.14 - - [27/Jul/2025:10:44:38 +0000] "GET /shopdetail/10307668 HTTP/2.0" 200 18736 "-" "Mozilla/5.0 AppleWebKit/537.36 (KHTML, like Gecko; compatible; bingbot/2.0; +http://www.bing.com/bingbot.htm) Chrome/116.0.1938.76 Safari/537.36"
52.167.144.169 - - [27/Jul/2025:10:44:41 +0000] "GET /product/edit/78539854 HTTP/2.0" 200 18832 "-" "Mozilla/5.0 AppleWebKit/537.36 (KHTML, like Gecko; compatible; bingbot/2.0; +http://www.bing.com/bingbot.htm) Chrome/116.0.1938.76 Safari/537.36"
207.46.13.127 - - [27/Jul/2025:10:48:13 +0000] "GET /product/edit/95727300 HTTP/2.0" 200 18924 "-" "Mozilla/5.0 AppleWebKit/537.36 (KHTML, like Gecko; compatible; bingbot/2.0; +http://www.bing.com/bingbot.htm) Chrome/116.0.1938.76 Safari/537.36"
207.46.13.127 - - [27/Jul/2025:10:48:14 +0000] "GET /product/edit/95528619 HTTP/2.0" 200 18451 "-" "Mozilla/5.0 AppleWebKit/537.36 (KHTML, like Gecko; compatible; bingbot/2.0; +http://www.bing.com/bingbot.htm) Chrome/116.0.1938.76 Safari/537.36"
66.249.79.130 - - [27/Jul/2025:10:49:10 +0000] "POST /get-message-notify HTTP/1.1" 200 21779 "https://www.bizcards.co.in/product/edit/30241861" "Mozilla/5.0 (Linux; Android 6.0.1; Nexus 5X Build/MMB29P) AppleWebKit/537.36 (KHTML, like Gecko) Chrome/137.0.7151.119 Mobile Safari/537.36 (compatible; Googlebot/2.1; +http://www.google.com/bot.html)"
52.167.144.169 - - [27/Jul/2025:10:49:19 +0000] "GET /product/edit/43243508 HTTP/2.0" 200 18083 "-" "Mozilla/5.0 AppleWebKit/537.36 (KHTML, like Gecko; compatible; bingbot/2.0; +http://www.bing.com/bingbot.htm) Chrome/116.0.1938.76 Safari/537.36"
8.217.208.219 - - [27/Jul/2025:10:49:50 +0000] "GET /shopdetail/17187268 HTTP/1.1" 404 10187 "-" "AliyunSecBot/Aliyun (AliyunSecBot@service.alibaba.com)"
8.217.189.110 - - [27/Jul/2025:10:49:58 +0000] "GET /shopdetail/26439524 HTTP/1.1" 404 7203 "-" "AliyunSecBot/Aliyun (AliyunSecBot@service.alibaba.com)"
66.249.79.129 - - [27/Jul/2025:10:50:23 +0000] "GET /shopdetail/7103224 HTTP/1.1" 200 21822 "-" "Mozilla/5.0 (Linux; Android 6.0.1; Nexus 5X Build/MMB29P) AppleWebKit/537.36 (KHTML, like Gecko) Chrome/137.0.7151.103 Mobile Safari/537.36 (compatible; Googlebot/2.1; +http://www.google.com/bot.html)"
207.46.13.14 - - [27/Jul/2025:10:51:18 +0000] "GET /product/edit/50046105 HTTP/2.0" 200 19084 "-" "Mozilla/5.0 AppleWebKit/537.36 (KHTML, like Gecko; compatible; bingbot/2.0; +http://www.bing.com/bingbot.htm) Chrome/116.0.1938.76 Safari/537.36"
207.46.13.127 - - [27/Jul/2025:10:53:55 +0000] "GET /shopdetail/10431691/ HTTP/2.0" 301 365 "-" "Mozilla/5.0 AppleWebKit/537.36 (KHTML, like Gecko; compatible; bingbot/2.0; +http://www.bing.com/bingbot.htm) Chrome/116.0.1938.76 Safari/537.36"
207.46.13.127 - - [27/Jul/2025:10:53:56 +0000] "GET /shopdetail/10431691 HTTP/2.0" 200 18655 "-" "Mozilla/5.0 AppleWebKit/537.36 (KHTML, like Gecko; compatible; bingbot/2.0; +http://www.bing.com/bingbot.htm) Chrome/116.0.1938.76 Safari/537.36"
66.249.79.129 - - [27/Jul/2025:10:55:25 +0000] "GET /shopdetail/14232180 HTTP/1.1" 200 21640 "-" "Mozilla/5.0 (Linux; Android 6.0.1; Nexus 5X Build/MMB29P) AppleWebKit/537.36 (KHTML, like Gecko) Chrome/137.0.7151.103 Mobile Safari/537.36 (compatible; Googlebot/2.1; +http://www.google.com/bot.html)"
8.217.210.220 - - [27/Jul/2025:10:56:40 +0000] "GET /shopdetail/6526913 HTTP/1.1" 404 10187 "-" "AliyunSecBot/Aliyun (AliyunSecBot@service.alibaba.com)"
207.46.13.64 - - [27/Jul/2025:10:59:58 +0000] "GET /product/edit/43426723 HTTP/2.0" 200 18326 "-" "Mozilla/5.0 AppleWebKit/537.36 (KHTML, like Gecko; compatible; bingbot/2.0; +http://www.bing.com/bingbot.htm) Chrome/116.0.1938.76 Safari/537.36"
